54.37.252.46 - - [19/Jul/2025:20:37:04 +0000] "GET /pages/19595-wood-lane-timber-merchants-ltd.html HTTP/1.1" 301 284 "-" "Mozilla/5.0 (compatible; MJ12bot/v1.4.8; http://mj12bot.com/)"
54.37.252.46 - - [19/Jul/2025:20:37:07 +0000] "GET /pages/19598-turnbull-bathroom-kitchens.html HTTP/1.1" 301 280 "-" "Mozilla/5.0 (compatible; MJ12bot/v1.4.8; http://mj12bot.com/)"
54.37.252.46 - - [19/Jul/2025:20:37:10 +0000] "GET /pages/19599-hydropath-technology-ltd.html HTTP/1.1" 301 278 "-" "Mozilla/5.0 (compatible; MJ12bot/v1.4.8; http://mj12bot.com/)"
54.37.252.46 - - [19/Jul/2025:20:37:13 +0000] "GET /pages/19603-focus-label.html HTTP/1.1" 301 265 "-" "Mozilla/5.0 (compatible; MJ12bot/v1.4.8; http://mj12bot.com/)"
85.208.98.23 - - [19/Jul/2025:20:37:14 +0000] "GET /robots.txt HTTP/1.1" 301 247 "-" "Mozilla/5.0 (compatible; SemrushBot-BA; +http://www.semrush.com/bot.html)"
85.208.98.23 - - [19/Jul/2025:20:37:15 +0000] "GET /robots.txt HTTP/1.1" 301 243 "-" "Mozilla/5.0 (compatible; SemrushBot-BA; +http://www.semrush.com/bot.html)"
54.37.252.46 - - [19/Jul/2025:20:37:17 +0000] "GET /pages/19604-russell-francis.html HTTP/1.1" 301 269 "-" "Mozilla/5.0 (compatible; MJ12bot/v1.4.8; http://mj12bot.com/)"
54.37.252.46 - - [19/Jul/2025:20:37:20 +0000] "GET /pages/19716-ecohomeinsulation.html HTTP/1.1" 301 271 "-" "Mozilla/5.0 (compatible; MJ12bot/v1.4.8; http://mj12bot.com/)"
54.37.252.46 - - [19/Jul/2025:20:37:23 +0000] "GET /pages/19717-evans-removals.html HTTP/1.1" 301 268 "-" "Mozilla/5.0 (compatible; MJ12bot/v1.4.8; http://mj12bot.com/)"
54.37.252.46 - - [19/Jul/2025:20:37:27 +0000] "GET /pages/19915-southpaw-uk.html HTTP/1.1" 301 265 "-" "Mozilla/5.0 (compatible; MJ12bot/v1.4.8; http://mj12bot.com/)"
54.37.252.46 - - [19/Jul/2025:20:37:30 +0000] "GET /pages/19946-plumbing-for-less.html HTTP/1.1" 301 271 "-" "Mozilla/5.0 (compatible; MJ12bot/v1.4.8; http://mj12bot.com/)"
54.37.252.46 - - [19/Jul/2025:20:37:33 +0000] "GET /pages/20130-style-crown-ltd.html HTTP/1.1" 301 269 "-" "Mozilla/5.0 (compatible; MJ12bot/v1.4.8; http://mj12bot.com/)"
54.37.252.46 - - [19/Jul/2025:20:37:36 +0000] "GET /pages/20255-confidental-dental-clinic-wimbledon.html HTTP/1.1" 301 289 "-" "Mozilla/5.0 (compatible; MJ12bot/v1.4.8; http://mj12bot.com/)"
54.37.252.46 - - [19/Jul/2025:20:37:39 +0000] "GET /pages/20478-via-fosa.html HTTP/1.1" 301 262 "-" "Mozilla/5.0 (compatible; MJ12bot/v1.4.8; http://mj12bot.com/)"
54.37.252.46 - - [19/Jul/2025:20:37:42 +0000] "GET /pages/20833-parklaneescorts.html HTTP/1.1" 301 269 "-" "Mozilla/5.0 (compatible; MJ12bot/v1.4.8; http://mj12bot.com/)"
54.37.252.46 - - [19/Jul/2025:20:37:46 +0000] "GET /pages/21108-kalsun-aluminium.html HTTP/1.1" 301 270 "-" "Mozilla/5.0 (compatible; MJ12bot/v1.4.8; http://mj12bot.com/)"
54.37.252.46 - - [19/Jul/2025:20:37:49 +0000] "GET /pages/21117-great-2-vape.html HTTP/1.1" 301 266 "-" "Mozilla/5.0 (compatible; MJ12bot/v1.4.8; http://mj12bot.com/)"
54.37.252.46 - - [19/Jul/2025:20:37:52 +0000] "GET /pages/21118-aynsley-insurance.html HTTP/1.1" 301 271 "-" "Mozilla/5.0 (compatible; MJ12bot/v1.4.8; http://mj12bot.com/)"
54.37.252.46 - - [19/Jul/2025:20:37:55 +0000] "GET /pages/21710-first-mortgage-ne.html HTTP/1.1" 301 271 "-" "Mozilla/5.0 (compatible; MJ12bot/v1.4.8; http://mj12bot.com/)"
54.37.252.46 - - [19/Jul/2025:20:37:59 +0000] "GET /pages/21713-factoring-solutions.html HTTP/1.1" 301 273 "-" "Mozilla/5.0 (compatible; MJ12bot/v1.4.8; http://mj12bot.com/)"
54.37.252.46 - - [19/Jul/2025:20:38:02 +0000] "GET /pages/21951-yellow-power.html HTTP/1.1" 301 266 "-" "Mozilla/5.0 (compatible; MJ12bot/v1.4.8; http://mj12bot.com/)"
54.37.252.46 - - [19/Jul/2025:20:38:05 +0000] "GET /pages/23102-funkyheat-ltd.html HTTP/1.1" 301 267 "-" "Mozilla/5.0 (compatible; MJ12bot/v1.4.8; http://mj12bot.com/)"
198.240.109.158 - - [19/Jul/2025:20:38:54 +0000] "GET /members/uploads/1/5439_1.jpg HTTP/1.1" 301 265 "https://www.google.com/" "Mozilla/5.0 (Windows NT 10.0; Win64; x64; rv:114.0) Gecko/20100101 Firefox/114.0"
147.185.132.52 - - [19/Jul/2025:20:39:12 +0000] "GET / HTTP/1.0" 301 217 "-" "Hello from Palo Alto Networks, find out more about our scans in https://docs-cortex.paloaltonetworks.com/r/1/Cortex-Xpanse/Scanning-activity"
69.162.124.235 - - [19/Jul/2025:20:41:23 +0000] "HEAD / HTTP/1.1" 301 - "http://yellowleaf.co.uk" "Mozilla/5.0+(compatible; UptimeRobot/2.0; http://www.uptimerobot.com/)"
52.12.33.175 - - [19/Jul/2025:20:41:48 +0000] "GET /robots.txt HTTP/1.1" 301 247 "-" "HawaiiBot"
216.144.248.21 - - [19/Jul/2025:20:46:29 +0000] "HEAD / HTTP/1.1" 301 - "http://yellowleaf.co.uk" "Mozilla/5.0+(compatible; UptimeRobot/2.0; http://www.uptimerobot.com/)"
134.209.209.253 - - [19/Jul/2025:20:51:06 +0000] "GET / HTTP/1.1" 301 233 "-" "Mozilla/5.0 (X11; Linux x86_64) AppleWebKit/537.36 (KHTML, like Gecko) Chrome/72.0.3626.121 Safari/537.36"
134.209.209.253 - - [19/Jul/2025:20:51:11 +0000] "GET /favicon.ico HTTP/1.1" 301 244 "-" "Mozilla/5.0 (X11; Linux x86_64) AppleWebKit/537.36 (KHTML, like Gecko) Chrome/72.0.3626.121 Safari/537.36"
134.209.209.253 - - [19/Jul/2025:20:51:17 +0000] "GET /robots.txt HTTP/1.1" 301 243 "-" "Mozilla/5.0 (X11; Linux x86_64) AppleWebKit/537.36 (KHTML, like Gecko) Chrome/72.0.3626.121 Safari/537.36"
216.144.248.30 - - [19/Jul/2025:20:51:33 +0000] "HEAD / HTTP/1.1" 301 - "http://yellowleaf.co.uk" "Mozilla/5.0+(compatible; UptimeRobot/2.0; http://www.uptimerobot.com/)"
208.76.40.194 - - [19/Jul/2025:20:54:00 +0000] "GET /wp-login.php HTTP/1.1" 301 245 "-" "Mozilla/5.0"
194.50.16.252 - - [19/Jul/2025:20:54:25 +0000] "GET /_ignition/health-check HTTP/1.1" 301 252 "-" "Mozilla/5.0 (Macintosh; Intel Mac OS X 14) AppleWebKit/616.21 (KHTML, like Gecko) Version/17.0 Safari/616.21"
216.144.248.28 - - [19/Jul/2025:20:56:38 +0000] "HEAD / HTTP/1.1" 301 - "http://yellowleaf.co.uk" "Mozilla/5.0+(compatible; UptimeRobot/2.0; http://www.uptimerobot.com/)"
167.160.34.162 - - [19/Jul/2025:20:56:40 +0000] "GET /members/uploads/2/16813_2.jpg HTTP/1.1" 301 266 "https://www.google.com/" "Mozilla/5.0 (Macintosh; Intel Mac OS X 10_15_7) AppleWebKit/605.1.15 (KHTML, like Gecko) Version/14.0.3 Safari/605.1.15"
206.41.170.93 - - [19/Jul/2025:20:57:00 +0000] "GET /members/uploads/3/1812_3.jpg HTTP/1.1" 301 265 "https://www.google.com/" "Mozilla/5.0 (Windows NT 10.0; Win64; x64; rv:114.0) Gecko/20100101 Firefox/114.0"
51.68.107.157 - - [19/Jul/2025:20:57:11 +0000] "GET /robots.txt HTTP/1.1" 301 247 "-" "Mozilla/5.0 (compatible; MJ12bot/v2.0.2; http://mj12bot.com/)"
51.68.107.157 - - [19/Jul/2025:20:57:12 +0000] "GET /pages/27750-stickershop.html HTTP/1.1" 301 265 "-" "Mozilla/5.0 (compatible; MJ12bot/v2.0.2; http://mj12bot.com/)"
204.44.92.204 - - [19/Jul/2025:20:58:43 +0000] "GET /members/uploads/1/13443_1.jpg HTTP/1.1" 301 266 "https://www.google.com/" "Mozilla/5.0 (Macintosh; Intel Mac OS X 10_15_7) AppleWebKit/605.1.15 (KHTML, like Gecko) Version/14.0.3 Safari/605.1.15"
216.144.248.28 - - [19/Jul/2025:21:01:42 +0000] "HEAD / HTTP/1.1" 301 - "http://yellowleaf.co.uk" "Mozilla/5.0+(compatible; UptimeRobot/2.0; http://www.uptimerobot.com/)"
204.76.203.219 - - [19/Jul/2025:21:05:55 +0000] "GET / HTTP/1.1" 301 233 "-" "Mozilla/5.0 (Windows NT 10.0; Win64; x64) AppleWebKit/537.36 (KHTML, like Gecko) Chrome/90.0.4430.85 Safari/537.36 Edg/90.0.818.46"
216.144.248.29 - - [19/Jul/2025:21:06:46 +0000] "HEAD / HTTP/1.1" 301 - "http://yellowleaf.co.uk" "Mozilla/5.0+(compatible; UptimeRobot/2.0; http://www.uptimerobot.com/)"
80.82.77.202 - - [19/Jul/2025:21:06:55 +0000] "\x16\x03\x02\x01o\x01" 403 - "-" "-"
134.209.209.253 - - [19/Jul/2025:21:07:10 +0000] "GET / HTTP/1.1" 301 237 "-" "Mozilla/5.0 (X11; Linux x86_64) AppleWebKit/537.36 (KHTML, like Gecko) Chrome/72.0.3626.121 Safari/537.36"
134.209.209.253 - - [19/Jul/2025:21:07:16 +0000] "GET /favicon.ico HTTP/1.1" 301 248 "-" "Mozilla/5.0 (X11; Linux x86_64) AppleWebKit/537.36 (KHTML, like Gecko) Chrome/72.0.3626.121 Safari/537.36"
134.209.209.253 - - [19/Jul/2025:21:07:22 +0000] "GET /robots.txt HTTP/1.1" 301 247 "-" "Mozilla/5.0 (X11; Linux x86_64) AppleWebKit/537.36 (KHTML, like Gecko) Chrome/72.0.3626.121 Safari/537.36"
40.77.167.7 - - [19/Jul/2025:21:07:41 +0000] "GET /members/uploads/4/15279_4.png HTTP/1.1" 301 266 "-" "Mozilla/5.0 (Windows NT 6.1; WOW64) AppleWebKit/534+ (KHTML, like Gecko) BingPreview/1.0b"
216.144.248.26 - - [19/Jul/2025:21:11:52 +0000] "HEAD / HTTP/1.1" 301 - "http://yellowleaf.co.uk" "Mozilla/5.0+(compatible; UptimeRobot/2.0; http://www.uptimerobot.com/)"
134.209.209.253 - - [19/Jul/2025:21:15:10 +0000] "GET / HTTP/1.1" 301 237 "-" "Mozilla/5.0 (X11; Linux x86_64) AppleWebKit/537.36 (KHTML, like Gecko) Chrome/72.0.3626.121 Safari/537.36"
134.209.209.253 - - [19/Jul/2025:21:15:14 +0000] "GET /favicon.ico HTTP/1.1" 301 248 "-" "Mozilla/5.0 (X11; Linux x86_64) AppleWebKit/537.36 (KHTML, like Gecko) Chrome/72.0.3626.121 Safari/537.36"
134.209.209.253 - - [19/Jul/2025:21:15:15 +0000] "GET /robots.txt HTTP/1.1" 301 247 "-" "Mozilla/5.0 (X11; Linux x86_64) AppleWebKit/537.36 (KHTML, like Gecko) Chrome/72.0.3626.121 Safari/537.36"
85.208.98.23 - - [19/Jul/2025:21:15:25 +0000] "GET /robots.txt HTTP/1.1" 301 243 "-" "Mozilla/5.0 (compatible; SemrushBot-BA; +http://www.semrush.com/bot.html)"
85.208.98.23 - - [19/Jul/2025:21:15:25 +0000] "GET /robots.txt HTTP/1.1" 301 247 "-" "Mozilla/5.0 (compatible; SemrushBot-BA; +http://www.semrush.com/bot.html)"
134.209.209.253 - - [19/Jul/2025:21:15:50 +0000] "GET / HTTP/1.1" 301 233 "-" "Mozilla/5.0 (X11; Linux x86_64) AppleWebKit/537.36 (KHTML, like Gecko) Chrome/72.0.3626.121 Safari/537.36"
196.251.118.209 - - [19/Jul/2025:21:15:54 +0000] "GET / HTTP/1.0" 301 217 "-" "ivre-masscan/1.3 https://github.com/robertdavidgraham/"
134.209.209.253 - - [19/Jul/2025:21:15:55 +0000] "GET /favicon.ico HTTP/1.1" 301 244 "-" "Mozilla/5.0 (X11; Linux x86_64) AppleWebKit/537.36 (KHTML, like Gecko) Chrome/72.0.3626.121 Safari/537.36"
134.209.209.253 - - [19/Jul/2025:21:15:55 +0000] "GET /robots.txt HTTP/1.1" 301 243 "-" "Mozilla/5.0 (X11; Linux x86_64) AppleWebKit/537.36 (KHTML, like Gecko) Chrome/72.0.3626.121 Safari/537.36"
216.144.248.22 - - [19/Jul/2025:21:16:57 +0000] "HEAD / HTTP/1.1" 301 - "http://yellowleaf.co.uk" "Mozilla/5.0+(compatible; UptimeRobot/2.0; http://www.uptimerobot.com/)"
186.251.180.67 - - [19/Jul/2025:21:20:49 +0000] "GET / HTTP/1.1" 301 233 "-" "Mozilla/5.0 (Macintosh; Intel Mac OS X 10_11_6) AppleWebKit/601.7.7 (KHTML, like Gecko) Version/9.1.2 Safari/601.7.7"
216.144.248.29 - - [19/Jul/2025:21:22:01 +0000] "HEAD / HTTP/1.1" 301 - "http://yellowleaf.co.uk" "Mozilla/5.0+(compatible; UptimeRobot/2.0; http://www.uptimerobot.com/)"
85.208.98.23 - - [19/Jul/2025:21:23:37 +0000] "GET /robots.txt HTTP/1.1" 301 247 "-" "Mozilla/5.0 (compatible; SemrushBot-BA; +http://www.semrush.com/bot.html)"
85.208.98.23 - - [19/Jul/2025:21:23:37 +0000] "GET /robots.txt HTTP/1.1" 301 243 "-" "Mozilla/5.0 (compatible; SemrushBot-BA; +http://www.semrush.com/bot.html)"
34.12.111.211 - - [19/Jul/2025:21:25:49 +0000] "GET /members/uploads/2/2712_2.jpg HTTP/1.1" 301 265 "-" "Python/3.12 aiohttp/3.12.13"
84.32.42.17 - - [19/Jul/2025:21:25:54 +0000] "GET /members/uploads/3/11269_3.jpg HTTP/1.1" 301 266 "https://www.google.com/" "Mozilla/5.0 (Macintosh; Intel Mac OS X 10_15_7) AppleWebKit/605.1.15 (KHTML, like Gecko) Version/14.0.3 Safari/605.1.15"
216.144.248.21 - - [19/Jul/2025:21:27:05 +0000] "HEAD / HTTP/1.1" 301 - "http://yellowleaf.co.uk" "Mozilla/5.0+(compatible; UptimeRobot/2.0; http://www.uptimerobot.com/)"
185.191.171.8 - - [19/Jul/2025:21:27:26 +0000] "GET /robots.txt HTTP/1.1" 301 247 "-" "Mozilla/5.0 (compatible; SemrushBot/7~bl; +http://www.semrush.com/bot.html)"
185.191.171.7 - - [19/Jul/2025:21:27:32 +0000] "GET /pages/52006-colchester-window-and-door-repairs.html HTTP/1.1" 301 288 "-" "Mozilla/5.0 (compatible; SemrushBot/7~bl; +http://www.semrush.com/bot.html)"
46.44.51.32 - - [19/Jul/2025:21:28:13 +0000] "GET / HTTP/1.0" 301 233 "http://yellowleaf.co.uk/" "Mozilla/5.0 (Windows NT 10.0; Win64; x64) AppleWebKit/537.36 (KHTML, like Gecko) Chrome/130.0.0.0 Safari/537.36"
91.224.92.17 - - [19/Jul/2025:21:29:33 +0000] "GET / HTTP/1.1" 301 233 "-" "-"
185.191.171.15 - - [19/Jul/2025:21:30:27 +0000] "GET /pages/46564-maidenhead-window-and-door-repairs.html HTTP/1.1" 301 288 "-" "Mozilla/5.0 (compatible; SemrushBot/7~bl; +http://www.semrush.com/bot.html)"
134.209.209.253 - - [19/Jul/2025:21:30:47 +0000] "GET / HTTP/1.1" 301 237 "-" "Mozilla/5.0 (X11; Linux x86_64) AppleWebKit/537.36 (KHTML, like Gecko) Chrome/72.0.3626.121 Safari/537.36"
134.209.209.253 - - [19/Jul/2025:21:30:49 +0000] "GET /favicon.ico HTTP/1.1" 301 248 "-" "Mozilla/5.0 (X11; Linux x86_64) AppleWebKit/537.36 (KHTML, like Gecko) Chrome/72.0.3626.121 Safari/537.36"
134.209.209.253 - - [19/Jul/2025:21:30:50 +0000] "GET /robots.txt HTTP/1.1" 301 247 "-" "Mozilla/5.0 (X11; Linux x86_64) AppleWebKit/537.36 (KHTML, like Gecko) Chrome/72.0.3626.121 Safari/537.36"
134.209.209.253 - - [19/Jul/2025:21:31:25 +0000] "GET / HTTP/1.1" 301 233 "-" "Mozilla/5.0 (X11; Linux x86_64) AppleWebKit/537.36 (KHTML, like Gecko) Chrome/72.0.3626.121 Safari/537.36"
134.209.209.253 - - [19/Jul/2025:21:31:27 +0000] "GET /favicon.ico HTTP/1.1" 301 244 "-" "Mozilla/5.0 (X11; Linux x86_64) AppleWebKit/537.36 (KHTML, like Gecko) Chrome/72.0.3626.121 Safari/537.36"
134.209.209.253 - - [19/Jul/2025:21:31:27 +0000] "GET /robots.txt HTTP/1.1" 301 243 "-" "Mozilla/5.0 (X11; Linux x86_64) AppleWebKit/537.36 (KHTML, like Gecko) Chrome/72.0.3626.121 Safari/537.36"
85.208.98.23 - - [19/Jul/2025:21:31:31 +0000] "GET /robots.txt HTTP/1.1" 301 243 "-" "Mozilla/5.0 (compatible; SemrushBot-BA; +http://www.semrush.com/bot.html)"
85.208.98.23 - - [19/Jul/2025:21:31:31 +0000] "GET /robots.txt HTTP/1.1" 301 247 "-" "Mozilla/5.0 (compatible; SemrushBot-BA; +http://www.semrush.com/bot.html)"
112.248.61.101 - - [19/Jul/2025:21:31:51 +0000] "GET /boaform/admin/formLogin?username=user&psd=user HTTP/1.0" 301 267 "-" "-"
216.144.248.25 - - [19/Jul/2025:21:32:11 +0000] "HEAD / HTTP/1.1" 301 - "http://yellowleaf.co.uk" "Mozilla/5.0+(compatible; UptimeRobot/2.0; http://www.uptimerobot.com/)"
134.209.209.253 - - [19/Jul/2025:21:32:13 +0000] "GET / HTTP/1.1" 301 237 "-" "Mozilla/5.0 (X11; Linux x86_64) AppleWebKit/537.36 (KHTML, like Gecko) Chrome/72.0.3626.121 Safari/537.36"
134.209.209.253 - - [19/Jul/2025:21:32:16 +0000] "GET /favicon.ico HTTP/1.1" 301 248 "-" "Mozilla/5.0 (X11; Linux x86_64) AppleWebKit/537.36 (KHTML, like Gecko) Chrome/72.0.3626.121 Safari/537.36"
134.209.209.253 - - [19/Jul/2025:21:32:16 +0000] "GET /robots.txt HTTP/1.1" 301 247 "-" "Mozilla/5.0 (X11; Linux x86_64) AppleWebKit/537.36 (KHTML, like Gecko) Chrome/72.0.3626.121 Safari/537.36"
134.209.209.253 - - [19/Jul/2025:21:33:08 +0000] "GET / HTTP/1.1" 301 233 "-" "Mozilla/5.0 (X11; Linux x86_64) AppleWebKit/537.36 (KHTML, like Gecko) Chrome/72.0.3626.121 Safari/537.36"
134.209.209.253 - - [19/Jul/2025:21:33:12 +0000] "GET /favicon.ico HTTP/1.1" 301 244 "-" "Mozilla/5.0 (X11; Linux x86_64) AppleWebKit/537.36 (KHTML, like Gecko) Chrome/72.0.3626.121 Safari/537.36"
134.209.209.253 - - [19/Jul/2025:21:33:12 +0000] "GET /robots.txt HTTP/1.1" 301 243 "-" "Mozilla/5.0 (X11; Linux x86_64) AppleWebKit/537.36 (KHTML, like Gecko) Chrome/72.0.3626.121 Safari/537.36"
134.209.209.253 - - [19/Jul/2025:21:33:49 +0000] "GET / HTTP/1.1" 301 237 "-" "Mozilla/5.0 (X11; Linux x86_64) AppleWebKit/537.36 (KHTML, like Gecko) Chrome/72.0.3626.121 Safari/537.36"
134.209.209.253 - - [19/Jul/2025:21:33:51 +0000] "GET /favicon.ico HTTP/1.1" 301 248 "-" "Mozilla/5.0 (X11; Linux x86_64) AppleWebKit/537.36 (KHTML, like Gecko) Chrome/72.0.3626.121 Safari/537.36"
134.209.209.253 - - [19/Jul/2025:21:33:51 +0000] "GET /robots.txt HTTP/1.1" 301 247 "-" "Mozilla/5.0 (X11; Linux x86_64) AppleWebKit/537.36 (KHTML, like Gecko) Chrome/72.0.3626.121 Safari/537.36"
20.171.207.82 - - [19/Jul/2025:21:35:38 +0000] "GET /pages/28184-antonia-lowe-interiors.html HTTP/1.1" 301 276 "-" "Mozilla/5.0 AppleWebKit/537.36 (KHTML, like Gecko; compatible; GPTBot/1.2; +https://openai.com/gptbot)"
216.144.248.18 - - [19/Jul/2025:21:37:15 +0000] "HEAD / HTTP/1.1" 301 - "http://yellowleaf.co.uk" "Mozilla/5.0+(compatible; UptimeRobot/2.0; http://www.uptimerobot.com/)"
43.166.134.114 - - [19/Jul/2025:21:37:24 +0000] "GET / HTTP/1.1" 301 237 "-" "Mozilla/5.0 (iPhone; CPU iPhone OS 13_2_3 like Mac OS X) AppleWebKit/605.1.15 (KHTML, like Gecko) Version/13.0.3 Mobile/15E148 Safari/604.1"
85.208.98.23 - - [19/Jul/2025:21:39:01 +0000] "GET /robots.txt HTTP/1.1" 301 243 "-" "Mozilla/5.0 (compatible; SemrushBot-BA; +http://www.semrush.com/bot.html)"
85.208.98.23 - - [19/Jul/2025:21:39:01 +0000] "GET /robots.txt HTTP/1.1" 301 247 "-" "Mozilla/5.0 (compatible; SemrushBot-BA; +http://www.semrush.com/bot.html)"
85.208.98.23 - - [19/Jul/2025:21:40:17 +0000] "GET /robots.txt HTTP/1.1" 301 247 "-" "Mozilla/5.0 (compatible; SemrushBot-BA; +http://www.semrush.com/bot.html)"
85.208.98.23 - - [19/Jul/2025:21:40:17 +0000] "GET /robots.txt HTTP/1.1" 301 243 "-" "Mozilla/5.0 (compatible; SemrushBot-BA; +http://www.semrush.com/bot.html)"
216.144.248.19 - - [19/Jul/2025:21:42:19 +0000] "HEAD / HTTP/1.1" 301 - "http://yellowleaf.co.uk" "Mozilla/5.0+(compatible; UptimeRobot/2.0; http://www.uptimerobot.com/)"
209.97.166.205 - - [19/Jul/2025:21:43:37 +0000] "GET / HTTP/1.1" 301 233 "-" "Mozilla/5.0 (Windows NT 10.0; Win64; x64) AppleWebKit/537.36 (KHTML, like Gecko) Chrome/88.0.4240.193 Safari/537.36"
85.208.98.23 - - [19/Jul/2025:21:44:51 +0000] "GET /robots.txt HTTP/1.1" 301 247 "-" "Mozilla/5.0 (compatible; SemrushBot-BA; +http://www.semrush.com/bot.html)"
85.208.98.23 - - [19/Jul/2025:21:46:22 +0000] "GET /robots.txt HTTP/1.1" 301 247 "-" "Mozilla/5.0 (compatible; SemrushBot-BA; +http://www.semrush.com/bot.html)"
69.162.124.235 - - [19/Jul/2025:21:47:23 +0000] "HEAD / HTTP/1.1" 301 - "http://yellowleaf.co.uk" "Mozilla/5.0+(compatible; UptimeRobot/2.0; http://www.uptimerobot.com/)"
85.208.98.23 - - [19/Jul/2025:21:47:45 +0000] "GET /robots.txt HTTP/1.1" 301 247 "-" "Mozilla/5.0 (compatible; SemrushBot-BA; +http://www.semrush.com/bot.html)"
34.12.55.66 - - [19/Jul/2025:21:48:31 +0000] "GET /members/uploads/1/4352_1.jpg HTTP/1.1" 301 265 "-" "Python/3.12 aiohttp/3.12.13"
134.209.209.253 - - [19/Jul/2025:21:48:54 +0000] "GET / HTTP/1.1" 301 237 "-" "Mozilla/5.0 (X11; Linux x86_64) AppleWebKit/537.36 (KHTML, like Gecko) Chrome/72.0.3626.121 Safari/537.36"
134.209.209.253 - - [19/Jul/2025:21:48:57 +0000] "GET /favicon.ico HTTP/1.1" 301 248 "-" "Mozilla/5.0 (X11; Linux x86_64) AppleWebKit/537.36 (KHTML, like Gecko) Chrome/72.0.3626.121 Safari/537.36"
134.209.209.253 - - [19/Jul/2025:21:48:58 +0000] "GET /robots.txt HTTP/1.1" 301 247 "-" "Mozilla/5.0 (X11; Linux x86_64) AppleWebKit/537.36 (KHTML, like Gecko) Chrome/72.0.3626.121 Safari/537.36"
164.90.153.247 - - [19/Jul/2025:21:49:15 +0000] "GET /.env HTTP/1.1" 301 234 "-" "Mozilla/5.0; Keydrop.io/1.0(onlyscans.com/about);"
164.90.153.247 - - [19/Jul/2025:21:49:15 +0000] "GET /.git/config HTTP/1.1" 301 241 "-" "Mozilla/5.0; Keydrop.io/1.0(onlyscans.com/about);"
158.46.163.221 - - [19/Jul/2025:21:49:25 +0000] "GET https://www.yellowleaf.co.uk/pages/55834-pk-god-cnfashionbuy-shoes-cnfashionorg.html HTTP/1.0" 301 292 "-" "Mozilla/5.0 (Windows NT 10.0; Win64; x64) AppleWebKit/537.36 (KHTML, like Gecko) Chrome/114.0.0.0 Safari/537.36 OPR/89.0.4447.51"
134.209.209.253 - - [19/Jul/2025:21:49:38 +0000] "GET / HTTP/1.1" 301 237 "-" "Mozilla/5.0 (X11; Linux x86_64) AppleWebKit/537.36 (KHTML, like Gecko) Chrome/72.0.3626.121 Safari/537.36"
134.209.209.253 - - [19/Jul/2025:21:49:40 +0000] "GET /favicon.ico HTTP/1.1" 301 248 "-" "Mozilla/5.0 (X11; Linux x86_64) AppleWebKit/537.36 (KHTML, like Gecko) Chrome/72.0.3626.121 Safari/537.36"
134.209.209.253 - - [19/Jul/2025:21:49:40 +0000] "GET /robots.txt HTTP/1.1" 301 247 "-" "Mozilla/5.0 (X11; Linux x86_64) AppleWebKit/537.36 (KHTML, like Gecko) Chrome/72.0.3626.121 Safari/537.36"
134.209.209.253 - - [19/Jul/2025:21:50:01 +0000] "GET / HTTP/1.1" 301 233 "-" "Mozilla/5.0 (X11; Linux x86_64) AppleWebKit/537.36 (KHTML, like Gecko) Chrome/72.0.3626.121 Safari/537.36"
134.209.209.253 - - [19/Jul/2025:21:50:07 +0000] "GET /favicon.ico HTTP/1.1" 301 244 "-" "Mozilla/5.0 (X11; Linux x86_64) AppleWebKit/537.36 (KHTML, like Gecko) Chrome/72.0.3626.121 Safari/537.36"
134.209.209.253 - - [19/Jul/2025:21:50:10 +0000] "GET /robots.txt HTTP/1.1" 301 243 "-" "Mozilla/5.0 (X11; Linux x86_64) AppleWebKit/537.36 (KHTML, like Gecko) Chrome/72.0.3626.121 Safari/537.36"
134.209.209.253 - - [19/Jul/2025:21:51:21 +0000] "GET / HTTP/1.1" 301 233 "-" "Mozilla/5.0 (X11; Linux x86_64) AppleWebKit/537.36 (KHTML, like Gecko) Chrome/72.0.3626.121 Safari/537.36"
134.209.209.253 - - [19/Jul/2025:21:51:21 +0000] "GET / HTTP/1.1" 301 237 "-" "Mozilla/5.0 (X11; Linux x86_64) AppleWebKit/537.36 (KHTML, like Gecko) Chrome/72.0.3626.121 Safari/537.36"
134.209.209.253 - - [19/Jul/2025:21:51:23 +0000] "GET /favicon.ico HTTP/1.1" 301 248 "-" "Mozilla/5.0 (X11; Linux x86_64) AppleWebKit/537.36 (KHTML, like Gecko) Chrome/72.0.3626.121 Safari/537.36"
134.209.209.253 - - [19/Jul/2025:21:51:23 +0000] "GET /robots.txt HTTP/1.1" 301 247 "-" "Mozilla/5.0 (X11; Linux x86_64) AppleWebKit/537.36 (KHTML, like Gecko) Chrome/72.0.3626.121 Safari/537.36"
134.209.209.253 - - [19/Jul/2025:21:51:24 +0000] "GET /favicon.ico HTTP/1.1" 301 244 "-" "Mozilla/5.0 (X11; Linux x86_64) AppleWebKit/537.36 (KHTML, like Gecko) Chrome/72.0.3626.121 Safari/537.36"
134.209.209.253 - - [19/Jul/2025:21:51:26 +0000] "GET /robots.txt HTTP/1.1" 301 243 "-" "Mozilla/5.0 (X11; Linux x86_64) AppleWebKit/537.36 (KHTML, like Gecko) Chrome/72.0.3626.121 Safari/537.36"
216.144.248.18 - - [19/Jul/2025:21:52:28 +0000] "HEAD / HTTP/1.1" 301 - "http://yellowleaf.co.uk" "Mozilla/5.0+(compatible; UptimeRobot/2.0; http://www.uptimerobot.com/)"
134.209.209.253 - - [19/Jul/2025:21:53:43 +0000] "GET / HTTP/1.1" 301 237 "-" "Mozilla/5.0 (X11; Linux x86_64) AppleWebKit/537.36 (KHTML, like Gecko) Chrome/72.0.3626.121 Safari/537.36"
134.209.209.253 - - [19/Jul/2025:21:53:45 +0000] "GET /favicon.ico HTTP/1.1" 301 248 "-" "Mozilla/5.0 (X11; Linux x86_64) AppleWebKit/537.36 (KHTML, like Gecko) Chrome/72.0.3626.121 Safari/537.36"
134.209.209.253 - - [19/Jul/2025:21:53:45 +0000] "GET /robots.txt HTTP/1.1" 301 247 "-" "Mozilla/5.0 (X11; Linux x86_64) AppleWebKit/537.36 (KHTML, like Gecko) Chrome/72.0.3626.121 Safari/537.36"
85.208.98.23 - - [19/Jul/2025:21:54:10 +0000] "GET /robots.txt HTTP/1.1" 301 243 "-" "Mozilla/5.0 (compatible; SemrushBot-BA; +http://www.semrush.com/bot.html)"
85.208.98.23 - - [19/Jul/2025:21:54:11 +0000] "GET /robots.txt HTTP/1.1" 301 247 "-" "Mozilla/5.0 (compatible; SemrushBot-BA; +http://www.semrush.com/bot.html)"
85.208.98.23 - - [19/Jul/2025:21:56:16 +0000] "GET /robots.txt HTTP/1.1" 301 247 "-" "Mozilla/5.0 (compatible; SemrushBot-BA; +http://www.semrush.com/bot.html)"
216.144.248.24 - - [19/Jul/2025:21:57:34 +0000] "HEAD / HTTP/1.1" 301 - "http://yellowleaf.co.uk" "Mozilla/5.0+(compatible; UptimeRobot/2.0; http://www.uptimerobot.com/)"
85.208.98.23 - - [19/Jul/2025:21:57:42 +0000] "GET /robots.txt HTTP/1.1" 301 247 "-" "Mozilla/5.0 (compatible; SemrushBot-BA; +http://www.semrush.com/bot.html)"
67.207.186.83 - - [19/Jul/2025:21:59:41 +0000] "GET /members/uploads/1/1861_1.jpg HTTP/1.1" 301 265 "https://www.google.com/" "Mozilla/5.0 (X11; Ubuntu; Linux x86_64; rv:72.0) Gecko/20100101 Firefox/72.0"
85.208.98.23 - - [19/Jul/2025:22:00:07 +0000] "GET /robots.txt HTTP/1.1" 301 247 "-" "Mozilla/5.0 (compatible; SemrushBot-BA; +http://www.semrush.com/bot.html)"
94.23.208.201 - - [19/Jul/2025:22:01:04 +0000] "GET /pages/12317-epic-new-media.html HTTP/1.1" 301 268 "-" "Mozilla/5.0 (Windows; U; Windows NT 6.1; ru; rv:1.9.2.4) Gecko/20100513 Firefox/3.6.4"
85.208.98.23 - - [19/Jul/2025:22:01:30 +0000] "GET /robots.txt HTTP/1.1" 301 247 "-" "Mozilla/5.0 (compatible; SemrushBot-BA; +http://www.semrush.com/bot.html)"
216.144.248.27 - - [19/Jul/2025:22:02:39 +0000] "HEAD / HTTP/1.1" 301 - "http://yellowleaf.co.uk" "Mozilla/5.0+(compatible; UptimeRobot/2.0; http://www.uptimerobot.com/)"
185.242.226.82 - - [19/Jul/2025:22:06:50 +0000] "GET / HTTP/1.1" 301 230 "-" "Mozilla/5.0 (Windows NT 10.0; Win64; x64) AppleWebKit/537.36 (KHTML, like Gecko) Chrome/88.0.4324.190 Safari/537.36"
134.209.209.253 - - [19/Jul/2025:22:07:30 +0000] "GET / HTTP/1.1" 301 233 "-" "Mozilla/5.0 (X11; Linux x86_64) AppleWebKit/537.36 (KHTML, like Gecko) Chrome/72.0.3626.121 Safari/537.36"
134.209.209.253 - - [19/Jul/2025:22:07:35 +0000] "GET /favicon.ico HTTP/1.1" 301 244 "-" "Mozilla/5.0 (X11; Linux x86_64) AppleWebKit/537.36 (KHTML, like Gecko) Chrome/72.0.3626.121 Safari/537.36"
134.209.209.253 - - [19/Jul/2025:22:07:38 +0000] "GET /robots.txt HTTP/1.1" 301 243 "-" "Mozilla/5.0 (X11; Linux x86_64) AppleWebKit/537.36 (KHTML, like Gecko) Chrome/72.0.3626.121 Safari/537.36"
216.245.221.83 - - [19/Jul/2025:22:07:43 +0000] "HEAD / HTTP/1.1" 301 - "http://yellowleaf.co.uk" "Mozilla/5.0+(compatible; UptimeRobot/2.0; http://www.uptimerobot.com/)"
134.209.209.253 - - [19/Jul/2025:22:07:55 +0000] "GET / HTTP/1.1" 301 237 "-" "Mozilla/5.0 (X11; Linux x86_64) AppleWebKit/537.36 (KHTML, like Gecko) Chrome/72.0.3626.121 Safari/537.36"
134.209.209.253 - - [19/Jul/2025:22:07:56 +0000] "GET /favicon.ico HTTP/1.1" 301 248 "-" "Mozilla/5.0 (X11; Linux x86_64) AppleWebKit/537.36 (KHTML, like Gecko) Chrome/72.0.3626.121 Safari/537.36"
134.209.209.253 - - [19/Jul/2025:22:07:56 +0000] "GET /robots.txt HTTP/1.1" 301 247 "-" "Mozilla/5.0 (X11; Linux x86_64) AppleWebKit/537.36 (KHTML, like Gecko) Chrome/72.0.3626.121 Safari/537.36"
134.209.209.253 - - [19/Jul/2025:22:08:47 +0000] "GET / HTTP/1.1" 301 237 "-" "Mozilla/5.0 (X11; Linux x86_64) AppleWebKit/537.36 (KHTML, like Gecko) Chrome/72.0.3626.121 Safari/537.36"
134.209.209.253 - - [19/Jul/2025:22:08:49 +0000] "GET /favicon.ico HTTP/1.1" 301 248 "-" "Mozilla/5.0 (X11; Linux x86_64) AppleWebKit/537.36 (KHTML, like Gecko) Chrome/72.0.3626.121 Safari/537.36"
134.209.209.253 - - [19/Jul/2025:22:08:50 +0000] "GET /robots.txt HTTP/1.1" 301 247 "-" "Mozilla/5.0 (X11; Linux x86_64) AppleWebKit/537.36 (KHTML, like Gecko) Chrome/72.0.3626.121 Safari/537.36"
216.73.216.121 - - [19/Jul/2025:22:09:11 +0000] "GET /robots.txt HTTP/1.1" 301 247 "-" "Mozilla/5.0 AppleWebKit/537.36 (KHTML, like Gecko; compatible; ClaudeBot/1.0; +claudebot@anthropic.com)"
85.208.98.23 - - [19/Jul/2025:22:09:30 +0000] "GET /robots.txt HTTP/1.1" 301 247 "-" "Mozilla/5.0 (compatible; SemrushBot-BA; +http://www.semrush.com/bot.html)"
85.208.98.23 - - [19/Jul/2025:22:09:30 +0000] "GET /robots.txt HTTP/1.1" 301 243 "-" "Mozilla/5.0 (compatible; SemrushBot-BA; +http://www.semrush.com/bot.html)"
216.73.216.121 - - [19/Jul/2025:22:09:48 +0000] "GET /sitemap.xml HTTP/1.1" 301 248 "-" "Mozilla/5.0 AppleWebKit/537.36 (KHTML, like Gecko; compatible; ClaudeBot/1.0; +claudebot@anthropic.com)"
85.208.98.23 - - [19/Jul/2025:22:10:22 +0000] "GET /robots.txt HTTP/1.1" 301 247 "-" "Mozilla/5.0 (compatible; SemrushBot-BA; +http://www.semrush.com/bot.html)"
86.27.122.102 - - [19/Jul/2025:22:11:33 +0000] "GET /wp-login.php HTTP/1.1" 301 245 "-" "Mozilla/5.0"
134.209.209.253 - - [19/Jul/2025:22:12:48 +0000] "GET / HTTP/1.1" 301 237 "-" "Mozilla/5.0 (X11; Linux x86_64) AppleWebKit/537.36 (KHTML, like Gecko) Chrome/72.0.3626.121 Safari/537.36"
216.144.248.23 - - [19/Jul/2025:22:12:49 +0000] "HEAD / HTTP/1.1" 301 - "http://yellowleaf.co.uk" "Mozilla/5.0+(compatible; UptimeRobot/2.0; http://www.uptimerobot.com/)"
134.209.209.253 - - [19/Jul/2025:22:12:50 +0000] "GET /favicon.ico HTTP/1.1" 301 248 "-" "Mozilla/5.0 (X11; Linux x86_64) AppleWebKit/537.36 (KHTML, like Gecko) Chrome/72.0.3626.121 Safari/537.36"
134.209.209.253 - - [19/Jul/2025:22:12:51 +0000] "GET /robots.txt HTTP/1.1" 301 247 "-" "Mozilla/5.0 (X11; Linux x86_64) AppleWebKit/537.36 (KHTML, like Gecko) Chrome/72.0.3626.121 Safari/537.36"
134.209.209.253 - - [19/Jul/2025:22:13:06 +0000] "GET / HTTP/1.1" 301 237 "-" "Mozilla/5.0 (X11; Linux x86_64) AppleWebKit/537.36 (KHTML, like Gecko) Chrome/72.0.3626.121 Safari/537.36"
134.209.209.253 - - [19/Jul/2025:22:13:16 +0000] "GET /favicon.ico HTTP/1.1" 301 248 "-" "Mozilla/5.0 (X11; Linux x86_64) AppleWebKit/537.36 (KHTML, like Gecko) Chrome/72.0.3626.121 Safari/537.36"
134.209.209.253 - - [19/Jul/2025:22:13:18 +0000] "GET /robots.txt HTTP/1.1" 301 247 "-" "Mozilla/5.0 (X11; Linux x86_64) AppleWebKit/537.36 (KHTML, like Gecko) Chrome/72.0.3626.121 Safari/537.36"
85.208.98.23 - - [19/Jul/2025:22:14:26 +0000] "GET /robots.txt HTTP/1.1" 301 247 "-" "Mozilla/5.0 (compatible; SemrushBot-BA; +http://www.semrush.com/bot.html)"
85.208.98.29 - - [19/Jul/2025:22:14:58 +0000] "GET /pages/14542-gopromotional.html HTTP/1.1" 301 267 "-" "Mozilla/5.0 (compatible; SemrushBot-BA; +http://www.semrush.com/bot.html)"
85.208.98.23 - - [19/Jul/2025:22:16:09 +0000] "GET /robots.txt HTTP/1.1" 301 247 "-" "Mozilla/5.0 (compatible; SemrushBot-BA; +http://www.semrush.com/bot.html)"
85.208.98.23 - - [19/Jul/2025:22:16:09 +0000] "GET /robots.txt HTTP/1.1" 301 243 "-" "Mozilla/5.0 (compatible; SemrushBot-BA; +http://www.semrush.com/bot.html)"
85.208.98.23 - - [19/Jul/2025:22:16:43 +0000] "GET /robots.txt HTTP/1.1" 301 247 "-" "Mozilla/5.0 (compatible; SemrushBot-BA; +http://www.semrush.com/bot.html)"
85.208.98.23 - - [19/Jul/2025:22:16:43 +0000] "GET /robots.txt HTTP/1.1" 301 243 "-" "Mozilla/5.0 (compatible; SemrushBot-BA; +http://www.semrush.com/bot.html)"
104.168.71.186 - - [19/Jul/2025:22:17:34 +0000] "GET /members/uploads/1/948_1.jpg HTTP/1.1" 301 264 "https://www.google.com/" "Mozilla/5.0 (X11; Ubuntu; Linux x86_64; rv:72.0) Gecko/20100101 Firefox/72.0"
69.162.124.227 - - [19/Jul/2025:22:17:53 +0000] "HEAD / HTTP/1.1" 301 - "http://yellowleaf.co.uk" "Mozilla/5.0+(compatible; UptimeRobot/2.0; http://www.uptimerobot.com/)"
82.153.70.116 - - [19/Jul/2025:22:18:05 +0000] "GET / HTTP/1.1" 301 233 "-" "Mozilla/5.0 (Windows NT 10.0; Win64; x64) AppleWebKit/537.36 (KHTML, like Gecko) Chrome/91.0.4472.124 Safari/537.36"
82.153.70.116 - - [19/Jul/2025:22:18:06 +0000] "GET /core.js HTTP/1.1" 301 240 "-" "Mozilla/5.0 (Windows NT 10.0; Win64; x64) AppleWebKit/537.36 (KHTML, like Gecko) Chrome/91.0.4472.124 Safari/537.36"
82.153.70.116 - - [19/Jul/2025:22:18:06 +0000] "GET /config.js HTTP/1.1" 301 242 "-" "Mozilla/5.0 (Windows NT 10.0; Win64; x64) AppleWebKit/537.36 (KHTML, like Gecko) Chrome/91.0.4472.124 Safari/537.36"
82.153.70.116 - - [19/Jul/2025:22:18:06 +0000] "GET /settings.js HTTP/1.1" 301 244 "-" "Mozilla/5.0 (Windows NT 10.0; Win64; x64) AppleWebKit/537.36 (KHTML, like Gecko) Chrome/91.0.4472.124 Safari/537.36"
82.153.70.116 - - [19/Jul/2025:22:18:06 +0000] "GET /env.js HTTP/1.1" 301 239 "-" "Mozilla/5.0 (Windows NT 10.0; Win64; x64) AppleWebKit/537.36 (KHTML, like Gecko) Chrome/91.0.4472.124 Safari/537.36"
82.153.70.116 - - [19/Jul/2025:22:18:06 +0000] "GET /admin.js HTTP/1.1" 301 241 "-" "Mozilla/5.0 (Windows NT 10.0; Win64; x64) AppleWebKit/537.36 (KHTML, like Gecko) Chrome/91.0.4472.124 Safari/537.36"
82.153.70.116 - - [19/Jul/2025:22:18:06 +0000] "GET /data.js HTTP/1.1" 301 240 "-" "Mozilla/5.0 (Windows NT 10.0; Win64; x64) AppleWebKit/537.36 (KHTML, like Gecko) Chrome/91.0.4472.124 Safari/537.36"
85.208.98.23 - - [19/Jul/2025:22:20:47 +0000] "GET /robots.txt HTTP/1.1" 301 247 "-" "Mozilla/5.0 (compatible; SemrushBot-BA; +http://www.semrush.com/bot.html)"
85.208.98.23 - - [19/Jul/2025:22:21:47 +0000] "GET /robots.txt HTTP/1.1" 301 243 "-" "Mozilla/5.0 (compatible; SemrushBot-BA; +http://www.semrush.com/bot.html)"
85.208.98.23 - - [19/Jul/2025:22:21:47 +0000] "GET /robots.txt HTTP/1.1" 301 247 "-" "Mozilla/5.0 (compatible; SemrushBot-BA; +http://www.semrush.com/bot.html)"
85.208.98.23 - - [19/Jul/2025:22:22:17 +0000] "GET /robots.txt HTTP/1.1" 301 247 "-" "Mozilla/5.0 (compatible; SemrushBot-BA; +http://www.semrush.com/bot.html)"
69.162.124.235 - - [19/Jul/2025:22:22:58 +0000] "HEAD / HTTP/1.1" 301 - "http://yellowleaf.co.uk" "Mozilla/5.0+(compatible; UptimeRobot/2.0; http://www.uptimerobot.com/)"
85.208.98.23 - - [19/Jul/2025:22:23:03 +0000] "GET /robots.txt HTTP/1.1" 301 247 "-" "Mozilla/5.0 (compatible; SemrushBot-BA; +http://www.semrush.com/bot.html)"
134.209.209.253 - - [19/Jul/2025:22:25:10 +0000] "GET / HTTP/1.1" 301 233 "-" "Mozilla/5.0 (X11; Linux x86_64) AppleWebKit/537.36 (KHTML, like Gecko) Chrome/72.0.3626.121 Safari/537.36"
134.209.209.253 - - [19/Jul/2025:22:25:16 +0000] "GET /favicon.ico HTTP/1.1" 301 244 "-" "Mozilla/5.0 (X11; Linux x86_64) AppleWebKit/537.36 (KHTML, like Gecko) Chrome/72.0.3626.121 Safari/537.36"
134.209.209.253 - - [19/Jul/2025:22:25:21 +0000] "GET /robots.txt HTTP/1.1" 301 243 "-" "Mozilla/5.0 (X11; Linux x86_64) AppleWebKit/537.36 (KHTML, like Gecko) Chrome/72.0.3626.121 Safari/537.36"
85.208.98.23 - - [19/Jul/2025:22:27:42 +0000] "GET /robots.txt HTTP/1.1" 301 247 "-" "Mozilla/5.0 (compatible; SemrushBot-BA; +http://www.semrush.com/bot.html)"
216.144.248.22 - - [19/Jul/2025:22:28:05 +0000] "HEAD / HTTP/1.1" 301 - "http://yellowleaf.co.uk" "Mozilla/5.0+(compatible; UptimeRobot/2.0; http://www.uptimerobot.com/)"
85.208.98.23 - - [19/Jul/2025:22:31:14 +0000] "GET /robots.txt HTTP/1.1" 301 243 "-" "Mozilla/5.0 (compatible; SemrushBot-BA; +http://www.semrush.com/bot.html)"
85.208.98.23 - - [19/Jul/2025:22:31:14 +0000] "GET /robots.txt HTTP/1.1" 301 247 "-" "Mozilla/5.0 (compatible; SemrushBot-BA; +http://www.semrush.com/bot.html)"
216.144.248.25 - - [19/Jul/2025:22:33:10 +0000] "HEAD / HTTP/1.1" 301 - "http://yellowleaf.co.uk" "Mozilla/5.0+(compatible; UptimeRobot/2.0; http://www.uptimerobot.com/)"
85.208.98.23 - - [19/Jul/2025:22:33:32 +0000] "GET /robots.txt HTTP/1.1" 301 243 "-" "Mozilla/5.0 (compatible; SemrushBot-BA; +http://www.semrush.com/bot.html)"
85.208.98.23 - - [19/Jul/2025:22:33:32 +0000] "GET /robots.txt HTTP/1.1" 301 247 "-" "Mozilla/5.0 (compatible; SemrushBot-BA; +http://www.semrush.com/bot.html)"
134.209.209.253 - - [19/Jul/2025:22:34:03 +0000] "GET / HTTP/1.1" 301 237 "-" "Mozilla/5.0 (X11; Linux x86_64) AppleWebKit/537.36 (KHTML, like Gecko) Chrome/72.0.3626.121 Safari/537.36"
134.209.209.253 - - [19/Jul/2025:22:34:12 +0000] "GET /favicon.ico HTTP/1.1" 301 248 "-" "Mozilla/5.0 (X11; Linux x86_64) AppleWebKit/537.36 (KHTML, like Gecko) Chrome/72.0.3626.121 Safari/537.36"
134.209.209.253 - - [19/Jul/2025:22:34:19 +0000] "GET /robots.txt HTTP/1.1" 301 247 "-" "Mozilla/5.0 (X11; Linux x86_64) AppleWebKit/537.36 (KHTML, like Gecko) Chrome/72.0.3626.121 Safari/537.36"
204.44.78.210 - - [19/Jul/2025:22:34:28 +0000] "GET /members/uploads/2/13887_2.jpg HTTP/1.1" 301 266 "https://www.google.com/" "Mozilla/5.0 (Macintosh; Intel Mac OS X 10_15_7) AppleWebKit/605.1.15 (KHTML, like Gecko) Version/14.0.3 Safari/605.1.15"
209.95.184.20 - - [19/Jul/2025:22:35:56 +0000] "GET /members/uploads/3/4650_3.jpg HTTP/1.1" 301 265 "https://www.google.com/" "Mozilla/5.0 (Windows NT 10.0; Win64; x64; rv:114.0) Gecko/20100101 Firefox/114.0"
1.92.209.208 - - [19/Jul/2025:22:35:59 +0000] "GET /members/uploads/3/2198_3.jpg HTTP/1.1" 301 265 "-" "Mozilla/5.0 (Windows NT 10.0; Win64; x64) AppleWebKit/537.36 (KHTML, like Gecko) Chrome/101.0.4951.67 Safari/537.36"
85.208.98.23 - - [19/Jul/2025:22:36:01 +0000] "GET /robots.txt HTTP/1.1" 301 243 "-" "Mozilla/5.0 (compatible; SemrushBot-BA; +http://www.semrush.com/bot.html)"
85.208.98.23 - - [19/Jul/2025:22:36:01 +0000] "GET /robots.txt HTTP/1.1" 301 247 "-" "Mozilla/5.0 (compatible; SemrushBot-BA; +http://www.semrush.com/bot.html)"
134.209.209.253 - - [19/Jul/2025:22:36:39 +0000] "GET / HTTP/1.1" 301 237 "-" "Mozilla/5.0 (X11; Linux x86_64) AppleWebKit/537.36 (KHTML, like Gecko) Chrome/72.0.3626.121 Safari/537.36"
134.209.209.253 - - [19/Jul/2025:22:36:47 +0000] "GET /favicon.ico HTTP/1.1" 301 248 "-" "Mozilla/5.0 (X11; Linux x86_64) AppleWebKit/537.36 (KHTML, like Gecko) Chrome/72.0.3626.121 Safari/537.36"
134.209.209.253 - - [19/Jul/2025:22:36:47 +0000] "GET /robots.txt HTTP/1.1" 301 247 "-" "Mozilla/5.0 (X11; Linux x86_64) AppleWebKit/537.36 (KHTML, like Gecko) Chrome/72.0.3626.121 Safari/537.36"
85.208.98.18 - - [19/Jul/2025:22:36:48 +0000] "GET /robots.txt HTTP/1.1" 301 243 "-" "Mozilla/5.0 (compatible; SemrushBot; +http://www.semrush.com/bot.html)"
85.208.98.18 - - [19/Jul/2025:22:37:05 +0000] "HEAD / HTTP/1.1" 301 - "-" "Mozilla/5.0 (compatible; SemrushBot; +http://www.semrush.com/bot.html)"
67.210.117.74 - - [19/Jul/2025:22:38:09 +0000] "GET /members/uploads/2/4579_2.jpg HTTP/1.1" 301 265 "https://www.google.com/" "Mozilla/5.0 (Macintosh; Intel Mac OS X 10_15_7) AppleWebKit/605.1.15 (KHTML, like Gecko) Version/14.0.3 Safari/605.1.15"
216.144.248.24 - - [19/Jul/2025:22:38:14 +0000] "HEAD / HTTP/1.1" 301 - "http://yellowleaf.co.uk" "Mozilla/5.0+(compatible; UptimeRobot/2.0; http://www.uptimerobot.com/)"
216.144.248.28 - - [19/Jul/2025:22:43:18 +0000] "HEAD / HTTP/1.1" 301 - "http://yellowleaf.co.uk" "Mozilla/5.0+(compatible; UptimeRobot/2.0; http://www.uptimerobot.com/)"
107.173.206.15 - - [19/Jul/2025:22:46:06 +0000] "GET /members/uploads/3/15567_3.jpg HTTP/1.1" 301 266 "https://www.google.com/" "Mozilla/5.0 (X11; Ubuntu; Linux x86_64; rv:72.0) Gecko/20100101 Firefox/72.0"
85.208.98.23 - - [19/Jul/2025:22:46:13 +0000] "GET /robots.txt HTTP/1.1" 301 247 "-" "Mozilla/5.0 (compatible; SemrushBot-BA; +http://www.semrush.com/bot.html)"
85.208.98.23 - - [19/Jul/2025:22:46:13 +0000] "GET /robots.txt HTTP/1.1" 301 243 "-" "Mozilla/5.0 (compatible; SemrushBot-BA; +http://www.semrush.com/bot.html)"
85.208.98.23 - - [19/Jul/2025:22:47:40 +0000] "GET /robots.txt HTTP/1.1" 301 243 "-" "Mozilla/5.0 (compatible; SemrushBot-BA; +http://www.semrush.com/bot.html)"
85.208.98.23 - - [19/Jul/2025:22:47:40 +0000] "GET /robots.txt HTTP/1.1" 301 247 "-" "Mozilla/5.0 (compatible; SemrushBot-BA; +http://www.semrush.com/bot.html)"
180.163.220.126 - - [19/Jul/2025:22:48:04 +0000] "\x16\x03\x01\x014\x01" 403 - "-" "-"
180.163.220.62 - - [19/Jul/2025:22:48:06 +0000] "GET / HTTP/1.1" 301 237 "-" "Mozilla/5.0 (Macintosh; Intel Mac OS X 10_15_7) AppleWebKit/537.36 (KHTML, like Gecko) Chrome/120.0.0.0 Safari/537.36 Edg/120.0.0.0"
69.162.124.235 - - [19/Jul/2025:22:48:24 +0000] "HEAD / HTTP/1.1" 301 - "http://yellowleaf.co.uk" "Mozilla/5.0+(compatible; UptimeRobot/2.0; http://www.uptimerobot.com/)"
180.163.220.60 - - [19/Jul/2025:22:48:33 +0000] "GET /favicon.ico HTTP/1.1" 301 248 "-" "Mozilla/5.0 (Macintosh; Intel Mac OS X 10_7_0) AppleWebKit/535.11 (KHTML, like Gecko) Chrome/17.0.963.56 Safari/535.11"
180.163.220.43 - - [19/Jul/2025:22:48:43 +0000] "GET /robots.txt HTTP/1.1" 301 247 "-" "Mozilla/5.0 (Macintosh; Intel Mac OS X 10_7_0) AppleWebKit/535.11 (KHTML, like Gecko) Chrome/17.0.963.56 Safari/535.11"
180.163.220.125 - - [19/Jul/2025:22:48:52 +0000] "GET /sitemap.xml HTTP/1.1" 301 248 "-" "Mozilla/5.0 (Macintosh; Intel Mac OS X 10_7_0) AppleWebKit/535.11 (KHTML, like Gecko) Chrome/17.0.963.56 Safari/535.11"
180.163.220.46 - - [19/Jul/2025:22:49:02 +0000] "GET /config.json HTTP/1.1" 301 248 "-" "Mozilla/5.0 (Macintosh; Intel Mac OS X 10_7_0) AppleWebKit/535.11 (KHTML, like Gecko) Chrome/17.0.963.56 Safari/535.11"
134.209.209.253 - - [19/Jul/2025:22:50:01 +0000] "GET / HTTP/1.1" 301 237 "-" "Mozilla/5.0 (X11; Linux x86_64) AppleWebKit/537.36 (KHTML, like Gecko) Chrome/72.0.3626.121 Safari/537.36"
134.209.209.253 - - [19/Jul/2025:22:50:06 +0000] "GET /favicon.ico HTTP/1.1" 301 248 "-" "Mozilla/5.0 (X11; Linux x86_64) AppleWebKit/537.36 (KHTML, like Gecko) Chrome/72.0.3626.121 Safari/537.36"
134.209.209.253 - - [19/Jul/2025:22:50:07 +0000] "GET /robots.txt HTTP/1.1" 301 247 "-" "Mozilla/5.0 (X11; Linux x86_64) AppleWebKit/537.36 (KHTML, like Gecko) Chrome/72.0.3626.121 Safari/537.36"
134.209.209.253 - - [19/Jul/2025:22:50:09 +0000] "GET / HTTP/1.1" 301 233 "-" "Mozilla/5.0 (X11; Linux x86_64) AppleWebKit/537.36 (KHTML, like Gecko) Chrome/72.0.3626.121 Safari/537.36"
134.209.209.253 - - [19/Jul/2025:22:50:11 +0000] "GET /favicon.ico HTTP/1.1" 301 244 "-" "Mozilla/5.0 (X11; Linux x86_64) AppleWebKit/537.36 (KHTML, like Gecko) Chrome/72.0.3626.121 Safari/537.36"
134.209.209.253 - - [19/Jul/2025:22:50:11 +0000] "GET /robots.txt HTTP/1.1" 301 243 "-" "Mozilla/5.0 (X11; Linux x86_64) AppleWebKit/537.36 (KHTML, like Gecko) Chrome/72.0.3626.121 Safari/537.36"
15.235.181.144 - - [19/Jul/2025:22:50:18 +0000] "GET /advertise/ HTTP/1.1" 301 247 "-" "Mozilla/5.0 (Windows NT 10.0) AppleWebKit/537.36 (KHTML, like Gecko) Chrome/103.0.5060.134 Safari/537.36"
91.224.92.17 - - [19/Jul/2025:22:51:05 +0000] "GET / HTTP/1.1" 301 233 "-" "-"
103.59.160.184 - - [19/Jul/2025:22:51:44 +0000] "GET /advertise/ HTTP/1.1" 301 247 "-" "Mozilla/5.0 (Windows NT 10.0; Win64; x64) AppleWebKit/537.36 (KHTML, like Gecko) Chrome/101.0.4951.41 Safari/537.36"
69.162.124.227 - - [19/Jul/2025:22:53:29 +0000] "HEAD / HTTP/1.1" 301 - "http://yellowleaf.co.uk" "Mozilla/5.0+(compatible; UptimeRobot/2.0; http://www.uptimerobot.com/)"
134.209.209.253 - - [19/Jul/2025:22:53:34 +0000] "GET / HTTP/1.1" 301 237 "-" "Mozilla/5.0 (X11; Linux x86_64) AppleWebKit/537.36 (KHTML, like Gecko) Chrome/72.0.3626.121 Safari/537.36"
134.209.209.253 - - [19/Jul/2025:22:53:35 +0000] "GET /favicon.ico HTTP/1.1" 301 248 "-" "Mozilla/5.0 (X11; Linux x86_64) AppleWebKit/537.36 (KHTML, like Gecko) Chrome/72.0.3626.121 Safari/537.36"
134.209.209.253 - - [19/Jul/2025:22:53:36 +0000] "GET /robots.txt HTTP/1.1" 301 247 "-" "Mozilla/5.0 (X11; Linux x86_64) AppleWebKit/537.36 (KHTML, like Gecko) Chrome/72.0.3626.121 Safari/537.36"
134.209.209.253 - - [19/Jul/2025:22:53:41 +0000] "GET / HTTP/1.1" 301 237 "-" "Mozilla/5.0 (X11; Linux x86_64) AppleWebKit/537.36 (KHTML, like Gecko) Chrome/72.0.3626.121 Safari/537.36"
134.209.209.253 - - [19/Jul/2025:22:53:45 +0000] "GET / HTTP/1.1" 301 233 "-" "Mozilla/5.0 (X11; Linux x86_64) AppleWebKit/537.36 (KHTML, like Gecko) Chrome/72.0.3626.121 Safari/537.36"
134.209.209.253 - - [19/Jul/2025:22:53:46 +0000] "GET /favicon.ico HTTP/1.1" 301 248 "-" "Mozilla/5.0 (X11; Linux x86_64) AppleWebKit/537.36 (KHTML, like Gecko) Chrome/72.0.3626.121 Safari/537.36"
134.209.209.253 - - [19/Jul/2025:22:53:46 +0000] "GET /robots.txt HTTP/1.1" 301 247 "-" "Mozilla/5.0 (X11; Linux x86_64) AppleWebKit/537.36 (KHTML, like Gecko) Chrome/72.0.3626.121 Safari/537.36"
134.209.209.253 - - [19/Jul/2025:22:53:49 +0000] "GET /favicon.ico HTTP/1.1" 301 244 "-" "Mozilla/5.0 (X11; Linux x86_64) AppleWebKit/537.36 (KHTML, like Gecko) Chrome/72.0.3626.121 Safari/537.36"
134.209.209.253 - - [19/Jul/2025:22:53:53 +0000] "GET /robots.txt HTTP/1.1" 301 243 "-" "Mozilla/5.0 (X11; Linux x86_64) AppleWebKit/537.36 (KHTML, like Gecko) Chrome/72.0.3626.121 Safari/537.36"
91.217.249.169 - - [19/Jul/2025:22:54:35 +0000] "GET /pages/20104-tax-rebate-guide.html HTTP/1.1" 301 270 "-" "Mozilla/5.0 (Macintosh; Intel Mac OS X 12.5; rv:114.0) Gecko/20100101 Firefox/114.0"
85.208.98.23 - - [19/Jul/2025:22:56:16 +0000] "GET /robots.txt HTTP/1.1" 301 243 "-" "Mozilla/5.0 (compatible; SemrushBot-BA; +http://www.semrush.com/bot.html)"
85.208.98.23 - - [19/Jul/2025:22:56:16 +0000] "GET /robots.txt HTTP/1.1" 301 247 "-" "Mozilla/5.0 (compatible; SemrushBot-BA; +http://www.semrush.com/bot.html)"
85.208.96.195 - - [19/Jul/2025:22:57:57 +0000] "GET /pages/48577-bishops-stortford-door-and-window-repairs.html HTTP/1.1" 301 295 "-" "Mozilla/5.0 (compatible; SemrushBot/7~bl; +http://www.semrush.com/bot.html)"
216.144.248.19 - - [19/Jul/2025:22:58:36 +0000] "HEAD / HTTP/1.1" 301 - "http://yellowleaf.co.uk" "Mozilla/5.0+(compatible; UptimeRobot/2.0; http://www.uptimerobot.com/)"
85.208.98.23 - - [19/Jul/2025:22:58:56 +0000] "GET /robots.txt HTTP/1.1" 301 243 "-" "Mozilla/5.0 (compatible; SemrushBot-BA; +http://www.semrush.com/bot.html)"
85.208.98.23 - - [19/Jul/2025:23:02:03 +0000] "GET /robots.txt HTTP/1.1" 301 243 "-" "Mozilla/5.0 (compatible; SemrushBot-BA; +http://www.semrush.com/bot.html)"
85.208.98.23 - - [19/Jul/2025:23:02:04 +0000] "GET /robots.txt HTTP/1.1" 301 247 "-" "Mozilla/5.0 (compatible; SemrushBot-BA; +http://www.semrush.com/bot.html)"
85.208.98.23 - - [19/Jul/2025:23:03:36 +0000] "GET /robots.txt HTTP/1.1" 301 247 "-" "Mozilla/5.0 (compatible; SemrushBot-BA; +http://www.semrush.com/bot.html)"
85.208.98.23 - - [19/Jul/2025:23:03:36 +0000] "GET /robots.txt HTTP/1.1" 301 243 "-" "Mozilla/5.0 (compatible; SemrushBot-BA; +http://www.semrush.com/bot.html)"
69.162.124.235 - - [19/Jul/2025:23:03:40 +0000] "HEAD / HTTP/1.1" 301 - "http://yellowleaf.co.uk" "Mozilla/5.0+(compatible; UptimeRobot/2.0; http://www.uptimerobot.com/)"
8.210.37.176 - - [19/Jul/2025:23:05:43 +0000] "GET http://51.89.169.208:80/SQL/scripts/setup.php HTTP/1.0" 301 238 "-" "-"
8.210.37.176 - - [19/Jul/2025:23:05:44 +0000] "GET http://51.89.169.208:80/web/phpMyAdmin/scripts/setup.php HTTP/1.0" 301 249 "-" "-"
8.210.37.176 - - [19/Jul/2025:23:05:44 +0000] "GET http://51.89.169.208:80/sqlmanager/scripts/setup.php HTTP/1.0" 301 245 "-" "-"
8.210.37.176 - - [19/Jul/2025:23:05:44 +0000] "GET http://51.89.169.208:80/admin/scripts/setup.php HTTP/1.0" 301 240 "-" "-"
8.210.37.176 - - [19/Jul/2025:23:05:45 +0000] "GET http://51.89.169.208:80/phpMyAdmin-2.11.1.2/scripts/setup.php HTTP/1.0" 301 254 "-" "-"
8.210.37.176 - - [19/Jul/2025:23:05:45 +0000] "GET http://51.89.169.208:80/pma/scripts/setup.php HTTP/1.0" 301 238 "-" "-"
8.210.37.176 - - [19/Jul/2025:23:05:46 +0000] "GET http://51.89.169.208:80/phpmyadmin/scripts/setup.php HTTP/1.0" 301 245 "-" "-"
8.210.37.176 - - [19/Jul/2025:23:05:46 +0000] "GET http://51.89.169.208:80/webadmin/scripts/setup.php HTTP/1.0" 301 243 "-" "-"
8.210.37.176 - - [19/Jul/2025:23:05:46 +0000] "GET http://51.89.169.208:80/phpMyAdmin-2.10.0.2/scripts/setup.php HTTP/1.0" 301 254 "-" "-"
8.210.37.176 - - [19/Jul/2025:23:05:47 +0000] "GET http://51.89.169.208:80/PHPMYADMIN/scripts/setup.php HTTP/1.0" 301 245 "-" "-"
8.210.37.176 - - [19/Jul/2025:23:05:47 +0000] "GET http://51.89.169.208:80/phpMyAdmin-2.10.2/scripts/setup.php HTTP/1.0" 301 252 "-" "-"
8.210.37.176 - - [19/Jul/2025:23:05:48 +0000] "GET http://51.89.169.208:80/sql/scripts/setup.php HTTP/1.0" 301 238 "-" "-"
8.210.37.176 - - [19/Jul/2025:23:05:48 +0000] "GET http://51.89.169.208:80/mysql/scripts/setup.php HTTP/1.0" 301 240 "-" "-"
8.210.37.176 - - [19/Jul/2025:23:05:48 +0000] "GET http://51.89.169.208:80/phpMyAdmin/scripts/setup.php HTTP/1.0" 301 245 "-" "-"
8.210.37.176 - - [19/Jul/2025:23:05:49 +0000] "GET http://51.89.169.208:80/phpMyAdmin2/scripts/setup.php HTTP/1.0" 301 246 "-" "-"
8.210.37.176 - - [19/Jul/2025:23:05:49 +0000] "GET http://51.89.169.208:80/phpma/scripts/setup.php HTTP/1.0" 301 240 "-" "-"
8.210.37.176 - - [19/Jul/2025:23:05:50 +0000] "GET http://51.89.169.208:80/db/scripts/setup.php HTTP/1.0" 301 237 "-" "-"
8.210.37.176 - - [19/Jul/2025:23:05:50 +0000] "GET http://51.89.169.208:80/MyAdmin/scripts/setup.php HTTP/1.0" 301 242 "-" "-"
8.210.37.176 - - [19/Jul/2025:23:05:50 +0000] "GET http://51.89.169.208:80/dbadmin/scripts/setup.php HTTP/1.0" 301 242 "-" "-"
8.210.37.176 - - [19/Jul/2025:23:05:51 +0000] "GET http://51.89.169.208:80/_phpMyAdmin/scripts/setup.php HTTP/1.0" 301 246 "-" "-"
8.210.37.176 - - [19/Jul/2025:23:05:51 +0000] "GET http://51.89.169.208:80/phpMyAdmin-2.11.9.2/scripts/setup.php HTTP/1.0" 301 254 "-" "-"
8.210.37.176 - - [19/Jul/2025:23:05:52 +0000] "GET http://51.89.169.208:80/php/scripts/setup.php HTTP/1.0" 301 238 "-" "-"
8.210.37.176 - - [19/Jul/2025:23:05:52 +0000] "GET http://51.89.169.208:80/myadmin/scripts/setup.php HTTP/1.0" 301 242 "-" "-"
8.210.37.176 - - [19/Jul/2025:23:05:52 +0000] "GET http://51.89.169.208:80/sqlweb/scripts/setup.php HTTP/1.0" 301 241 "-" "-"
8.210.37.176 - - [19/Jul/2025:23:05:53 +0000] "GET http://51.89.169.208:80/mysql-admin/scripts/setup.php HTTP/1.0" 301 246 "-" "-"
8.210.37.176 - - [19/Jul/2025:23:05:53 +0000] "GET http://51.89.169.208:80/phpMyAdmin-2.10.3/scripts/setup.php HTTP/1.0" 301 252 "-" "-"
216.144.248.30 - - [19/Jul/2025:23:08:44 +0000] "HEAD / HTTP/1.1" 301 - "http://yellowleaf.co.uk" "Mozilla/5.0+(compatible; UptimeRobot/2.0; http://www.uptimerobot.com/)"
85.208.98.23 - - [19/Jul/2025:23:11:33 +0000] "GET /robots.txt HTTP/1.1" 301 247 "-" "Mozilla/5.0 (compatible; SemrushBot-BA; +http://www.semrush.com/bot.html)"
85.208.98.23 - - [19/Jul/2025:23:11:33 +0000] "GET /robots.txt HTTP/1.1" 301 243 "-" "Mozilla/5.0 (compatible; SemrushBot-BA; +http://www.semrush.com/bot.html)"
85.208.98.23 - - [19/Jul/2025:23:11:47 +0000] "GET /robots.txt HTTP/1.1" 301 247 "-" "Mozilla/5.0 (compatible; SemrushBot-BA; +http://www.semrush.com/bot.html)"
134.209.209.253 - - [19/Jul/2025:23:13:00 +0000] "GET / HTTP/1.1" 301 237 "-" "Mozilla/5.0 (X11; Linux x86_64) AppleWebKit/537.36 (KHTML, like Gecko) Chrome/72.0.3626.121 Safari/537.36"
134.209.209.253 - - [19/Jul/2025:23:13:04 +0000] "GET /favicon.ico HTTP/1.1" 301 248 "-" "Mozilla/5.0 (X11; Linux x86_64) AppleWebKit/537.36 (KHTML, like Gecko) Chrome/72.0.3626.121 Safari/537.36"
134.209.209.253 - - [19/Jul/2025:23:13:04 +0000] "GET /robots.txt HTTP/1.1" 301 247 "-" "Mozilla/5.0 (X11; Linux x86_64) AppleWebKit/537.36 (KHTML, like Gecko) Chrome/72.0.3626.121 Safari/537.36"
85.208.98.23 - - [19/Jul/2025:23:13:12 +0000] "GET /robots.txt HTTP/1.1" 301 247 "-" "Mozilla/5.0 (compatible; SemrushBot-BA; +http://www.semrush.com/bot.html)"
216.144.248.25 - - [19/Jul/2025:23:13:50 +0000] "HEAD / HTTP/1.1" 301 - "http://yellowleaf.co.uk" "Mozilla/5.0+(compatible; UptimeRobot/2.0; http://www.uptimerobot.com/)"
85.208.98.23 - - [19/Jul/2025:23:13:50 +0000] "GET /robots.txt HTTP/1.1" 301 243 "-" "Mozilla/5.0 (compatible; SemrushBot-BA; +http://www.semrush.com/bot.html)"
85.208.98.23 - - [19/Jul/2025:23:14:09 +0000] "GET /robots.txt HTTP/1.1" 301 247 "-" "Mozilla/5.0 (compatible; SemrushBot-BA; +http://www.semrush.com/bot.html)"
