40.113.91.248 - - [19/Jul/2025:18:30:59 +0000] "GET /wp-content/themes/classic/inc/ HTTP/1.1" 301 263 "-" "-"
40.113.91.248 - - [19/Jul/2025:18:30:59 +0000] "GET /wp-content/plugins/ninja-forms/ HTTP/1.1" 301 264 "-" "-"
40.113.91.248 - - [19/Jul/2025:18:30:59 +0000] "GET /wp-content/mu-plugins/ HTTP/1.1" 301 255 "-" "-"
40.113.91.248 - - [19/Jul/2025:18:30:59 +0000] "GET /ALFA_DATA/ HTTP/1.1" 301 243 "-" "-"
40.113.91.248 - - [19/Jul/2025:18:30:59 +0000] "GET /.well-knownold/ HTTP/1.1" 301 248 "-" "-"
40.113.91.248 - - [19/Jul/2025:18:30:59 +0000] "GET /uploads/ HTTP/1.1" 301 241 "-" "-"
40.113.91.248 - - [19/Jul/2025:18:30:59 +0000] "GET /admin/uploads/ HTTP/1.1" 301 247 "-" "-"
40.113.91.248 - - [19/Jul/2025:18:30:59 +0000] "GET /Admin/uploads/ HTTP/1.1" 301 247 "-" "-"
40.113.91.248 - - [19/Jul/2025:18:30:59 +0000] "GET /upload/image/ HTTP/1.1" 301 246 "-" "-"
40.113.91.248 - - [19/Jul/2025:18:30:59 +0000] "GET /vendor/ HTTP/1.1" 301 240 "-" "-"
40.113.91.248 - - [19/Jul/2025:18:30:59 +0000] "GET /local/ HTTP/1.1" 301 239 "-" "-"
40.113.91.248 - - [19/Jul/2025:18:31:00 +0000] "GET /modules/ HTTP/1.1" 301 241 "-" "-"
40.113.91.248 - - [19/Jul/2025:18:31:00 +0000] "GET /system/ HTTP/1.1" 301 240 "-" "-"
40.113.91.248 - - [19/Jul/2025:18:31:00 +0000] "GET /template/ HTTP/1.1" 301 242 "-" "-"
40.113.91.248 - - [19/Jul/2025:18:31:00 +0000] "GET /shop/ HTTP/1.1" 301 238 "-" "-"
40.113.91.248 - - [19/Jul/2025:18:31:00 +0000] "GET /plugins/ HTTP/1.1" 301 241 "-" "-"
40.113.91.248 - - [19/Jul/2025:18:31:00 +0000] "GET /wp-includes/SimplePie/Content/Type/ HTTP/1.1" 301 268 "-" "-"
40.113.91.248 - - [19/Jul/2025:18:31:00 +0000] "GET /wp-includes/Requests/Transport/ HTTP/1.1" 301 264 "-" "-"
40.113.91.248 - - [19/Jul/2025:18:31:00 +0000] "GET /wp-includes/Requests/Utility/ HTTP/1.1" 301 262 "-" "-"
40.113.91.248 - - [19/Jul/2025:18:31:00 +0000] "GET /wp-includes/Requests/Exception/HTTP/ HTTP/1.1" 301 269 "-" "-"
40.113.91.248 - - [19/Jul/2025:18:31:00 +0000] "GET /wp-includes/Requests/Auth/ HTTP/1.1" 301 259 "-" "-"
40.113.91.248 - - [19/Jul/2025:18:31:00 +0000] "GET /wp-includes/sodium_compat/src/ HTTP/1.1" 301 263 "-" "-"
40.113.91.248 - - [19/Jul/2025:18:31:00 +0000] "GET /wp-includes/html-api/ HTTP/1.1" 301 254 "-" "-"
40.113.91.248 - - [19/Jul/2025:18:31:00 +0000] "GET /wp-includes/js/ HTTP/1.1" 301 248 "-" "-"
40.113.91.248 - - [19/Jul/2025:18:31:00 +0000] "GET /wp-includes/php-compat/ HTTP/1.1" 301 256 "-" "-"
40.113.91.248 - - [19/Jul/2025:18:31:00 +0000] "GET /wp-includes/random_compat/ HTTP/1.1" 301 259 "-" "-"
40.113.91.248 - - [19/Jul/2025:18:31:00 +0000] "GET /admin/images/slider/ HTTP/1.1" 301 253 "-" "-"
40.113.91.248 - - [19/Jul/2025:18:31:00 +0000] "GET /admin/fckeditor/editor/filemanager/ HTTP/1.1" 301 268 "-" "-"
40.113.91.248 - - [19/Jul/2025:18:31:00 +0000] "GET /sites/default/files/ HTTP/1.1" 301 253 "-" "-"
40.113.91.248 - - [19/Jul/2025:18:31:00 +0000] "GET /admin/controller/extension/extension/ HTTP/1.1" 301 270 "-" "-"
40.113.91.248 - - [19/Jul/2025:18:31:00 +0000] "GET /components/ HTTP/1.1" 301 244 "-" "-"
40.113.91.248 - - [19/Jul/2025:18:31:00 +0000] "GET /admin/uploads/images/ HTTP/1.1" 301 254 "-" "-"
40.113.91.248 - - [19/Jul/2025:18:31:00 +0000] "GET /wp-admin/meta/ HTTP/1.1" 301 247 "-" "-"
40.113.91.248 - - [19/Jul/2025:18:31:00 +0000] "GET /meta.php HTTP/1.1" 301 241 "-" "-"
40.113.91.248 - - [19/Jul/2025:18:31:00 +0000] "GET /yindu.php HTTP/1.1" 301 242 "-" "-"
40.113.91.248 - - [19/Jul/2025:18:31:00 +0000] "GET /functions.php HTTP/1.1" 301 246 "-" "-"
40.113.91.248 - - [19/Jul/2025:18:31:00 +0000] "GET /cron.php HTTP/1.1" 301 241 "-" "-"
40.113.91.248 - - [19/Jul/2025:18:31:00 +0000] "GET /gecko-new.php HTTP/1.1" 301 246 "-" "-"
40.113.91.248 - - [19/Jul/2025:18:31:00 +0000] "GET /cookie.php HTTP/1.1" 301 243 "-" "-"
40.113.91.248 - - [19/Jul/2025:18:31:00 +0000] "GET /spip.php HTTP/1.1" 301 241 "-" "-"
40.113.91.248 - - [19/Jul/2025:18:31:00 +0000] "GET /22.php HTTP/1.1" 301 239 "-" "-"
40.113.91.248 - - [19/Jul/2025:18:31:01 +0000] "GET /room.php HTTP/1.1" 301 241 "-" "-"
40.113.91.248 - - [19/Jul/2025:18:31:01 +0000] "GET /feeds.php HTTP/1.1" 301 242 "-" "-"
40.113.91.248 - - [19/Jul/2025:18:31:01 +0000] "GET /xmlrpc.php0 HTTP/1.1" 301 244 "-" "-"
40.113.91.248 - - [19/Jul/2025:18:31:01 +0000] "GET /colors.php HTTP/1.1" 301 243 "-" "-"
40.113.91.248 - - [19/Jul/2025:18:31:01 +0000] "GET /alfa-rex1.php HTTP/1.1" 301 246 "-" "-"
40.113.91.248 - - [19/Jul/2025:18:31:01 +0000] "GET /wxo.php HTTP/1.1" 301 240 "-" "-"
40.113.91.248 - - [19/Jul/2025:18:31:01 +0000] "GET /colour.php HTTP/1.1" 301 243 "-" "-"
40.113.91.248 - - [19/Jul/2025:18:31:01 +0000] "GET /files.php HTTP/1.1" 301 242 "-" "-"
40.113.91.248 - - [19/Jul/2025:18:31:01 +0000] "GET /wp-contentt.php HTTP/1.1" 301 248 "-" "-"
40.113.91.248 - - [19/Jul/2025:18:31:01 +0000] "GET /config.php7 HTTP/1.1" 301 244 "-" "-"
40.113.91.248 - - [19/Jul/2025:18:31:01 +0000] "GET /theme.php HTTP/1.1" 301 242 "-" "-"
40.113.91.248 - - [19/Jul/2025:18:31:01 +0000] "GET /block-bindings.php HTTP/1.1" 301 251 "-" "-"
40.113.91.248 - - [19/Jul/2025:18:31:01 +0000] "GET /class_api.php HTTP/1.1" 301 246 "-" "-"
40.113.91.248 - - [19/Jul/2025:18:31:01 +0000] "GET /root.php HTTP/1.1" 301 241 "-" "-"
40.113.91.248 - - [19/Jul/2025:18:31:01 +0000] "GET /configs.php HTTP/1.1" 301 244 "-" "-"
40.113.91.248 - - [19/Jul/2025:18:31:01 +0000] "GET /update.php HTTP/1.1" 301 243 "-" "-"
40.113.91.248 - - [19/Jul/2025:18:31:01 +0000] "GET /aaa.php HTTP/1.1" 301 240 "-" "-"
40.113.91.248 - - [19/Jul/2025:18:31:01 +0000] "GET /wp-includes/ HTTP/1.1" 301 245 "-" "-"
40.113.91.248 - - [19/Jul/2025:18:31:01 +0000] "GET /wp-includes/css/ HTTP/1.1" 301 249 "-" "-"
40.113.91.248 - - [19/Jul/2025:18:31:01 +0000] "GET /wp-includes/IXR/ HTTP/1.1" 301 249 "-" "-"
40.113.91.248 - - [19/Jul/2025:18:31:01 +0000] "GET /wp-includes/Requests/ HTTP/1.1" 301 254 "-" "-"
40.113.91.248 - - [19/Jul/2025:18:31:01 +0000] "GET /wp-includes/SimplePie/ HTTP/1.1" 301 255 "-" "-"
40.113.91.248 - - [19/Jul/2025:18:31:01 +0000] "GET /wp-includes/Text/ HTTP/1.1" 301 250 "-" "-"
40.113.91.248 - - [19/Jul/2025:18:31:01 +0000] "GET /wp-includes/Text/Diff/Renderer/ HTTP/1.1" 301 264 "-" "-"
40.113.91.248 - - [19/Jul/2025:18:31:01 +0000] "GET /wp-includes/blocks/ HTTP/1.1" 301 252 "-" "-"
40.113.91.248 - - [19/Jul/2025:18:31:01 +0000] "GET /wp-includes/certificates/ HTTP/1.1" 301 258 "-" "-"
40.113.91.248 - - [19/Jul/2025:18:31:01 +0000] "GET /wp-includes/customize/ HTTP/1.1" 301 255 "-" "-"
40.113.91.248 - - [19/Jul/2025:18:31:01 +0000] "GET /wp-includes/images/ HTTP/1.1" 301 252 "-" "-"
40.113.91.248 - - [19/Jul/2025:18:31:01 +0000] "GET /.well-known/ HTTP/1.1" 301 245 "-" "-"
40.113.91.248 - - [19/Jul/2025:18:31:01 +0000] "GET /.well-known/acme-challenge/ HTTP/1.1" 301 260 "-" "-"
40.113.91.248 - - [19/Jul/2025:18:31:01 +0000] "GET /upload/ HTTP/1.1" 301 240 "-" "-"
40.113.91.248 - - [19/Jul/2025:18:31:01 +0000] "GET /admin/ HTTP/1.1" 301 239 "-" "-"
40.113.91.248 - - [19/Jul/2025:18:31:01 +0000] "GET /vendor/phpunit/phpunit/src/Util/PHP/ HTTP/1.1" 301 269 "-" "-"
40.113.91.248 - - [19/Jul/2025:18:31:01 +0000] "GET /assets/images/ HTTP/1.1" 301 247 "-" "-"
40.113.91.248 - - [19/Jul/2025:18:31:02 +0000] "GET /files/ HTTP/1.1" 301 239 "-" "-"
40.113.91.248 - - [19/Jul/2025:18:31:02 +0000] "GET /admin/editor/ HTTP/1.1" 301 246 "-" "-"
40.113.91.248 - - [19/Jul/2025:18:31:02 +0000] "GET /include/ HTTP/1.1" 301 241 "-" "-"
40.113.91.248 - - [19/Jul/2025:18:31:02 +0000] "GET /wp-includes/assets/ HTTP/1.1" 301 252 "-" "-"
40.113.91.248 - - [19/Jul/2025:18:31:02 +0000] "GET /wp-includes/Text/Diff/Engine/ HTTP/1.1" 301 262 "-" "-"
40.113.91.248 - - [19/Jul/2025:18:31:02 +0000] "GET /wp-includes/Text/Diff/ HTTP/1.1" 301 255 "-" "-"
40.113.91.248 - - [19/Jul/2025:18:31:02 +0000] "GET /wp-includes/block-supports/ HTTP/1.1" 301 260 "-" "-"
40.113.91.248 - - [19/Jul/2025:18:31:02 +0000] "GET /wp-includes/SimplePie/Cache/ HTTP/1.1" 301 261 "-" "-"
40.113.91.248 - - [19/Jul/2025:18:31:02 +0000] "GET /wp-includes/SimplePie/Content/ HTTP/1.1" 301 263 "-" "-"
40.113.91.248 - - [19/Jul/2025:18:31:02 +0000] "GET /wp-includes/rest-api/endpoints/ HTTP/1.1" 301 264 "-" "-"
40.113.91.248 - - [19/Jul/2025:18:31:02 +0000] "GET /wp-includes/rest-api/fields/ HTTP/1.1" 301 261 "-" "-"
40.113.91.248 - - [19/Jul/2025:18:31:02 +0000] "GET /wp-includes/Requests/Cookie/ HTTP/1.1" 301 261 "-" "-"
40.113.91.248 - - [19/Jul/2025:18:31:02 +0000] "GET /wp-includes/Requests/Proxy/ HTTP/1.1" 301 260 "-" "-"
40.113.91.248 - - [19/Jul/2025:18:31:02 +0000] "GET /wp-includes/Requests/Response/ HTTP/1.1" 301 263 "-" "-"
40.113.91.248 - - [19/Jul/2025:18:31:02 +0000] "GET /wp-includes/js/crop/ HTTP/1.1" 301 253 "-" "-"
40.113.91.248 - - [19/Jul/2025:18:31:02 +0000] "GET /wp-includes/images/media/ HTTP/1.1" 301 258 "-" "-"
40.113.91.248 - - [19/Jul/2025:18:31:02 +0000] "GET /wp-includes/images/smilies/ HTTP/1.1" 301 260 "-" "-"
40.113.91.248 - - [19/Jul/2025:18:31:02 +0000] "GET /wp-includes/images/wlw/ HTTP/1.1" 301 256 "-" "-"
40.113.91.248 - - [19/Jul/2025:18:31:02 +0000] "GET /wp-includes/Requests/Exception/ HTTP/1.1" 301 264 "-" "-"
40.113.91.248 - - [19/Jul/2025:18:31:02 +0000] "GET /wp-includes/sitemaps/providers/ HTTP/1.1" 301 264 "-" "-"
40.113.91.248 - - [19/Jul/2025:18:31:02 +0000] "GET /wp-includes/Text/Diff/Engine/Engine/ HTTP/1.1" 301 269 "-" "-"
40.113.91.248 - - [19/Jul/2025:18:31:02 +0000] "GET /wp-includes/PHPMailer/ HTTP/1.1" 301 255 "-" "-"
40.113.91.248 - - [19/Jul/2025:18:31:02 +0000] "GET /wp-includes/rest-api/ HTTP/1.1" 301 254 "-" "-"
40.113.91.248 - - [19/Jul/2025:18:31:02 +0000] "GET /wp-includes/sitemaps/ HTTP/1.1" 301 254 "-" "-"
40.113.91.248 - - [19/Jul/2025:18:31:02 +0000] "GET /wp-includes/sodium_compat/ HTTP/1.1" 301 259 "-" "-"
40.113.91.248 - - [19/Jul/2025:18:31:02 +0000] "GET /wp-includes/theme-compat/ HTTP/1.1" 301 258 "-" "-"
40.113.91.248 - - [19/Jul/2025:18:31:02 +0000] "GET /wp-admin/css/colors/ectoplasm/ HTTP/1.1" 301 263 "-" "-"
40.113.91.248 - - [19/Jul/2025:18:31:02 +0000] "GET /wp-admin/css/colors/ HTTP/1.1" 301 253 "-" "-"
40.113.91.248 - - [19/Jul/2025:18:31:02 +0000] "GET /modules/mod_simplefileuploadv1.3/elements/ HTTP/1.1" 301 275 "-" "-"
40.113.91.248 - - [19/Jul/2025:18:31:02 +0000] "GET /wp-admin/css/ HTTP/1.1" 301 246 "-" "-"
40.113.91.248 - - [19/Jul/2025:18:31:03 +0000] "GET /wp-admin/images/ HTTP/1.1" 301 249 "-" "-"
40.113.91.248 - - [19/Jul/2025:18:31:03 +0000] "GET /wp-admin/maint/ HTTP/1.1" 301 248 "-" "-"
40.113.91.248 - - [19/Jul/2025:18:31:03 +0000] "GET /wp-admin/network/ HTTP/1.1" 301 250 "-" "-"
40.113.91.248 - - [19/Jul/2025:18:31:03 +0000] "GET /wp-admin/user/ HTTP/1.1" 301 247 "-" "-"
40.113.91.248 - - [19/Jul/2025:18:31:03 +0000] "GET /wp-admin/includes/ HTTP/1.1" 301 251 "-" "-"
40.113.91.248 - - [19/Jul/2025:18:31:03 +0000] "GET /1.php HTTP/1.1" 301 238 "-" "-"
40.113.91.248 - - [19/Jul/2025:18:31:03 +0000] "GET /hehe.php HTTP/1.1" 301 241 "-" "-"
40.113.91.248 - - [19/Jul/2025:18:31:03 +0000] "GET /user.php HTTP/1.1" 301 241 "-" "-"
40.113.91.248 - - [19/Jul/2025:18:31:03 +0000] "GET /wp-2019.php HTTP/1.1" 301 244 "-" "-"
40.113.91.248 - - [19/Jul/2025:18:31:03 +0000] "GET /disagreed.php HTTP/1.1" 301 246 "-" "-"
40.113.91.248 - - [19/Jul/2025:18:31:03 +0000] "GET /text.php HTTP/1.1" 301 241 "-" "-"
40.113.91.248 - - [19/Jul/2025:18:31:03 +0000] "GET /alfa-rex.php HTTP/1.1" 301 245 "-" "-"
40.113.91.248 - - [19/Jul/2025:18:31:03 +0000] "GET /radio.php HTTP/1.1" 301 242 "-" "-"
40.113.91.248 - - [19/Jul/2025:18:31:03 +0000] "GET /defaults.php HTTP/1.1" 301 245 "-" "-"
40.113.91.248 - - [19/Jul/2025:18:31:03 +0000] "GET /xmlrpc.php HTTP/1.1" 301 243 "-" "-"
40.113.91.248 - - [19/Jul/2025:18:31:03 +0000] "GET /updates.php HTTP/1.1" 301 244 "-" "-"
40.113.91.248 - - [19/Jul/2025:18:31:03 +0000] "GET /wp-index.php HTTP/1.1" 301 245 "-" "-"
40.113.91.248 - - [19/Jul/2025:18:31:03 +0000] "GET /alfanew.php7 HTTP/1.1" 301 245 "-" "-"
40.113.91.248 - - [19/Jul/2025:18:31:03 +0000] "GET /locale.php HTTP/1.1" 301 243 "-" "-"
40.113.91.248 - - [19/Jul/2025:18:31:03 +0000] "GET /inputs.php HTTP/1.1" 301 243 "-" "-"
40.113.91.248 - - [19/Jul/2025:18:31:03 +0000] "GET /menu.php HTTP/1.1" 301 241 "-" "-"
40.113.91.248 - - [19/Jul/2025:18:31:03 +0000] "GET /plugin.php HTTP/1.1" 301 243 "-" "-"
40.113.91.248 - - [19/Jul/2025:18:31:03 +0000] "GET /cloud.php HTTP/1.1" 301 242 "-" "-"
40.113.91.248 - - [19/Jul/2025:18:31:03 +0000] "GET /2.php HTTP/1.1" 301 238 "-" "-"
40.113.91.248 - - [19/Jul/2025:18:31:03 +0000] "GET /input.php HTTP/1.1" 301 242 "-" "-"
34.52.180.137 - - [19/Jul/2025:18:31:39 +0000] "GET /robots.txt HTTP/1.1" 301 243 "-" "Mozilla/5.0 (compatible; VelenPublicWebCrawler/1.0; +https://velen.io)"
34.52.180.137 - - [19/Jul/2025:18:31:41 +0000] "GET /pages/7596-try-mediation.html HTTP/1.1" 301 262 "-" "Mozilla/5.0 (compatible; VelenPublicWebCrawler/1.0; +https://velen.io)"
161.0.12.194 - - [19/Jul/2025:18:33:39 +0000] "GET /members/uploads/2/13350_2.jpg HTTP/1.1" 301 266 "https://www.google.com/" "Mozilla/5.0 (X11; Ubuntu; Linux x86_64; rv:72.0) Gecko/20100101 Firefox/72.0"
216.144.248.24 - - [19/Jul/2025:18:34:29 +0000] "HEAD / HTTP/1.1" 301 - "http://yellowleaf.co.uk" "Mozilla/5.0+(compatible; UptimeRobot/2.0; http://www.uptimerobot.com/)"
84.32.105.99 - - [19/Jul/2025:18:34:37 +0000] "GET /members/uploads/2/5665_2.jpg HTTP/1.1" 301 265 "https://www.google.com/" "Mozilla/5.0 (Windows NT 10.0; Win64; x64; rv:114.0) Gecko/20100101 Firefox/114.0"
38.79.210.165 - - [19/Jul/2025:18:35:15 +0000] "GET /members/uploads/2/846_2.jpg HTTP/1.1" 301 264 "https://www.google.com/" "Mozilla/5.0 (Windows NT 10.0; Win64; x64; rv:114.0) Gecko/20100101 Firefox/114.0"
57.141.0.8 - - [19/Jul/2025:18:39:18 +0000] "GET /pages/43533-doors-galore.html HTTP/1.1" 301 262 "-" "meta-externalagent/1.1 (+https://developers.facebook.com/docs/sharing/webmasters/crawler)"
216.144.248.18 - - [19/Jul/2025:18:39:35 +0000] "HEAD / HTTP/1.1" 301 - "http://yellowleaf.co.uk" "Mozilla/5.0+(compatible; UptimeRobot/2.0; http://www.uptimerobot.com/)"
216.144.248.18 - - [19/Jul/2025:18:44:39 +0000] "HEAD / HTTP/1.1" 301 - "http://yellowleaf.co.uk" "Mozilla/5.0+(compatible; UptimeRobot/2.0; http://www.uptimerobot.com/)"
85.208.98.18 - - [19/Jul/2025:18:44:48 +0000] "GET / HTTP/1.1" 301 233 "-" "Mozilla/5.0 (compatible; SemrushBot; +http://www.semrush.com/bot.html)"
216.144.248.23 - - [19/Jul/2025:18:49:43 +0000] "HEAD / HTTP/1.1" 301 - "http://yellowleaf.co.uk" "Mozilla/5.0+(compatible; UptimeRobot/2.0; http://www.uptimerobot.com/)"
216.144.248.25 - - [19/Jul/2025:18:54:47 +0000] "HEAD / HTTP/1.1" 301 - "http://yellowleaf.co.uk" "Mozilla/5.0+(compatible; UptimeRobot/2.0; http://www.uptimerobot.com/)"
173.211.96.229 - - [19/Jul/2025:18:56:15 +0000] "GET /members/uploads/4/7974_4.jpg HTTP/1.1" 301 265 "https://www.google.com/" "Mozilla/5.0 (Macintosh; Intel Mac OS X 10_15_7) AppleWebKit/605.1.15 (KHTML, like Gecko) Version/14.0.3 Safari/605.1.15"
216.144.248.30 - - [19/Jul/2025:18:59:51 +0000] "HEAD / HTTP/1.1" 301 - "http://yellowleaf.co.uk" "Mozilla/5.0+(compatible; UptimeRobot/2.0; http://www.uptimerobot.com/)"
195.170.172.128 - - [19/Jul/2025:19:00:03 +0000] "\x16\x03\x01\x02" 403 - "-" "-"
195.170.172.128 - - [19/Jul/2025:19:00:03 +0000] "{\"id\": 1, \"method\": \"mining.subscribe\", \"params\": [\"cpuminer/2.5.1\"]}\n" 403 - "-" "-"
195.170.172.128 - - [19/Jul/2025:19:00:03 +0000] "{\"id\": 1, \"method\": \"mining.subscribe\", \"params\": [\"MinerName/1.0.0\", \"EthereumStratum/1.0.0\"]}\n" 403 - "-" "-"
195.170.172.128 - - [19/Jul/2025:19:00:03 +0000] "{\"id\":1,\"method\":\"eth_submitLogin\",\"worker\":\"igwrcvap\",\"params\":[\"0x4264e4f1ec84f7cd0ec59e98a94f9e3b031122cc\",\"x\"],\"jsonrpc\":\"2.0\"}\n" 403 - "-" "-"
195.170.172.128 - - [19/Jul/2025:19:00:03 +0000] "{\"id\":1,\"jsonrpc\":\"2.0\",\"method\":\"login\",\"params\":{\"login\":\"46cnjTXxfRk9ciDiJmkuRYbmzQNvd4tVd4dmeaYe4KuZ1UmNVhigtqS6qpJ6m8RrX8EMMHwNN2HYKFo2A5rESAPDVgyi6mH\",\"pass\":\"x\",\"agent\":\"XMRig/6.15.3 (Windows NT 10.0; Win64; x64) libuv/1.42.0 msvc/2019\",\"algo\":[\"cn/1\",\"cn/2\",\"cn/r\",\"cn/fast\",\"cn/half\",\"cn/xao\",\"cn/rto\",\"cn/rwz\",\"cn/zls\",\"cn/double\",\"cn/ccx\",\"cn-lite/1\",\"cn-heavy/0\",\"cn-heavy/tube\",\"cn-heavy/xhv\",\"cn-pico\",\"cn-pico/tlo\",\"cn/upx2\",\"rx/0\",\"rx/wow\",\"rx/arq\",\"rx/graft\",\"rx/sfx\",\"rx/keva\",\"argon2/chukwa\",\"argon2/chukwav2\",\"argon2/ninja\",\"astrobwt\"]}}\n" 403 - "-" "-"
195.170.172.128 - - [19/Jul/2025:19:00:03 +0000] "GET / HTTP/1.1" 301 230 "-" "Mozilla/5.0 (Windows NT 10.0; Win64; x64) AppleWebKit/537.36 (KHTML, like Gecko) Chrome/94.0.4606.61 Safari/537.36"
195.170.172.128 - - [19/Jul/2025:19:00:04 +0000] "POST / HTTP/1.1" 301 230 "-" "Mozilla/5.0 (Windows NT 10.0; Win64; x64) AppleWebKit/537.36 (KHTML, like Gecko) Chrome/94.0.4606.61 Safari/537.36"
195.170.172.128 - - [19/Jul/2025:19:00:04 +0000] "POST / HTTP/1.1" 301 230 "-" "Mozilla/5.0 (Windows NT 10.0; Win64; x64) AppleWebKit/537.36 (KHTML, like Gecko) Chrome/94.0.4606.61 Safari/537.36"
195.170.172.128 - - [19/Jul/2025:19:00:05 +0000] "GET /WuEL HTTP/1.1" 301 234 "-" "Mozilla/5.0 (compatible; MSIE 9.0; Windows NT 6.1; Trident/5.0; ; NCLIENT50_AAPCDA5841E333)"
195.170.172.128 - - [19/Jul/2025:19:00:05 +0000] "GET stager64 HTTP/1.1" 403 - "-" "-"
195.170.172.128 - - [19/Jul/2025:19:00:05 +0000] "GET /a HTTP/1.1" 301 231 "-" "Mozilla/5.0 (Windows NT 10.0; Win64; x64) AppleWebKit/537.36 (KHTML, like Gecko) Chrome/94.0.4606.61 Safari/537.36"
195.170.172.128 - - [19/Jul/2025:19:00:05 +0000] "GET /download/file.ext HTTP/1.1" 301 247 "-" "Mozilla/5.0 (Windows NT 10.0; Win64; x64) AppleWebKit/537.36 (KHTML, like Gecko) Chrome/94.0.4606.61 Safari/537.36"
195.170.172.128 - - [19/Jul/2025:19:00:06 +0000] "GET /SiteLoader HTTP/1.1" 301 240 "-" "Mozilla/5.0 (Windows NT 10.0; Win64; x64) AppleWebKit/537.36 (KHTML, like Gecko) Chrome/94.0.4606.61 Safari/537.36"
195.170.172.128 - - [19/Jul/2025:19:00:06 +0000] "GET /mPlayer HTTP/1.1" 301 237 "-" "Mozilla/5.0 (Windows NT 10.0; Win64; x64) AppleWebKit/537.36 (KHTML, like Gecko) Chrome/94.0.4606.61 Safari/537.36"
195.170.172.128 - - [19/Jul/2025:19:00:06 +0000] "POST / HTTP/1.1" 400 583 "-" "Mozilla/5.0 (Windows NT 10.0; Win64; x64) AppleWebKit/537.36 (KHTML, like Gecko) Chrome/94.0.4606.61 Safari/537.36"
51.68.107.150 - - [19/Jul/2025:19:01:23 +0000] "GET /robots.txt HTTP/1.1" 301 247 "-" "Mozilla/5.0 (compatible; MJ12bot/v2.0.2; http://mj12bot.com/)"
51.68.107.150 - - [19/Jul/2025:19:01:23 +0000] "GET /pages/27750-stickershop.html HTTP/1.1" 301 265 "-" "Mozilla/5.0 (compatible; MJ12bot/v2.0.2; http://mj12bot.com/)"
216.144.248.28 - - [19/Jul/2025:19:04:55 +0000] "HEAD / HTTP/1.1" 301 - "http://yellowleaf.co.uk" "Mozilla/5.0+(compatible; UptimeRobot/2.0; http://www.uptimerobot.com/)"
141.98.157.148 - - [19/Jul/2025:19:06:37 +0000] "GET / HTTP/1.1" 301 233 "-" "Mozilla/5.0 (Windows NT 10.0; Win64; x64) AppleWebKit/537.36 (KHTML, like Gecko) Chrome/91.0.4472.124 Safari/537.36"
141.98.157.148 - - [19/Jul/2025:19:06:38 +0000] "GET /config.js HTTP/1.1" 301 242 "-" "Mozilla/5.0 (Windows NT 10.0; Win64; x64) AppleWebKit/537.36 (KHTML, like Gecko) Chrome/91.0.4472.124 Safari/537.36"
141.98.157.148 - - [19/Jul/2025:19:06:38 +0000] "GET /admin.js HTTP/1.1" 301 241 "-" "Mozilla/5.0 (Windows NT 10.0; Win64; x64) AppleWebKit/537.36 (KHTML, like Gecko) Chrome/91.0.4472.124 Safari/537.36"
141.98.157.148 - - [19/Jul/2025:19:06:38 +0000] "GET /core.js HTTP/1.1" 301 240 "-" "Mozilla/5.0 (Windows NT 10.0; Win64; x64) AppleWebKit/537.36 (KHTML, like Gecko) Chrome/91.0.4472.124 Safari/537.36"
141.98.157.148 - - [19/Jul/2025:19:06:38 +0000] "GET /env.js HTTP/1.1" 301 239 "-" "Mozilla/5.0 (Windows NT 10.0; Win64; x64) AppleWebKit/537.36 (KHTML, like Gecko) Chrome/91.0.4472.124 Safari/537.36"
141.98.157.148 - - [19/Jul/2025:19:06:38 +0000] "GET /settings.js HTTP/1.1" 301 244 "-" "Mozilla/5.0 (Windows NT 10.0; Win64; x64) AppleWebKit/537.36 (KHTML, like Gecko) Chrome/91.0.4472.124 Safari/537.36"
141.98.157.148 - - [19/Jul/2025:19:06:38 +0000] "GET /data.js HTTP/1.1" 301 240 "-" "Mozilla/5.0 (Windows NT 10.0; Win64; x64) AppleWebKit/537.36 (KHTML, like Gecko) Chrome/91.0.4472.124 Safari/537.36"
209.95.172.134 - - [19/Jul/2025:19:06:47 +0000] "GET /members/uploads/2/2550_2.jpg HTTP/1.1" 301 265 "https://www.google.com/" "Mozilla/5.0 (Windows NT 10.0; Win64; x64; rv:114.0) Gecko/20100101 Firefox/114.0"
20.171.207.82 - - [19/Jul/2025:19:06:49 +0000] "GET / HTTP/1.1" 301 237 "-" "Mozilla/5.0 AppleWebKit/537.36 (KHTML, like Gecko; compatible; GPTBot/1.2; +https://openai.com/gptbot)"
209.95.183.94 - - [19/Jul/2025:19:09:51 +0000] "GET /members/uploads/1/16755_1.jpg HTTP/1.1" 301 266 "https://www.google.com/" "Mozilla/5.0 (X11; Ubuntu; Linux x86_64; rv:72.0) Gecko/20100101 Firefox/72.0"
216.144.248.26 - - [19/Jul/2025:19:10:01 +0000] "HEAD / HTTP/1.1" 301 - "http://yellowleaf.co.uk" "Mozilla/5.0+(compatible; UptimeRobot/2.0; http://www.uptimerobot.com/)"
69.162.124.238 - - [19/Jul/2025:19:15:05 +0000] "HEAD / HTTP/1.1" 301 - "http://yellowleaf.co.uk" "Mozilla/5.0+(compatible; UptimeRobot/2.0; http://www.uptimerobot.com/)"
69.162.124.227 - - [19/Jul/2025:19:20:10 +0000] "HEAD / HTTP/1.1" 301 - "http://yellowleaf.co.uk" "Mozilla/5.0+(compatible; UptimeRobot/2.0; http://www.uptimerobot.com/)"
216.144.248.28 - - [19/Jul/2025:19:25:14 +0000] "HEAD / HTTP/1.1" 301 - "http://yellowleaf.co.uk" "Mozilla/5.0+(compatible; UptimeRobot/2.0; http://www.uptimerobot.com/)"
68.69.186.238 - - [19/Jul/2025:19:25:36 +0000] "GET / HTTP/1.1" 301 233 "-" "-"
2.58.56.113 - - [19/Jul/2025:19:26:34 +0000] "GET /wp-admin/install.php?step=1 HTTP/1.1" 301 260 "-" "Mozilla/5.0 (Macintosh; Intel Mac OS X 10_9_3) AppleWebKit/537.75.14 (KHTML, like Gecko) Version/7.0.3 Safari/7046A194A"
46.44.51.32 - - [19/Jul/2025:19:26:52 +0000] "GET / HTTP/1.0" 301 233 "http://yellowleaf.co.uk/" "Mozilla/5.0 (Windows NT 10.0; Win64; x64) AppleWebKit/537.36 (KHTML, like Gecko) Chrome/130.0.0.0 Safari/537.36 CCleaner/130.0.0.0"
40.88.21.235 - - [19/Jul/2025:19:29:03 +0000] "GET / HTTP/1.1" 301 237 "http://www.yellowleaf.co.uk/" "DuckDuckBot/1.1; (+http://duckduckgo.com/duckduckbot.html)"
216.144.248.18 - - [19/Jul/2025:19:30:20 +0000] "HEAD / HTTP/1.1" 301 - "http://yellowleaf.co.uk" "Mozilla/5.0+(compatible; UptimeRobot/2.0; http://www.uptimerobot.com/)"
93.174.93.12 - - [19/Jul/2025:19:31:25 +0000] "GET / HTTP/1.0" 301 217 "-" "Mozilla/5.0 (Linux; U; Android 1.6; en-us; SonyEricssonX10i Build/R1AA056) AppleWebKit/528.5 (KHTML, like Gecko) Version/3.1.2 Mobile Safari/525.20.1"
91.224.92.17 - - [19/Jul/2025:19:31:33 +0000] "GET / HTTP/1.1" 301 233 "-" "-"
40.88.21.235 - - [19/Jul/2025:19:35:04 +0000] "GET / HTTP/1.1" 301 237 "http://www.yellowleaf.co.uk/" "DuckDuckBot/1.1; (+http://duckduckgo.com/duckduckbot.html)"
216.144.248.27 - - [19/Jul/2025:19:35:24 +0000] "HEAD / HTTP/1.1" 301 - "http://yellowleaf.co.uk" "Mozilla/5.0+(compatible; UptimeRobot/2.0; http://www.uptimerobot.com/)"
192.227.226.200 - - [19/Jul/2025:19:38:56 +0000] "GET /members/uploads/2/10097_2.gif HTTP/1.1" 301 266 "https://www.google.com/" "Mozilla/5.0 (X11; Ubuntu; Linux x86_64; rv:72.0) Gecko/20100101 Firefox/72.0"
69.162.124.238 - - [19/Jul/2025:19:40:29 +0000] "HEAD / HTTP/1.1" 301 - "http://yellowleaf.co.uk" "Mozilla/5.0+(compatible; UptimeRobot/2.0; http://www.uptimerobot.com/)"
43.130.57.76 - - [19/Jul/2025:19:45:25 +0000] "GET /pages/37859-emergencyman-plumber.html HTTP/1.1" 301 274 "-" "Mozilla/5.0 (iPhone; CPU iPhone OS 13_2_3 like Mac OS X) AppleWebKit/605.1.15 (KHTML, like Gecko) Version/13.0.3 Mobile/15E148 Safari/604.1"
216.144.248.19 - - [19/Jul/2025:19:45:32 +0000] "HEAD / HTTP/1.1" 301 - "http://yellowleaf.co.uk" "Mozilla/5.0+(compatible; UptimeRobot/2.0; http://www.uptimerobot.com/)"
170.244.147.129 - - [19/Jul/2025:19:46:02 +0000] "GET /members/uploads/3/652_3.jpg HTTP/1.1" 301 264 "https://www.google.com/" "Mozilla/5.0 (X11; Ubuntu; Linux x86_64; rv:72.0) Gecko/20100101 Firefox/72.0"
111.119.209.39 - - [19/Jul/2025:19:47:35 +0000] "GET /near-me/web-designs/warrington-in-cheshire HTTP/1.1" 301 279 "http://www.yellowleaf.co.uk/near-me/web-designs/warrington-in-cheshire" "Mozilla/5.0 (Macintosh; Intel Mac OS X 10_15_7) AppleWebKit/537.36 (KHTML, like Gecko) Chrome/119.0.0.0 Safari/537.36"
206.168.34.61 - - [19/Jul/2025:19:48:00 +0000] "GET / HTTP/1.1" 301 238 "-" "Mozilla/5.0 (compatible; CensysInspect/1.1; +https://about.censys.io/)"
206.168.34.61 - - [19/Jul/2025:19:48:08 +0000] "PRI * HTTP/2.0" 403 - "-" "-"
206.168.34.61 - - [19/Jul/2025:19:48:27 +0000] "GET /favicon.ico HTTP/1.1" 301 249 "-" "Mozilla/5.0 (compatible; CensysInspect/1.1; +https://about.censys.io/)"
206.168.34.61 - - [19/Jul/2025:19:48:45 +0000] "PRI * HTTP/2.0" 403 - "-" "-"
206.168.34.61 - - [19/Jul/2025:19:48:59 +0000] "\x16\x03\x01\x01\x0c\x01" 403 - "-" "-"
206.168.34.61 - - [19/Jul/2025:19:49:22 +0000] "GET /sitemap.xml HTTP/1.1" 301 249 "-" "Mozilla/5.0 (compatible; CensysInspect/1.1; +https://about.censys.io/)"
216.144.248.22 - - [19/Jul/2025:19:50:36 +0000] "HEAD / HTTP/1.1" 301 - "http://yellowleaf.co.uk" "Mozilla/5.0+(compatible; UptimeRobot/2.0; http://www.uptimerobot.com/)"
209.99.146.243 - - [19/Jul/2025:19:53:13 +0000] "GET /members/uploads/1/10156_1.jpg HTTP/1.1" 301 266 "https://www.google.com/" "Mozilla/5.0 (X11; Ubuntu; Linux x86_64; rv:72.0) Gecko/20100101 Firefox/72.0"
216.144.248.28 - - [19/Jul/2025:19:55:40 +0000] "HEAD / HTTP/1.1" 301 - "http://yellowleaf.co.uk" "Mozilla/5.0+(compatible; UptimeRobot/2.0; http://www.uptimerobot.com/)"
84.32.157.195 - - [19/Jul/2025:19:56:36 +0000] "GET /members/uploads/1/10165_1.jpg HTTP/1.1" 301 266 "https://www.google.com/" "Mozilla/5.0 (X11; Ubuntu; Linux x86_64; rv:72.0) Gecko/20100101 Firefox/72.0"
204.44.80.102 - - [19/Jul/2025:19:57:15 +0000] "GET /members/uploads/1/12052_1.jpg HTTP/1.1" 301 266 "https://www.google.com/" "Mozilla/5.0 (Windows NT 10.0; Win64; x64; rv:114.0) Gecko/20100101 Firefox/114.0"
84.32.174.138 - - [19/Jul/2025:19:57:50 +0000] "GET /members/uploads/2/16772_2.jpg HTTP/1.1" 301 266 "https://www.google.com/" "Mozilla/5.0 (Windows NT 10.0; Win64; x64; rv:114.0) Gecko/20100101 Firefox/114.0"
69.162.124.227 - - [19/Jul/2025:20:00:46 +0000] "HEAD / HTTP/1.1" 301 - "http://yellowleaf.co.uk" "Mozilla/5.0+(compatible; UptimeRobot/2.0; http://www.uptimerobot.com/)"
216.144.248.22 - - [19/Jul/2025:20:05:50 +0000] "HEAD / HTTP/1.1" 301 - "http://yellowleaf.co.uk" "Mozilla/5.0+(compatible; UptimeRobot/2.0; http://www.uptimerobot.com/)"
85.208.98.23 - - [19/Jul/2025:20:08:21 +0000] "GET /robots.txt HTTP/1.1" 301 243 "-" "Mozilla/5.0 (compatible; SemrushBot-BA; +http://www.semrush.com/bot.html)"
85.208.98.23 - - [19/Jul/2025:20:08:21 +0000] "GET /robots.txt HTTP/1.1" 301 247 "-" "Mozilla/5.0 (compatible; SemrushBot-BA; +http://www.semrush.com/bot.html)"
85.208.98.23 - - [19/Jul/2025:20:08:46 +0000] "GET /robots.txt HTTP/1.1" 301 247 "-" "Mozilla/5.0 (compatible; SemrushBot-BA; +http://www.semrush.com/bot.html)"
85.208.98.23 - - [19/Jul/2025:20:09:11 +0000] "GET /robots.txt HTTP/1.1" 301 243 "-" "Mozilla/5.0 (compatible; SemrushBot-BA; +http://www.semrush.com/bot.html)"
85.208.98.23 - - [19/Jul/2025:20:09:11 +0000] "GET /robots.txt HTTP/1.1" 301 247 "-" "Mozilla/5.0 (compatible; SemrushBot-BA; +http://www.semrush.com/bot.html)"
85.208.98.23 - - [19/Jul/2025:20:10:04 +0000] "GET /robots.txt HTTP/1.1" 301 247 "-" "Mozilla/5.0 (compatible; SemrushBot-BA; +http://www.semrush.com/bot.html)"
85.208.98.23 - - [19/Jul/2025:20:10:06 +0000] "GET /robots.txt HTTP/1.1" 301 243 "-" "Mozilla/5.0 (compatible; SemrushBot-BA; +http://www.semrush.com/bot.html)"
216.144.248.26 - - [19/Jul/2025:20:10:55 +0000] "HEAD / HTTP/1.1" 301 - "http://yellowleaf.co.uk" "Mozilla/5.0+(compatible; UptimeRobot/2.0; http://www.uptimerobot.com/)"
85.208.98.23 - - [19/Jul/2025:20:11:28 +0000] "GET /robots.txt HTTP/1.1" 301 243 "-" "Mozilla/5.0 (compatible; SemrushBot-BA; +http://www.semrush.com/bot.html)"
85.208.98.23 - - [19/Jul/2025:20:11:28 +0000] "GET /robots.txt HTTP/1.1" 301 247 "-" "Mozilla/5.0 (compatible; SemrushBot-BA; +http://www.semrush.com/bot.html)"
85.208.98.23 - - [19/Jul/2025:20:12:02 +0000] "GET /robots.txt HTTP/1.1" 301 247 "-" "Mozilla/5.0 (compatible; SemrushBot-BA; +http://www.semrush.com/bot.html)"
85.208.98.23 - - [19/Jul/2025:20:12:12 +0000] "GET /robots.txt HTTP/1.1" 301 247 "-" "Mozilla/5.0 (compatible; SemrushBot-BA; +http://www.semrush.com/bot.html)"
85.208.98.23 - - [19/Jul/2025:20:12:12 +0000] "GET /robots.txt HTTP/1.1" 301 243 "-" "Mozilla/5.0 (compatible; SemrushBot-BA; +http://www.semrush.com/bot.html)"
85.208.98.23 - - [19/Jul/2025:20:12:28 +0000] "GET /robots.txt HTTP/1.1" 301 247 "-" "Mozilla/5.0 (compatible; SemrushBot-BA; +http://www.semrush.com/bot.html)"
3.137.73.221 - - [19/Jul/2025:20:12:52 +0000] "GET / HTTP/1.1" 301 230 "-" "Mozilla/5.0 (Macintosh; Intel Mac OS X 10_15_7) Chrome/126.0.0.0 Safari/537.36"
85.208.98.23 - - [19/Jul/2025:20:13:23 +0000] "GET /robots.txt HTTP/1.1" 301 243 "-" "Mozilla/5.0 (compatible; SemrushBot-BA; +http://www.semrush.com/bot.html)"
85.208.98.23 - - [19/Jul/2025:20:13:35 +0000] "GET /robots.txt HTTP/1.1" 301 243 "-" "Mozilla/5.0 (compatible; SemrushBot-BA; +http://www.semrush.com/bot.html)"
85.208.98.23 - - [19/Jul/2025:20:13:35 +0000] "GET /robots.txt HTTP/1.1" 301 247 "-" "Mozilla/5.0 (compatible; SemrushBot-BA; +http://www.semrush.com/bot.html)"
85.208.98.23 - - [19/Jul/2025:20:13:49 +0000] "GET /robots.txt HTTP/1.1" 301 247 "-" "Mozilla/5.0 (compatible; SemrushBot-BA; +http://www.semrush.com/bot.html)"
85.208.98.23 - - [19/Jul/2025:20:13:58 +0000] "GET /robots.txt HTTP/1.1" 301 247 "-" "Mozilla/5.0 (compatible; SemrushBot-BA; +http://www.semrush.com/bot.html)"
85.208.98.23 - - [19/Jul/2025:20:13:58 +0000] "GET /robots.txt HTTP/1.1" 301 243 "-" "Mozilla/5.0 (compatible; SemrushBot-BA; +http://www.semrush.com/bot.html)"
3.137.73.221 - - [19/Jul/2025:20:15:35 +0000] "GET / HTTP/1.1" 301 230 "-" "Mozilla/5.0 (Macintosh; Intel Mac OS X 10_15_7) Chrome/126.0.0.0 Safari/537.36"
216.144.248.18 - - [19/Jul/2025:20:15:59 +0000] "HEAD / HTTP/1.1" 301 - "http://yellowleaf.co.uk" "Mozilla/5.0+(compatible; UptimeRobot/2.0; http://www.uptimerobot.com/)"
3.137.73.221 - - [19/Jul/2025:20:18:05 +0000] "\x16\x03\x01" 403 - "-" "-"
3.137.73.221 - - [19/Jul/2025:20:19:06 +0000] "SSH-2.0-Go" 403 - "-" "-"
114.119.130.23 - - [19/Jul/2025:20:21:01 +0000] "GET /pages/3347-ge-fires-stoves-bathrooms-ltd8206.html HTTP/1.1" 301 282 "http://yellowleaf.co.uk/pages/8650-fireplace-gallery.html" "Mozilla/5.0 (Linux; Android 7.0;) AppleWebKit/537.36 (KHTML, like Gecko) Mobile Safari/537.36 (compatible; PetalBot;+https://webmaster.petalsearch.com/site/petalbot)"
216.144.248.25 - - [19/Jul/2025:20:21:03 +0000] "HEAD / HTTP/1.1" 301 - "http://yellowleaf.co.uk" "Mozilla/5.0+(compatible; UptimeRobot/2.0; http://www.uptimerobot.com/)"
114.119.159.237 - - [19/Jul/2025:20:21:25 +0000] "GET /pages/209-maximal-finish-decorators.html HTTP/1.1" 301 273 "http://yellowleaf.co.uk/pages/209-maximal-finish-decorators.html" "Mozilla/5.0 (Linux; Android 7.0;) AppleWebKit/537.36 (KHTML, like Gecko) Mobile Safari/537.36 (compatible; PetalBot;+https://webmaster.petalsearch.com/site/petalbot)"
3.137.73.221 - - [19/Jul/2025:20:21:36 +0000] "\x16\x03\x01" 403 - "-" "-"
114.119.159.237 - - [19/Jul/2025:20:21:49 +0000] "GET /pages/11891-storage-hampstead.html HTTP/1.1" 301 267 "https://yellowleaf.co.uk/near-me/secure-storage/baldock-in-hertfordshire" "Mozilla/5.0 (Linux; Android 7.0;) AppleWebKit/537.36 (KHTML, like Gecko) Mobile Safari/537.36 (compatible; PetalBot;+https://webmaster.petalsearch.com/site/petalbot)"
85.208.98.23 - - [19/Jul/2025:20:21:50 +0000] "GET /robots.txt HTTP/1.1" 301 247 "-" "Mozilla/5.0 (compatible; SemrushBot-BA; +http://www.semrush.com/bot.html)"
114.119.141.206 - - [19/Jul/2025:20:22:14 +0000] "GET /pages/8047-jillz-healin-handz.html HTTP/1.1" 301 271 "https://www.ukpunting.com/index.php?topic=283976.msg2955459" "Mozilla/5.0 (Linux; Android 7.0;) AppleWebKit/537.36 (KHTML, like Gecko) Mobile Safari/537.36 (compatible; PetalBot;+https://webmaster.petalsearch.com/site/petalbot)"
114.119.159.237 - - [19/Jul/2025:20:23:03 +0000] "GET /pages/49093-hertford-door-and-window-repairs.html HTTP/1.1" 301 286 "https://xn--34-6kcxl3ab5k.xn--p1ai/component/k2/item/6?start=652320" "Mozilla/5.0 (Linux; Android 7.0;) AppleWebKit/537.36 (KHTML, like Gecko) Mobile Safari/537.36 (compatible; PetalBot;+https://webmaster.petalsearch.com/site/petalbot)"
114.119.141.206 - - [19/Jul/2025:20:23:26 +0000] "GET /members/uploads/1/7129_1.jpg HTTP/1.1" 301 265 "https://www.yellowleaf.co.uk/pages/7129-barnton-dental-spa.html" "Mozilla/5.0 (Linux; Android 7.0;) AppleWebKit/537.36 (KHTML, like Gecko) Mobile Safari/537.36 (compatible; PetalBot;+https://webmaster.petalsearch.com/site/petalbot)"
85.208.98.23 - - [19/Jul/2025:20:23:47 +0000] "GET /robots.txt HTTP/1.1" 301 243 "-" "Mozilla/5.0 (compatible; SemrushBot-BA; +http://www.semrush.com/bot.html)"
85.208.98.23 - - [19/Jul/2025:20:23:47 +0000] "GET /robots.txt HTTP/1.1" 301 247 "-" "Mozilla/5.0 (compatible; SemrushBot-BA; +http://www.semrush.com/bot.html)"
114.119.130.23 - - [19/Jul/2025:20:23:49 +0000] "GET /members/edit_2.html?adid=4698 HTTP/1.1" 301 266 "http://www.yellowleaf.co.uk/pages/4698-peter-noble-son.html" "Mozilla/5.0 (Linux; Android 7.0;) AppleWebKit/537.36 (KHTML, like Gecko) Mobile Safari/537.36 (compatible; PetalBot;+https://webmaster.petalsearch.com/site/petalbot)"
114.119.159.237 - - [19/Jul/2025:20:24:14 +0000] "GET /members/edit_2.html?adid=1640 HTTP/1.1" 301 266 "http://www.yellowleaf.co.uk/pages/1640-colin-flaherty.html" "Mozilla/5.0 (Linux; Android 7.0;) AppleWebKit/537.36 (KHTML, like Gecko) Mobile Safari/537.36 (compatible; PetalBot;+https://webmaster.petalsearch.com/site/petalbot)"
114.119.141.206 - - [19/Jul/2025:20:24:37 +0000] "GET /members/edit_2.html?adid=16006 HTTP/1.1" 301 267 "https://www.yellowleaf.co.uk/pages/16006-andromeda-architecture.html" "Mozilla/5.0 (Linux; Android 7.0;) AppleWebKit/537.36 (KHTML, like Gecko) Mobile Safari/537.36 (compatible; PetalBot;+https://webmaster.petalsearch.com/site/petalbot)"
114.119.140.111 - - [19/Jul/2025:20:25:02 +0000] "GET /members/edit_2.html?adid=15721 HTTP/1.1" 301 267 "http://www.yellowleaf.co.uk/pages/15721-the-little-conservatory-comapny.html" "Mozilla/5.0 (Linux; Android 7.0;) AppleWebKit/537.36 (KHTML, like Gecko) Mobile Safari/537.36 (compatible; PetalBot;+https://webmaster.petalsearch.com/site/petalbot)"
114.119.154.81 - - [19/Jul/2025:20:25:31 +0000] "GET /members/edit_2.html?adid=15325 HTTP/1.1" 301 267 "http://www.yellowleaf.co.uk/pages/15325-carpet-cleaning-runcorn.html" "Mozilla/5.0 (Linux; Android 7.0;) AppleWebKit/537.36 (KHTML, like Gecko) Mobile Safari/537.36 (compatible; PetalBot;+https://webmaster.petalsearch.com/site/petalbot)"
85.208.98.23 - - [19/Jul/2025:20:25:37 +0000] "GET /robots.txt HTTP/1.1" 301 243 "-" "Mozilla/5.0 (compatible; SemrushBot-BA; +http://www.semrush.com/bot.html)"
85.208.98.23 - - [19/Jul/2025:20:25:38 +0000] "GET /robots.txt HTTP/1.1" 301 247 "-" "Mozilla/5.0 (compatible; SemrushBot-BA; +http://www.semrush.com/bot.html)"
114.119.159.237 - - [19/Jul/2025:20:25:50 +0000] "GET /members/edit_2.html?adid=12890 HTTP/1.1" 301 267 "http://yellowleaf.co.uk/pages/12890-gavin-house-instructor.html" "Mozilla/5.0 (Linux; Android 7.0;) AppleWebKit/537.36 (KHTML, like Gecko) Mobile Safari/537.36 (compatible; PetalBot;+https://webmaster.petalsearch.com/site/petalbot)"
216.144.248.23 - - [19/Jul/2025:20:26:09 +0000] "HEAD / HTTP/1.1" 301 - "http://yellowleaf.co.uk" "Mozilla/5.0+(compatible; UptimeRobot/2.0; http://www.uptimerobot.com/)"
114.119.132.9 - - [19/Jul/2025:20:26:15 +0000] "GET /members/edit_2.html?adid=10550 HTTP/1.1" 301 267 "http://www.yellowleaf.co.uk/pages/10550-unique-locksmith.html" "Mozilla/5.0 (Linux; Android 7.0;) AppleWebKit/537.36 (KHTML, like Gecko) Mobile Safari/537.36 (compatible; PetalBot;+https://webmaster.petalsearch.com/site/petalbot)"
114.119.154.81 - - [19/Jul/2025:20:26:38 +0000] "GET /members/edit_2.html?adid=10503 HTTP/1.1" 301 267 "http://www.yellowleaf.co.uk/pages/10503-moonfleet-manor-hotel.html" "Mozilla/5.0 (Linux; Android 7.0;) AppleWebKit/537.36 (KHTML, like Gecko) Mobile Safari/537.36 (compatible; PetalBot;+https://webmaster.petalsearch.com/site/petalbot)"
85.208.98.23 - - [19/Jul/2025:20:26:44 +0000] "GET /robots.txt HTTP/1.1" 301 243 "-" "Mozilla/5.0 (compatible; SemrushBot-BA; +http://www.semrush.com/bot.html)"
85.208.98.23 - - [19/Jul/2025:20:26:45 +0000] "GET /robots.txt HTTP/1.1" 301 247 "-" "Mozilla/5.0 (compatible; SemrushBot-BA; +http://www.semrush.com/bot.html)"
85.208.98.23 - - [19/Jul/2025:20:26:51 +0000] "GET /robots.txt HTTP/1.1" 301 243 "-" "Mozilla/5.0 (compatible; SemrushBot-BA; +http://www.semrush.com/bot.html)"
85.208.98.23 - - [19/Jul/2025:20:27:05 +0000] "GET /robots.txt HTTP/1.1" 301 247 "-" "Mozilla/5.0 (compatible; SemrushBot-BA; +http://www.semrush.com/bot.html)"
85.208.98.23 - - [19/Jul/2025:20:27:10 +0000] "GET /robots.txt HTTP/1.1" 301 243 "-" "Mozilla/5.0 (compatible; SemrushBot-BA; +http://www.semrush.com/bot.html)"
85.208.98.23 - - [19/Jul/2025:20:27:11 +0000] "GET /robots.txt HTTP/1.1" 301 247 "-" "Mozilla/5.0 (compatible; SemrushBot-BA; +http://www.semrush.com/bot.html)"
54.37.252.46 - - [19/Jul/2025:20:27:45 +0000] "GET /robots.txt HTTP/1.1" 301 247 "-" "Mozilla/5.0 (compatible; MJ12bot/v1.4.8; http://mj12bot.com/)"
54.37.252.46 - - [19/Jul/2025:20:27:48 +0000] "GET /members/edit_3.html?adid=17517 HTTP/1.1" 301 267 "-" "Mozilla/5.0 (compatible; MJ12bot/v1.4.8; http://mj12bot.com/)"
85.208.98.23 - - [19/Jul/2025:20:27:49 +0000] "GET /robots.txt HTTP/1.1" 301 247 "-" "Mozilla/5.0 (compatible; SemrushBot-BA; +http://www.semrush.com/bot.html)"
54.37.252.46 - - [19/Jul/2025:20:27:52 +0000] "GET /members/edit_3.html?adid=21619 HTTP/1.1" 301 267 "-" "Mozilla/5.0 (compatible; MJ12bot/v1.4.8; http://mj12bot.com/)"
54.37.252.46 - - [19/Jul/2025:20:27:57 +0000] "GET /members/edit_4.html?adid=17517 HTTP/1.1" 301 267 "-" "Mozilla/5.0 (compatible; MJ12bot/v1.4.8; http://mj12bot.com/)"
54.37.252.46 - - [19/Jul/2025:20:28:01 +0000] "GET /members/postad2.html?adid=16945 HTTP/1.1" 301 268 "-" "Mozilla/5.0 (compatible; MJ12bot/v1.4.8; http://mj12bot.com/)"
85.208.98.23 - - [19/Jul/2025:20:28:05 +0000] "GET /robots.txt HTTP/1.1" 301 243 "-" "Mozilla/5.0 (compatible; SemrushBot-BA; +http://www.semrush.com/bot.html)"
85.208.98.16 - - [19/Jul/2025:20:28:05 +0000] "GET /pages/786-senova-dental-studios.html HTTP/1.1" 301 273 "-" "Mozilla/5.0 (compatible; SemrushBot-BA; +http://www.semrush.com/bot.html)"
54.37.252.46 - - [19/Jul/2025:20:28:06 +0000] "GET /members/postad2.html?adid=17716 HTTP/1.1" 301 268 "-" "Mozilla/5.0 (compatible; MJ12bot/v1.4.8; http://mj12bot.com/)"
54.37.252.46 - - [19/Jul/2025:20:28:11 +0000] "GET /members/postad2.html?adid=18527 HTTP/1.1" 301 268 "-" "Mozilla/5.0 (compatible; MJ12bot/v1.4.8; http://mj12bot.com/)"
54.37.252.46 - - [19/Jul/2025:20:28:19 +0000] "GET /members/postad2.html?adid=22219 HTTP/1.1" 301 268 "-" "Mozilla/5.0 (compatible; MJ12bot/v1.4.8; http://mj12bot.com/)"
54.37.252.46 - - [19/Jul/2025:20:28:26 +0000] "GET /members/postad3.html?adid=16945 HTTP/1.1" 301 268 "-" "Mozilla/5.0 (compatible; MJ12bot/v1.4.8; http://mj12bot.com/)"
54.37.252.46 - - [19/Jul/2025:20:28:32 +0000] "GET /members/postad3.html?adid=17053 HTTP/1.1" 301 268 "-" "Mozilla/5.0 (compatible; MJ12bot/v1.4.8; http://mj12bot.com/)"
114.119.159.237 - - [19/Jul/2025:20:28:41 +0000] "GET /login HTTP/1.1" 301 242 "-" "Mozilla/5.0 (Linux; Android 7.0;) AppleWebKit/537.36 (KHTML, like Gecko) Mobile Safari/537.36 (compatible; PetalBot;+https://webmaster.petalsearch.com/site/petalbot)"
216.144.248.23 - - [19/Jul/2025:20:31:14 +0000] "HEAD / HTTP/1.1" 301 - "http://yellowleaf.co.uk" "Mozilla/5.0+(compatible; UptimeRobot/2.0; http://www.uptimerobot.com/)"
85.208.98.23 - - [19/Jul/2025:20:31:36 +0000] "GET /robots.txt HTTP/1.1" 301 247 "-" "Mozilla/5.0 (compatible; SemrushBot-BA; +http://www.semrush.com/bot.html)"
85.208.98.23 - - [19/Jul/2025:20:32:16 +0000] "GET /robots.txt HTTP/1.1" 301 247 "-" "Mozilla/5.0 (compatible; SemrushBot-BA; +http://www.semrush.com/bot.html)"
85.208.98.23 - - [19/Jul/2025:20:32:25 +0000] "GET /robots.txt HTTP/1.1" 301 247 "-" "Mozilla/5.0 (compatible; SemrushBot-BA; +http://www.semrush.com/bot.html)"
85.208.98.23 - - [19/Jul/2025:20:32:31 +0000] "GET /robots.txt HTTP/1.1" 301 243 "-" "Mozilla/5.0 (compatible; SemrushBot-BA; +http://www.semrush.com/bot.html)"
54.37.252.46 - - [19/Jul/2025:20:34:17 +0000] "GET /members/postad3.html?adid=17053 HTTP/1.1" 301 268 "-" "Mozilla/5.0 (compatible; MJ12bot/v1.4.8; http://mj12bot.com/)"
54.37.252.46 - - [19/Jul/2025:20:34:20 +0000] "GET /members/postad3.html?adid=17716 HTTP/1.1" 301 268 "-" "Mozilla/5.0 (compatible; MJ12bot/v1.4.8; http://mj12bot.com/)"
54.37.252.46 - - [19/Jul/2025:20:34:24 +0000] "GET /members/postad3.html?adid=18527 HTTP/1.1" 301 268 "-" "Mozilla/5.0 (compatible; MJ12bot/v1.4.8; http://mj12bot.com/)"
54.37.252.46 - - [19/Jul/2025:20:34:27 +0000] "GET /members/postad3.html?adid=19605 HTTP/1.1" 301 268 "-" "Mozilla/5.0 (compatible; MJ12bot/v1.4.8; http://mj12bot.com/)"
54.37.252.46 - - [19/Jul/2025:20:34:30 +0000] "GET /members/postad3.html?adid=22219 HTTP/1.1" 301 268 "-" "Mozilla/5.0 (compatible; MJ12bot/v1.4.8; http://mj12bot.com/)"
54.37.252.46 - - [19/Jul/2025:20:34:34 +0000] "GET /members/postad4.html?adid=16399 HTTP/1.1" 301 268 "-" "Mozilla/5.0 (compatible; MJ12bot/v1.4.8; http://mj12bot.com/)"
54.37.252.46 - - [19/Jul/2025:20:34:37 +0000] "GET /members/postad4.html?adid=16945 HTTP/1.1" 301 268 "-" "Mozilla/5.0 (compatible; MJ12bot/v1.4.8; http://mj12bot.com/)"
54.37.252.46 - - [19/Jul/2025:20:34:41 +0000] "GET /members/postad4.html?adid=17053 HTTP/1.1" 301 268 "-" "Mozilla/5.0 (compatible; MJ12bot/v1.4.8; http://mj12bot.com/)"
54.37.252.46 - - [19/Jul/2025:20:34:44 +0000] "GET /members/postad4.html?adid=17716 HTTP/1.1" 301 268 "-" "Mozilla/5.0 (compatible; MJ12bot/v1.4.8; http://mj12bot.com/)"
54.37.252.46 - - [19/Jul/2025:20:34:48 +0000] "GET /members/postad6.html?adid=17716 HTTP/1.1" 301 268 "-" "Mozilla/5.0 (compatible; MJ12bot/v1.4.8; http://mj12bot.com/)"
54.37.252.46 - - [19/Jul/2025:20:34:51 +0000] "GET /members/postad6.html?adid=18527 HTTP/1.1" 301 268 "-" "Mozilla/5.0 (compatible; MJ12bot/v1.4.8; http://mj12bot.com/)"
54.37.252.46 - - [19/Jul/2025:20:34:54 +0000] "GET /members/postad6.html?adid=19605 HTTP/1.1" 301 268 "-" "Mozilla/5.0 (compatible; MJ12bot/v1.4.8; http://mj12bot.com/)"
54.37.252.46 - - [19/Jul/2025:20:34:58 +0000] "GET /members/postad6.html?adid=22219 HTTP/1.1" 301 268 "-" "Mozilla/5.0 (compatible; MJ12bot/v1.4.8; http://mj12bot.com/)"
54.37.252.46 - - [19/Jul/2025:20:35:01 +0000] "GET /members/postad7.html?adid=16399 HTTP/1.1" 301 268 "-" "Mozilla/5.0 (compatible; MJ12bot/v1.4.8; http://mj12bot.com/)"
54.37.252.46 - - [19/Jul/2025:20:35:05 +0000] "GET /members/postad7.html?adid=16945 HTTP/1.1" 301 268 "-" "Mozilla/5.0 (compatible; MJ12bot/v1.4.8; http://mj12bot.com/)"
54.37.252.46 - - [19/Jul/2025:20:35:08 +0000] "GET /members/postad7.html?adid=17053 HTTP/1.1" 301 268 "-" "Mozilla/5.0 (compatible; MJ12bot/v1.4.8; http://mj12bot.com/)"
54.37.252.46 - - [19/Jul/2025:20:35:11 +0000] "GET /members/postad7.html?adid=17716 HTTP/1.1" 301 268 "-" "Mozilla/5.0 (compatible; MJ12bot/v1.4.8; http://mj12bot.com/)"
54.37.252.46 - - [19/Jul/2025:20:35:14 +0000] "GET /members/postad7.html?adid=18527 HTTP/1.1" 301 268 "-" "Mozilla/5.0 (compatible; MJ12bot/v1.4.8; http://mj12bot.com/)"
54.37.252.46 - - [19/Jul/2025:20:35:18 +0000] "GET /members/postad7.html?adid=19605 HTTP/1.1" 301 268 "-" "Mozilla/5.0 (compatible; MJ12bot/v1.4.8; http://mj12bot.com/)"
54.37.252.46 - - [19/Jul/2025:20:35:21 +0000] "GET /members/postad7.html?adid=22219 HTTP/1.1" 301 268 "-" "Mozilla/5.0 (compatible; MJ12bot/v1.4.8; http://mj12bot.com/)"
54.37.252.46 - - [19/Jul/2025:20:35:25 +0000] "GET /members/update.html HTTP/1.1" 301 256 "-" "Mozilla/5.0 (compatible; MJ12bot/v1.4.8; http://mj12bot.com/)"
85.208.98.23 - - [19/Jul/2025:20:35:25 +0000] "GET /robots.txt HTTP/1.1" 301 243 "-" "Mozilla/5.0 (compatible; SemrushBot-BA; +http://www.semrush.com/bot.html)"
85.208.98.23 - - [19/Jul/2025:20:35:27 +0000] "GET /robots.txt HTTP/1.1" 301 247 "-" "Mozilla/5.0 (compatible; SemrushBot-BA; +http://www.semrush.com/bot.html)"
162.55.94.175 - - [19/Jul/2025:20:35:33 +0000] "GET /pages/12012-zeckro-web-solutions.html HTTP/1.1" 301 274 "-" "Mozilla/5.0 (Windows NT 10.0; rv:108.0) Gecko/20100101 Firefox/108.0"
54.37.252.46 - - [19/Jul/2025:20:35:39 +0000] "GET /pages/17517-road-matters-driving-school.html HTTP/1.1" 301 281 "-" "Mozilla/5.0 (compatible; MJ12bot/v1.4.8; http://mj12bot.com/)"
54.37.252.46 - - [19/Jul/2025:20:35:42 +0000] "GET /pages/17731-fen-consult.html HTTP/1.1" 301 265 "-" "Mozilla/5.0 (compatible; MJ12bot/v1.4.8; http://mj12bot.com/)"
54.37.252.46 - - [19/Jul/2025:20:35:45 +0000] "GET /pages/17918-hassle-free-christmas-tree.html HTTP/1.1" 301 280 "-" "Mozilla/5.0 (compatible; MJ12bot/v1.4.8; http://mj12bot.com/)"
54.37.252.46 - - [19/Jul/2025:20:35:49 +0000] "GET /pages/17993-first-for-contact-lenses.html HTTP/1.1" 301 278 "-" "Mozilla/5.0 (compatible; MJ12bot/v1.4.8; http://mj12bot.com/)"
54.37.252.46 - - [19/Jul/2025:20:35:52 +0000] "GET /pages/17997-computer-planet-limited.html HTTP/1.1" 301 277 "-" "Mozilla/5.0 (compatible; MJ12bot/v1.4.8; http://mj12bot.com/)"
54.37.252.46 - - [19/Jul/2025:20:35:55 +0000] "GET /pages/18767-my-cleaners-liverpool.html HTTP/1.1" 301 275 "-" "Mozilla/5.0 (compatible; MJ12bot/v1.4.8; http://mj12bot.com/)"
54.37.252.46 - - [19/Jul/2025:20:35:58 +0000] "GET /pages/19287-optique-vision-lincoln.html HTTP/1.1" 301 276 "-" "Mozilla/5.0 (compatible; MJ12bot/v1.4.8; http://mj12bot.com/)"
54.37.252.46 - - [19/Jul/2025:20:36:01 +0000] "GET /pages/19289-optique-vision-derby.html HTTP/1.1" 301 274 "-" "Mozilla/5.0 (compatible; MJ12bot/v1.4.8; http://mj12bot.com/)"
54.37.252.46 - - [19/Jul/2025:20:36:05 +0000] "GET /pages/19290-optique-vision-nottingham.html HTTP/1.1" 301 279 "-" "Mozilla/5.0 (compatible; MJ12bot/v1.4.8; http://mj12bot.com/)"
54.37.252.46 - - [19/Jul/2025:20:36:08 +0000] "GET /pages/19297-cabsite-portable-buildings.html HTTP/1.1" 301 280 "-" "Mozilla/5.0 (compatible; MJ12bot/v1.4.8; http://mj12bot.com/)"
54.37.252.46 - - [19/Jul/2025:20:36:11 +0000] "GET /pages/19417-stencil-warehouse.html HTTP/1.1" 301 271 "-" "Mozilla/5.0 (compatible; MJ12bot/v1.4.8; http://mj12bot.com/)"
54.37.252.46 - - [19/Jul/2025:20:36:14 +0000] "GET /pages/19445-classic-car-servies.html HTTP/1.1" 301 273 "-" "Mozilla/5.0 (compatible; MJ12bot/v1.4.8; http://mj12bot.com/)"
54.37.252.46 - - [19/Jul/2025:20:36:17 +0000] "GET /pages/19498-sacco-mann-legal-recruitment.html HTTP/1.1" 301 282 "-" "Mozilla/5.0 (compatible; MJ12bot/v1.4.8; http://mj12bot.com/)"
216.144.248.23 - - [19/Jul/2025:20:36:18 +0000] "HEAD / HTTP/1.1" 301 - "http://yellowleaf.co.uk" "Mozilla/5.0+(compatible; UptimeRobot/2.0; http://www.uptimerobot.com/)"
54.37.252.46 - - [19/Jul/2025:20:36:20 +0000] "GET /pages/19499-livingbox.html HTTP/1.1" 301 263 "-" "Mozilla/5.0 (compatible; MJ12bot/v1.4.8; http://mj12bot.com/)"
54.37.252.46 - - [19/Jul/2025:20:36:23 +0000] "GET /pages/19523-watford-control.html HTTP/1.1" 301 269 "-" "Mozilla/5.0 (compatible; MJ12bot/v1.4.8; http://mj12bot.com/)"
54.37.252.46 - - [19/Jul/2025:20:36:27 +0000] "GET /pages/19546-nottingham-cars.html HTTP/1.1" 301 269 "-" "Mozilla/5.0 (compatible; MJ12bot/v1.4.8; http://mj12bot.com/)"
85.208.98.23 - - [19/Jul/2025:20:36:30 +0000] "GET /robots.txt HTTP/1.1" 301 247 "-" "Mozilla/5.0 (compatible; SemrushBot-BA; +http://www.semrush.com/bot.html)"
54.37.252.46 - - [19/Jul/2025:20:36:30 +0000] "GET /pages/19559-chempac-solutions.html HTTP/1.1" 301 271 "-" "Mozilla/5.0 (compatible; MJ12bot/v1.4.8; http://mj12bot.com/)"
64.124.8.107 - - [19/Jul/2025:20:36:31 +0000] "GET /robots.txt HTTP/1.1" 301 247 "-" "Mozilla/5.0 (compatible; ImagesiftBot; +imagesift.com)"
64.124.8.107 - - [19/Jul/2025:20:36:32 +0000] "GET /members/uploads/1/16268_1.jpg HTTP/1.1" 301 266 "-" "Mozilla/5.0 (compatible; ImagesiftBot; +imagesift.com)"
54.37.252.46 - - [19/Jul/2025:20:36:33 +0000] "GET /pages/19563-insure-365.html HTTP/1.1" 301 264 "-" "Mozilla/5.0 (compatible; MJ12bot/v1.4.8; http://mj12bot.com/)"
54.37.252.46 - - [19/Jul/2025:20:36:37 +0000] "GET /pages/19566-euro-soccer-company.html HTTP/1.1" 301 273 "-" "Mozilla/5.0 (compatible; MJ12bot/v1.4.8; http://mj12bot.com/)"
54.37.252.46 - - [19/Jul/2025:20:36:40 +0000] "GET /pages/19567-polar-air.html HTTP/1.1" 301 263 "-" "Mozilla/5.0 (compatible; MJ12bot/v1.4.8; http://mj12bot.com/)"
54.37.252.46 - - [19/Jul/2025:20:36:43 +0000] "GET /pages/19580-active-supply-and-design.html HTTP/1.1" 301 278 "-" "Mozilla/5.0 (compatible; MJ12bot/v1.4.8; http://mj12bot.com/)"
54.37.252.46 - - [19/Jul/2025:20:36:47 +0000] "GET /pages/19584-storage-city.html HTTP/1.1" 301 266 "-" "Mozilla/5.0 (compatible; MJ12bot/v1.4.8; http://mj12bot.com/)"
54.37.252.46 - - [19/Jul/2025:20:36:50 +0000] "GET /pages/19590-car-panels-r-us.html HTTP/1.1" 301 269 "-" "Mozilla/5.0 (compatible; MJ12bot/v1.4.8; http://mj12bot.com/)"
54.37.252.46 - - [19/Jul/2025:20:36:53 +0000] "GET /pages/19591-a-unit.html HTTP/1.1" 301 260 "-" "Mozilla/5.0 (compatible; MJ12bot/v1.4.8; http://mj12bot.com/)"
54.37.252.46 - - [19/Jul/2025:20:36:57 +0000] "GET /pages/19593-blanson-ltd.html HTTP/1.1" 301 265 "-" "Mozilla/5.0 (compatible; MJ12bot/v1.4.8; http://mj12bot.com/)"
54.37.252.46 - - [19/Jul/2025:20:37:00 +0000] "GET /pages/19594-cross-electrical.html HTTP/1.1" 301 270 "-" "Mozilla/5.0 (compatible; MJ12bot/v1.4.8; http://mj12bot.com/)"
