204.44.90.192 - - [20/Jul/2025:02:28:13 +0000] "GET /members/uploads/3/9474_3.jpg HTTP/1.1" 301 265 "https://www.google.com/" "Mozilla/5.0 (Windows NT 10.0; Win64; x64; rv:114.0) Gecko/20100101 Firefox/114.0"
64.227.184.29 - - [20/Jul/2025:02:28:33 +0000] "GET / HTTP/1.1" 301 237 "-" "Mozilla/5.0 (X11; Linux x86_64) AppleWebKit/537.36 (KHTML, like Gecko) Chrome/137.0.0.0 Safari/537.36"
64.227.184.29 - - [20/Jul/2025:02:28:33 +0000] "GET /favicon.ico HTTP/1.1" 301 248 "http://ns2.yellowleaf.co.uk/" "Mozilla/5.0 (X11; Linux x86_64) AppleWebKit/537.36 (KHTML, like Gecko) Chrome/137.0.0.0 Safari/537.36"
84.32.42.249 - - [20/Jul/2025:02:28:38 +0000] "GET /members/uploads/3/459_3.png HTTP/1.1" 301 264 "https://www.google.com/" "Mozilla/5.0 (Windows NT 10.0; Win64; x64; rv:114.0) Gecko/20100101 Firefox/114.0"
196.251.115.147 - - [20/Jul/2025:02:29:20 +0000] "GET /.env HTTP/1.1" 301 234 "-" "Mozilla/5.0 (X11; Linux x86_64) AppleWebKit/537.36 (KHTML, like Gecko) Chrome/81.0.4044.129 Safari/537.36"
103.53.38.90 - - [20/Jul/2025:02:30:59 +0000] "GET /members/uploads/3/5522_3.jpg HTTP/1.1" 301 265 "https://www.google.com/" "Mozilla/5.0 (X11; Ubuntu; Linux x86_64; rv:72.0) Gecko/20100101 Firefox/72.0"
216.144.248.30 - - [20/Jul/2025:02:31:54 +0000] "HEAD / HTTP/1.1" 301 - "http://yellowleaf.co.uk" "Mozilla/5.0+(compatible; UptimeRobot/2.0; http://www.uptimerobot.com/)"
204.76.203.219 - - [20/Jul/2025:02:33:15 +0000] "GET / HTTP/1.1" 301 233 "-" "Mozilla/5.0 (Windows NT 10.0; Win64; x64) AppleWebKit/537.36 (KHTML, like Gecko) Chrome/90.0.4430.85 Safari/537.36 Edg/90.0.818.46"
134.209.209.253 - - [20/Jul/2025:02:33:44 +0000] "GET / HTTP/1.1" 301 237 "-" "Mozilla/5.0 (X11; Linux x86_64) AppleWebKit/537.36 (KHTML, like Gecko) Chrome/72.0.3626.121 Safari/537.36"
134.209.209.253 - - [20/Jul/2025:02:33:57 +0000] "GET /favicon.ico HTTP/1.1" 301 248 "-" "Mozilla/5.0 (X11; Linux x86_64) AppleWebKit/537.36 (KHTML, like Gecko) Chrome/72.0.3626.121 Safari/537.36"
134.209.209.253 - - [20/Jul/2025:02:34:01 +0000] "GET /robots.txt HTTP/1.1" 301 247 "-" "Mozilla/5.0 (X11; Linux x86_64) AppleWebKit/537.36 (KHTML, like Gecko) Chrome/72.0.3626.121 Safari/537.36"
216.73.216.121 - - [20/Jul/2025:02:36:21 +0000] "GET /robots.txt HTTP/1.1" 301 247 "-" "Mozilla/5.0 AppleWebKit/537.36 (KHTML, like Gecko; compatible; ClaudeBot/1.0; +claudebot@anthropic.com)"
216.73.216.121 - - [20/Jul/2025:02:36:48 +0000] "GET /img/lnkdin_ico.png HTTP/1.1" 301 255 "-" "Mozilla/5.0 AppleWebKit/537.36 (KHTML, like Gecko; compatible; ClaudeBot/1.0; +claudebot@anthropic.com)"
216.144.248.26 - - [20/Jul/2025:02:36:58 +0000] "HEAD / HTTP/1.1" 301 - "http://yellowleaf.co.uk" "Mozilla/5.0+(compatible; UptimeRobot/2.0; http://www.uptimerobot.com/)"
136.244.71.21 - - [20/Jul/2025:02:39:35 +0000] "GET /pages/21867-spy-equipment-uk.html HTTP/1.1" 301 270 "-" "Mozilla/5.0 (Windows NT 10.0; WOW64) AppleWebKit/537.36 (KHTML, like Gecko) Chrome/51.0.2704.103 Safari/537.36"
91.224.92.17 - - [20/Jul/2025:02:41:23 +0000] "GET / HTTP/1.1" 301 233 "-" "-"
216.144.248.24 - - [20/Jul/2025:02:42:05 +0000] "HEAD / HTTP/1.1" 301 - "http://yellowleaf.co.uk" "Mozilla/5.0+(compatible; UptimeRobot/2.0; http://www.uptimerobot.com/)"
107.172.2.227 - - [20/Jul/2025:02:44:59 +0000] "GET /members/uploads/1/2275_1.jpg HTTP/1.1" 301 265 "https://www.google.com/" "Mozilla/5.0 (Macintosh; Intel Mac OS X 10_15_7) AppleWebKit/605.1.15 (KHTML, like Gecko) Version/14.0.3 Safari/605.1.15"
134.209.209.253 - - [20/Jul/2025:02:45:02 +0000] "GET / HTTP/1.1" 301 237 "-" "Mozilla/5.0 (X11; Linux x86_64) AppleWebKit/537.36 (KHTML, like Gecko) Chrome/72.0.3626.121 Safari/537.36"
134.209.209.253 - - [20/Jul/2025:02:45:04 +0000] "GET /robots.txt HTTP/1.1" 301 247 "-" "Mozilla/5.0 (X11; Linux x86_64) AppleWebKit/537.36 (KHTML, like Gecko) Chrome/72.0.3626.121 Safari/537.36"
134.209.209.253 - - [20/Jul/2025:02:45:04 +0000] "GET /favicon.ico HTTP/1.1" 301 248 "-" "Mozilla/5.0 (X11; Linux x86_64) AppleWebKit/537.36 (KHTML, like Gecko) Chrome/72.0.3626.121 Safari/537.36"
134.209.209.253 - - [20/Jul/2025:02:45:17 +0000] "GET / HTTP/1.1" 301 237 "-" "Mozilla/5.0 (X11; Linux x86_64) AppleWebKit/537.36 (KHTML, like Gecko) Chrome/72.0.3626.121 Safari/537.36"
134.209.209.253 - - [20/Jul/2025:02:45:19 +0000] "GET /favicon.ico HTTP/1.1" 301 248 "-" "Mozilla/5.0 (X11; Linux x86_64) AppleWebKit/537.36 (KHTML, like Gecko) Chrome/72.0.3626.121 Safari/537.36"
134.209.209.253 - - [20/Jul/2025:02:45:19 +0000] "GET /robots.txt HTTP/1.1" 301 247 "-" "Mozilla/5.0 (X11; Linux x86_64) AppleWebKit/537.36 (KHTML, like Gecko) Chrome/72.0.3626.121 Safari/537.36"
216.144.248.26 - - [20/Jul/2025:02:47:09 +0000] "HEAD / HTTP/1.1" 301 - "http://yellowleaf.co.uk" "Mozilla/5.0+(compatible; UptimeRobot/2.0; http://www.uptimerobot.com/)"
194.145.227.125 - - [20/Jul/2025:02:50:30 +0000] "GET /joobi/inc/openflashchart/php-ofc-library/ofc_upload_image.php HTTP/1.1" 301 294 "-" "ALittle Client"
51.68.107.150 - - [20/Jul/2025:02:52:08 +0000] "GET /pages/27516--soul-desire.html HTTP/1.1" 301 266 "-" "Mozilla/5.0 (compatible; MJ12bot/v2.0.2; http://mj12bot.com/)"
216.144.248.21 - - [20/Jul/2025:02:52:14 +0000] "HEAD / HTTP/1.1" 301 - "http://yellowleaf.co.uk" "Mozilla/5.0+(compatible; UptimeRobot/2.0; http://www.uptimerobot.com/)"
84.32.211.187 - - [20/Jul/2025:02:57:06 +0000] "GET /members/uploads/2/14447_2.jpg HTTP/1.1" 301 266 "https://www.google.com/" "Mozilla/5.0 (Windows NT 10.0; Win64; x64; rv:114.0) Gecko/20100101 Firefox/114.0"
216.144.248.19 - - [20/Jul/2025:02:57:20 +0000] "HEAD / HTTP/1.1" 301 - "http://yellowleaf.co.uk" "Mozilla/5.0+(compatible; UptimeRobot/2.0; http://www.uptimerobot.com/)"
134.209.209.253 - - [20/Jul/2025:02:57:32 +0000] "GET / HTTP/1.1" 301 233 "-" "Mozilla/5.0 (X11; Linux x86_64) AppleWebKit/537.36 (KHTML, like Gecko) Chrome/72.0.3626.121 Safari/537.36"
134.209.209.253 - - [20/Jul/2025:02:57:33 +0000] "GET /favicon.ico HTTP/1.1" 301 244 "-" "Mozilla/5.0 (X11; Linux x86_64) AppleWebKit/537.36 (KHTML, like Gecko) Chrome/72.0.3626.121 Safari/537.36"
134.209.209.253 - - [20/Jul/2025:02:57:33 +0000] "GET /robots.txt HTTP/1.1" 301 243 "-" "Mozilla/5.0 (X11; Linux x86_64) AppleWebKit/537.36 (KHTML, like Gecko) Chrome/72.0.3626.121 Safari/537.36"
134.209.209.253 - - [20/Jul/2025:02:59:06 +0000] "GET / HTTP/1.1" 301 237 "-" "Mozilla/5.0 (X11; Linux x86_64) AppleWebKit/537.36 (KHTML, like Gecko) Chrome/72.0.3626.121 Safari/537.36"
134.209.209.253 - - [20/Jul/2025:02:59:10 +0000] "GET /favicon.ico HTTP/1.1" 301 248 "-" "Mozilla/5.0 (X11; Linux x86_64) AppleWebKit/537.36 (KHTML, like Gecko) Chrome/72.0.3626.121 Safari/537.36"
134.209.209.253 - - [20/Jul/2025:02:59:11 +0000] "GET /robots.txt HTTP/1.1" 301 247 "-" "Mozilla/5.0 (X11; Linux x86_64) AppleWebKit/537.36 (KHTML, like Gecko) Chrome/72.0.3626.121 Safari/537.36"
134.209.209.253 - - [20/Jul/2025:03:01:58 +0000] "GET / HTTP/1.1" 301 233 "-" "Mozilla/5.0 (X11; Linux x86_64) AppleWebKit/537.36 (KHTML, like Gecko) Chrome/72.0.3626.121 Safari/537.36"
134.209.209.253 - - [20/Jul/2025:03:02:01 +0000] "GET /favicon.ico HTTP/1.1" 301 244 "-" "Mozilla/5.0 (X11; Linux x86_64) AppleWebKit/537.36 (KHTML, like Gecko) Chrome/72.0.3626.121 Safari/537.36"
134.209.209.253 - - [20/Jul/2025:03:02:02 +0000] "GET /robots.txt HTTP/1.1" 301 243 "-" "Mozilla/5.0 (X11; Linux x86_64) AppleWebKit/537.36 (KHTML, like Gecko) Chrome/72.0.3626.121 Safari/537.36"
69.162.124.235 - - [20/Jul/2025:03:02:25 +0000] "HEAD / HTTP/1.1" 301 - "http://yellowleaf.co.uk" "Mozilla/5.0+(compatible; UptimeRobot/2.0; http://www.uptimerobot.com/)"
94.156.133.51 - - [20/Jul/2025:03:03:08 +0000] "GET /members/uploads/1/2976_1.jpg HTTP/1.1" 301 265 "https://www.google.com/" "Mozilla/5.0 (Macintosh; Intel Mac OS X 10_15_7) AppleWebKit/605.1.15 (KHTML, like Gecko) Version/14.0.3 Safari/605.1.15"
185.153.199.135 - - [20/Jul/2025:03:03:59 +0000] "GET /elfinder/src/connectors/php/connector.php HTTP/1.1" 301 274 "-" "ALittle Client"
69.162.124.235 - - [20/Jul/2025:03:07:28 +0000] "HEAD / HTTP/1.1" 301 - "http://yellowleaf.co.uk" "Mozilla/5.0+(compatible; UptimeRobot/2.0; http://www.uptimerobot.com/)"
148.178.43.243 - - [20/Jul/2025:03:10:18 +0000] "GET /pages/14007-rubbish-clearance-bournemouth.html HTTP/1.1" 301 283 "-" "Mozilla/5.0 (Macintosh; Intel Mac OS X 10_14_6) AppleWebKit/537.36 (KHTML, like Gecko) Chrome/104.0.0.0 Safari/537.36"
69.162.124.235 - - [20/Jul/2025:03:12:33 +0000] "HEAD / HTTP/1.1" 301 - "http://yellowleaf.co.uk" "Mozilla/5.0+(compatible; UptimeRobot/2.0; http://www.uptimerobot.com/)"
35.196.234.40 - - [20/Jul/2025:03:14:15 +0000] "GET /robots.txt HTTP/1.0" 301 243 "-" "Mozilla/5.0/(X11; Linux x86_64) AppleWebKit/537.36 (KHTML, like Gecko) Chrome/125.0.0.0 Safari/537.36"
35.196.234.40 - - [20/Jul/2025:03:14:15 +0000] "GET / HTTP/1.0" 301 233 "-" "Mozilla/5.0/(X11; Linux x86_64) AppleWebKit/537.36 (KHTML, like Gecko) Chrome/125.0.0.0 Safari/537.36"
35.196.234.40 - - [20/Jul/2025:03:15:57 +0000] "GET /robots.txt HTTP/1.0" 301 247 "-" "Mozilla/5.0/(X11; Linux x86_64) AppleWebKit/537.36 (KHTML, like Gecko) Chrome/125.0.0.0 Safari/537.36"
35.196.234.40 - - [20/Jul/2025:03:15:57 +0000] "GET / HTTP/1.0" 301 237 "-" "Mozilla/5.0/(X11; Linux x86_64) AppleWebKit/537.36 (KHTML, like Gecko) Chrome/125.0.0.0 Safari/537.36"
216.144.248.21 - - [20/Jul/2025:03:17:39 +0000] "HEAD / HTTP/1.1" 301 - "http://yellowleaf.co.uk" "Mozilla/5.0+(compatible; UptimeRobot/2.0; http://www.uptimerobot.com/)"
51.68.236.95 - - [20/Jul/2025:03:19:42 +0000] "GET /robots.txt HTTP/1.1" 301 243 "-" "Mozilla/5.0 (compatible; MJ12bot/v2.0.2; http://mj12bot.com/)"
51.68.236.95 - - [20/Jul/2025:03:19:42 +0000] "GET / HTTP/1.1" 301 233 "-" "Mozilla/5.0 (compatible; MJ12bot/v2.0.2; http://mj12bot.com/)"
134.209.209.253 - - [20/Jul/2025:03:19:42 +0000] "GET / HTTP/1.1" 301 237 "-" "Mozilla/5.0 (X11; Linux x86_64) AppleWebKit/537.36 (KHTML, like Gecko) Chrome/72.0.3626.121 Safari/537.36"
134.209.209.253 - - [20/Jul/2025:03:19:43 +0000] "GET /favicon.ico HTTP/1.1" 301 248 "-" "Mozilla/5.0 (X11; Linux x86_64) AppleWebKit/537.36 (KHTML, like Gecko) Chrome/72.0.3626.121 Safari/537.36"
134.209.209.253 - - [20/Jul/2025:03:19:44 +0000] "GET /robots.txt HTTP/1.1" 301 247 "-" "Mozilla/5.0 (X11; Linux x86_64) AppleWebKit/537.36 (KHTML, like Gecko) Chrome/72.0.3626.121 Safari/537.36"
85.208.98.18 - - [20/Jul/2025:03:19:51 +0000] "GET /robots.txt HTTP/1.1" 301 243 "-" "Mozilla/5.0 (compatible; SemrushBot; +http://www.semrush.com/bot.html)"
85.208.98.18 - - [20/Jul/2025:03:20:07 +0000] "GET /robots.txt HTTP/1.1" 301 247 "-" "Mozilla/5.0 (compatible; SemrushBot; +http://www.semrush.com/bot.html)"
216.144.248.18 - - [20/Jul/2025:03:22:44 +0000] "HEAD / HTTP/1.1" 301 - "http://yellowleaf.co.uk" "Mozilla/5.0+(compatible; UptimeRobot/2.0; http://www.uptimerobot.com/)"
20.171.207.82 - - [20/Jul/2025:03:23:48 +0000] "GET /pages/28324-staywell-occupational-health-ltd.html HTTP/1.1" 301 286 "-" "Mozilla/5.0 AppleWebKit/537.36 (KHTML, like Gecko; compatible; GPTBot/1.2; +https://openai.com/gptbot)"
134.209.209.253 - - [20/Jul/2025:03:23:48 +0000] "GET / HTTP/1.1" 301 233 "-" "Mozilla/5.0 (X11; Linux x86_64) AppleWebKit/537.36 (KHTML, like Gecko) Chrome/72.0.3626.121 Safari/537.36"
134.209.209.253 - - [20/Jul/2025:03:23:53 +0000] "GET /favicon.ico HTTP/1.1" 301 244 "-" "Mozilla/5.0 (X11; Linux x86_64) AppleWebKit/537.36 (KHTML, like Gecko) Chrome/72.0.3626.121 Safari/537.36"
134.209.209.253 - - [20/Jul/2025:03:23:53 +0000] "GET /robots.txt HTTP/1.1" 301 243 "-" "Mozilla/5.0 (X11; Linux x86_64) AppleWebKit/537.36 (KHTML, like Gecko) Chrome/72.0.3626.121 Safari/537.36"
216.144.248.22 - - [20/Jul/2025:03:27:47 +0000] "HEAD / HTTP/1.1" 301 - "http://yellowleaf.co.uk" "Mozilla/5.0+(compatible; UptimeRobot/2.0; http://www.uptimerobot.com/)"
68.69.186.238 - - [20/Jul/2025:03:29:22 +0000] "GET / HTTP/1.1" 301 233 "-" "-"
51.68.111.207 - - [20/Jul/2025:03:29:53 +0000] "GET /robots.txt HTTP/1.1" 301 247 "-" "Mozilla/5.0 (compatible; MJ12bot/v2.0.2; http://mj12bot.com/)"
51.68.111.207 - - [20/Jul/2025:03:29:53 +0000] "GET /pages/14790-bella-bathrooms.html HTTP/1.1" 301 269 "-" "Mozilla/5.0 (compatible; MJ12bot/v2.0.2; http://mj12bot.com/)"
51.68.111.207 - - [20/Jul/2025:03:29:54 +0000] "GET /pages/27750-stickershop.html HTTP/1.1" 301 265 "-" "Mozilla/5.0 (compatible; MJ12bot/v2.0.2; http://mj12bot.com/)"
85.208.98.18 - - [20/Jul/2025:03:30:18 +0000] "GET /robots.txt HTTP/1.1" 301 247 "-" "Mozilla/5.0 (compatible; SemrushBot; +http://www.semrush.com/bot.html)"
136.244.71.21 - - [20/Jul/2025:03:32:06 +0000] "GET /pages/28033-the-implant-studio.html HTTP/1.1" 301 272 "-" "Mozilla/5.0 (Windows NT 10.0; WOW64) AppleWebKit/537.36 (KHTML, like Gecko) Chrome/51.0.2704.103 Safari/537.36"
136.244.71.21 - - [20/Jul/2025:03:32:06 +0000] "GET /pages/28033-the-implant-studio.html HTTP/1.1" 301 272 "-" "Mozilla/5.0 (Windows NT 10.0; WOW64) AppleWebKit/537.36 (KHTML, like Gecko) Chrome/51.0.2704.103 Safari/537.36"
216.144.248.25 - - [20/Jul/2025:03:32:51 +0000] "HEAD / HTTP/1.1" 301 - "http://yellowleaf.co.uk" "Mozilla/5.0+(compatible; UptimeRobot/2.0; http://www.uptimerobot.com/)"
84.32.28.194 - - [20/Jul/2025:03:33:53 +0000] "GET /members/uploads/2/14282_2.jpg HTTP/1.1" 301 266 "https://www.google.com/" "Mozilla/5.0 (X11; Ubuntu; Linux x86_64; rv:72.0) Gecko/20100101 Firefox/72.0"
196.251.66.181 - - [20/Jul/2025:03:34:01 +0000] "GET /profile/11764 HTTP/1.1" 301 247 "-" "Mozilla/5.0 (Windows NT 10.0; Win64; x64) AppleWebKit/537.36 (KHTML, like Gecko) Chrome/138.0.0.0 Safari/537.36"
196.251.66.181 - - [20/Jul/2025:03:34:01 +0000] "GET /profile/11764 HTTP/1.1" 301 243 "-" "Mozilla/5.0 (Windows NT 10.0; Win64; x64) AppleWebKit/537.36 (KHTML, like Gecko) Chrome/138.0.0.0 Safari/537.36"
64.140.131.80 - - [20/Jul/2025:03:37:04 +0000] "GET /members/uploads/2/8595_2.jpg HTTP/1.1" 301 265 "https://www.google.com/" "Mozilla/5.0 (Windows NT 10.0; Win64; x64; rv:114.0) Gecko/20100101 Firefox/114.0"
134.209.209.253 - - [20/Jul/2025:03:37:32 +0000] "GET / HTTP/1.1" 301 237 "-" "Mozilla/5.0 (X11; Linux x86_64) AppleWebKit/537.36 (KHTML, like Gecko) Chrome/72.0.3626.121 Safari/537.36"
134.209.209.253 - - [20/Jul/2025:03:37:36 +0000] "GET /favicon.ico HTTP/1.1" 301 248 "-" "Mozilla/5.0 (X11; Linux x86_64) AppleWebKit/537.36 (KHTML, like Gecko) Chrome/72.0.3626.121 Safari/537.36"
134.209.209.253 - - [20/Jul/2025:03:37:36 +0000] "GET /robots.txt HTTP/1.1" 301 247 "-" "Mozilla/5.0 (X11; Linux x86_64) AppleWebKit/537.36 (KHTML, like Gecko) Chrome/72.0.3626.121 Safari/537.36"
216.144.248.19 - - [20/Jul/2025:03:37:54 +0000] "HEAD / HTTP/1.1" 301 - "http://yellowleaf.co.uk" "Mozilla/5.0+(compatible; UptimeRobot/2.0; http://www.uptimerobot.com/)"
134.209.209.253 - - [20/Jul/2025:03:38:35 +0000] "GET / HTTP/1.1" 301 237 "-" "Mozilla/5.0 (X11; Linux x86_64) AppleWebKit/537.36 (KHTML, like Gecko) Chrome/72.0.3626.121 Safari/537.36"
134.209.209.253 - - [20/Jul/2025:03:38:36 +0000] "GET /favicon.ico HTTP/1.1" 301 248 "-" "Mozilla/5.0 (X11; Linux x86_64) AppleWebKit/537.36 (KHTML, like Gecko) Chrome/72.0.3626.121 Safari/537.36"
134.209.209.253 - - [20/Jul/2025:03:38:36 +0000] "GET /robots.txt HTTP/1.1" 301 247 "-" "Mozilla/5.0 (X11; Linux x86_64) AppleWebKit/537.36 (KHTML, like Gecko) Chrome/72.0.3626.121 Safari/537.36"
148.178.75.50 - - [20/Jul/2025:03:38:53 +0000] "GET /pages/8260-verifier-ltd.html HTTP/1.1" 301 265 "-" "Mozilla/5.0 (Windows NT 10.0; Win64; x64) AppleWebKit/537.36 (KHTML, like Gecko) Chrome/106.0.3713.147 Safari/537.36"
117.65.113.75 - - [20/Jul/2025:03:40:22 +0000] "GET /pages/9799-peverel-court.html HTTP/1.1" 301 266 "-" "Mozilla/5.0 (Windows NT 10.0; Win64; x64) AppleWebKit/537.36 (KHTML, like Gecko) Chrome/106.0.3713.147 Safari/537.36"
216.144.248.19 - - [20/Jul/2025:03:42:59 +0000] "HEAD / HTTP/1.1" 301 - "http://yellowleaf.co.uk" "Mozilla/5.0+(compatible; UptimeRobot/2.0; http://www.uptimerobot.com/)"
144.76.108.212 - - [20/Jul/2025:03:43:37 +0000] "GET / HTTP/1.1" 301 237 "http://www.webwiki.co.uk/www.yellowleaf.co.uk" "Mozilla/5.0 (compatible; WebwikiBot/2.1; +https://www.webwiki.co.uk)"
144.76.108.212 - - [20/Jul/2025:03:43:38 +0000] "GET /robots.txt HTTP/1.1" 301 243 "" "Mozilla/5.0 (compatible; WebwikiBot/2.1; +https://www.webwiki.co.uk)"
134.209.209.253 - - [20/Jul/2025:03:44:06 +0000] "GET / HTTP/1.1" 301 237 "-" "Mozilla/5.0 (X11; Linux x86_64) AppleWebKit/537.36 (KHTML, like Gecko) Chrome/72.0.3626.121 Safari/537.36"
51.68.236.114 - - [20/Jul/2025:03:44:07 +0000] "GET /robots.txt HTTP/1.1" 301 247 "-" "Mozilla/5.0 (compatible; MJ12bot/v2.0.2; http://mj12bot.com/)"
51.68.236.114 - - [20/Jul/2025:03:44:07 +0000] "GET / HTTP/1.1" 301 237 "-" "Mozilla/5.0 (compatible; MJ12bot/v2.0.2; http://mj12bot.com/)"
134.209.209.253 - - [20/Jul/2025:03:44:11 +0000] "GET /favicon.ico HTTP/1.1" 301 248 "-" "Mozilla/5.0 (X11; Linux x86_64) AppleWebKit/537.36 (KHTML, like Gecko) Chrome/72.0.3626.121 Safari/537.36"
134.209.209.253 - - [20/Jul/2025:03:44:12 +0000] "GET /robots.txt HTTP/1.1" 301 247 "-" "Mozilla/5.0 (X11; Linux x86_64) AppleWebKit/537.36 (KHTML, like Gecko) Chrome/72.0.3626.121 Safari/537.36"
42.84.75.233 - - [20/Jul/2025:03:44:20 +0000] "GET /pages/1470-hales-decorating-service.html HTTP/1.1" 301 277 "-" "Mozilla/5.0 (Windows NT 10.0) AppleWebKit/537.36 (KHTML, like Gecko) Chrome/104.0.0.0 Safari/537.36"
51.68.111.216 - - [20/Jul/2025:03:44:34 +0000] "GET /robots.txt HTTP/1.1" 301 247 "-" "Mozilla/5.0 (compatible; MJ12bot/v2.0.2; http://mj12bot.com/)"
51.68.111.216 - - [20/Jul/2025:03:44:34 +0000] "GET /pages/27516--soul-desire.html HTTP/1.1" 301 266 "-" "Mozilla/5.0 (compatible; MJ12bot/v2.0.2; http://mj12bot.com/)"
103.156.164.61 - - [20/Jul/2025:03:45:54 +0000] "GET /advertise/ HTTP/1.1" 301 247 "-" "Mozilla/5.0 (Windows NT 10.0; WOW64) AppleWebKit/537.36 (KHTML, like Gecko) Chrome/106.0.5249.91 Safari/537.36"
136.244.71.21 - - [20/Jul/2025:03:47:14 +0000] "GET /pages/21777-platinum-gate-security.html HTTP/1.1" 301 276 "-" "Mozilla/5.0 (Windows NT 10.0; WOW64) AppleWebKit/537.36 (KHTML, like Gecko) Chrome/51.0.2704.103 Safari/537.36"
216.144.248.19 - - [20/Jul/2025:03:48:05 +0000] "HEAD / HTTP/1.1" 301 - "http://yellowleaf.co.uk" "Mozilla/5.0+(compatible; UptimeRobot/2.0; http://www.uptimerobot.com/)"
185.224.128.138 - - [20/Jul/2025:03:49:42 +0000] "GET / HTTP/1.1" 301 237 "-" "Mozilla/5.0"
85.208.98.18 - - [20/Jul/2025:03:50:06 +0000] "GET /robots.txt HTTP/1.1" 301 247 "-" "Mozilla/5.0 (compatible; SemrushBot; +http://www.semrush.com/bot.html)"
85.192.56.185 - - [20/Jul/2025:03:51:58 +0000] "GET /support/ HTTP/1.0" 301 241 "http://yellowleaf.co.uk/support/" "Mozilla/5.0 (Windows NT 10.0; Win64; x64) AppleWebKit/537.36 (KHTML, like Gecko) Chrome/103.0.5060.66 Safari/537.36"
148.178.67.13 - - [20/Jul/2025:03:53:06 +0000] "GET /pages/9051-ironing-fairy-home-ironing-service.html HTTP/1.1" 301 287 "-" "Mozilla/5.0 (Windows NT 10.0; Win64; x64) AppleWebKit/537.36 (KHTML, like Gecko) Chrome/71.0.3602.191 Safari/537.36"
216.144.248.22 - - [20/Jul/2025:03:53:10 +0000] "HEAD / HTTP/1.1" 301 - "http://yellowleaf.co.uk" "Mozilla/5.0+(compatible; UptimeRobot/2.0; http://www.uptimerobot.com/)"
69.162.124.238 - - [20/Jul/2025:03:58:15 +0000] "HEAD / HTTP/1.1" 301 - "http://yellowleaf.co.uk" "Mozilla/5.0+(compatible; UptimeRobot/2.0; http://www.uptimerobot.com/)"
85.208.98.18 - - [20/Jul/2025:04:00:44 +0000] "GET /robots.txt HTTP/1.1" 301 247 "-" "Mozilla/5.0 (compatible; SemrushBot; +http://www.semrush.com/bot.html)"
206.41.162.76 - - [20/Jul/2025:04:00:46 +0000] "GET /members/uploads/3/1729_3.jpg HTTP/1.1" 301 265 "https://www.google.com/" "Mozilla/5.0 (Macintosh; Intel Mac OS X 10_15_7) AppleWebKit/605.1.15 (KHTML, like Gecko) Version/14.0.3 Safari/605.1.15"
104.168.71.177 - - [20/Jul/2025:04:01:20 +0000] "GET /members/uploads/4/10671_4.jpg HTTP/1.1" 301 266 "https://www.google.com/" "Mozilla/5.0 (X11; Ubuntu; Linux x86_64; rv:72.0) Gecko/20100101 Firefox/72.0"
216.144.248.25 - - [20/Jul/2025:04:03:20 +0000] "HEAD / HTTP/1.1" 301 - "http://yellowleaf.co.uk" "Mozilla/5.0+(compatible; UptimeRobot/2.0; http://www.uptimerobot.com/)"
204.44.75.13 - - [20/Jul/2025:04:03:36 +0000] "GET /members/uploads/1/15497_1.jpg HTTP/1.1" 301 266 "https://www.google.com/" "Mozilla/5.0 (Windows NT 10.0; Win64; x64; rv:114.0) Gecko/20100101 Firefox/114.0"
148.178.66.168 - - [20/Jul/2025:04:05:33 +0000] "GET /pages/3052-clear-view-glazing.html HTTP/1.1" 301 271 "-" "Mozilla/5.0 (Macintosh; Intel Mac OS X 10_15_3) AppleWebKit/537.36 (KHTML, like Gecko) Chrome/99.0.4844.84 Safari/537.36"
216.144.248.26 - - [20/Jul/2025:04:08:25 +0000] "HEAD / HTTP/1.1" 301 - "http://yellowleaf.co.uk" "Mozilla/5.0+(compatible; UptimeRobot/2.0; http://www.uptimerobot.com/)"
113.222.190.20 - - [20/Jul/2025:04:09:48 +0000] "GET /pages/14688-betty-boos-bridal-boutique.html HTTP/1.1" 301 280 "-" "Mozilla/5.0 (Windows NT 10.0; Win64; x64) AppleWebKit/537.36 (KHTML, like Gecko) Chrome/71.0.3602.191 Safari/537.36"
85.208.98.18 - - [20/Jul/2025:04:11:36 +0000] "GET /robots.txt HTTP/1.1" 301 243 "-" "Mozilla/5.0 (compatible; SemrushBot; +http://www.semrush.com/bot.html)"
85.208.98.18 - - [20/Jul/2025:04:12:31 +0000] "GET /robots.txt HTTP/1.1" 301 247 "-" "Mozilla/5.0 (compatible; SemrushBot; +http://www.semrush.com/bot.html)"
85.208.98.18 - - [20/Jul/2025:04:12:33 +0000] "GET /robots.txt HTTP/1.1" 301 247 "-" "Mozilla/5.0 (compatible; SemrushBot; +http://www.semrush.com/bot.html)"
216.144.248.23 - - [20/Jul/2025:04:13:29 +0000] "HEAD / HTTP/1.1" 301 - "http://yellowleaf.co.uk" "Mozilla/5.0+(compatible; UptimeRobot/2.0; http://www.uptimerobot.com/)"
66.249.84.137 - - [20/Jul/2025:04:14:25 +0000] "GET /members/uploads/logo/14462.jpg HTTP/1.1" 301 267 "-" "Mozilla/5.0 (Windows NT 5.1; rv:11.0) Gecko Firefox/11.0 (via ggpht.com GoogleImageProxy)"
52.167.144.159 - - [20/Jul/2025:04:14:41 +0000] "GET /members/uploads/2/11430_2.jpg HTTP/1.1" 301 266 "-" "Mozilla/5.0 AppleWebKit/537.36 (KHTML, like Gecko; compatible; bingbot/2.0; +http://www.bing.com/bingbot.htm) Chrome/116.0.1938.76 Safari/537.36"
216.144.248.26 - - [20/Jul/2025:04:18:36 +0000] "HEAD / HTTP/1.1" 301 - "http://yellowleaf.co.uk" "Mozilla/5.0+(compatible; UptimeRobot/2.0; http://www.uptimerobot.com/)"
49.51.253.26 - - [20/Jul/2025:04:18:40 +0000] "GET / HTTP/1.1" 301 237 "-" "Mozilla/5.0 (iPhone; CPU iPhone OS 13_2_3 like Mac OS X) AppleWebKit/605.1.15 (KHTML, like Gecko) Version/13.0.3 Mobile/15E148 Safari/604.1"
107.174.58.96 - - [20/Jul/2025:04:18:58 +0000] "GET /members/uploads/2/10772_2.jpg HTTP/1.1" 301 266 "https://www.google.com/" "Mozilla/5.0 (Windows NT 10.0; Win64; x64; rv:114.0) Gecko/20100101 Firefox/114.0"
216.144.248.28 - - [20/Jul/2025:04:23:40 +0000] "HEAD / HTTP/1.1" 301 - "http://yellowleaf.co.uk" "Mozilla/5.0+(compatible; UptimeRobot/2.0; http://www.uptimerobot.com/)"
216.144.248.27 - - [20/Jul/2025:04:28:44 +0000] "HEAD / HTTP/1.1" 301 - "http://yellowleaf.co.uk" "Mozilla/5.0+(compatible; UptimeRobot/2.0; http://www.uptimerobot.com/)"
54.197.159.28 - - [20/Jul/2025:04:33:25 +0000] "GET / HTTP/1.0" 301 233 "-" "-"
54.197.159.28 - - [20/Jul/2025:04:33:27 +0000] "GET / HTTP/1.1" 301 237 "-" "Mozilla/5.0 (compatible;PetalBot;+https://webmaster.petalsearch.com/site/petalbot) X-Middleton/1"
54.197.159.28 - - [20/Jul/2025:04:33:29 +0000] "GET / HTTP/1.0" 301 233 "-" "-"
54.197.159.28 - - [20/Jul/2025:04:33:30 +0000] "GET / HTTP/1.1" 301 233 "-" "Mozilla/5.0 (compatible;PetalBot;+https://webmaster.petalsearch.com/site/petalbot) X-Middleton/1"
54.197.159.28 - - [20/Jul/2025:04:33:30 +0000] "GET / HTTP/1.0" 301 233 "-" "-"
85.208.98.18 - - [20/Jul/2025:04:33:43 +0000] "GET /robots.txt HTTP/1.1" 301 243 "-" "Mozilla/5.0 (compatible; SemrushBot; +http://www.semrush.com/bot.html)"
69.162.124.235 - - [20/Jul/2025:04:33:47 +0000] "HEAD / HTTP/1.1" 301 - "http://yellowleaf.co.uk" "Mozilla/5.0+(compatible; UptimeRobot/2.0; http://www.uptimerobot.com/)"
216.144.248.24 - - [20/Jul/2025:04:38:51 +0000] "HEAD / HTTP/1.1" 301 - "http://yellowleaf.co.uk" "Mozilla/5.0+(compatible; UptimeRobot/2.0; http://www.uptimerobot.com/)"
157.230.4.150 - - [20/Jul/2025:04:39:03 +0000] "GET /.env HTTP/1.1" 301 234 "-" "Mozilla/5.0 (Macintosh; Intel Mac OS X 10_10_0) AppleWebKit/537.36 (KHTML, like Gecko) Chrome/45.0.2454.85 Safari/537.36"
157.230.4.150 - - [20/Jul/2025:04:39:03 +0000] "GET /.env.development.local HTTP/1.1" 301 252 "-" "Mozilla/5.0 (Macintosh; Intel Mac OS X 10_10_0) AppleWebKit/537.36 (KHTML, like Gecko) Chrome/45.0.2454.85 Safari/537.36"
157.230.4.150 - - [20/Jul/2025:04:39:03 +0000] "GET /.env.local HTTP/1.1" 301 240 "-" "Mozilla/5.0 (Macintosh; Intel Mac OS X 10_10_0) AppleWebKit/537.36 (KHTML, like Gecko) Chrome/45.0.2454.85 Safari/537.36"
157.230.4.150 - - [20/Jul/2025:04:39:03 +0000] "GET /.env.dist HTTP/1.1" 301 239 "-" "Mozilla/5.0 (Macintosh; Intel Mac OS X 10_10_0) AppleWebKit/537.36 (KHTML, like Gecko) Chrome/45.0.2454.85 Safari/537.36"
157.230.4.150 - - [20/Jul/2025:04:39:03 +0000] "GET /.env.bak HTTP/1.1" 301 238 "-" "Mozilla/5.0 (Macintosh; Intel Mac OS X 10_10_0) AppleWebKit/537.36 (KHTML, like Gecko) Chrome/45.0.2454.85 Safari/537.36"
157.230.4.150 - - [20/Jul/2025:04:39:03 +0000] "GET /.env.production.local HTTP/1.1" 301 251 "-" "Mozilla/5.0 (Macintosh; Intel Mac OS X 10_10_0) AppleWebKit/537.36 (KHTML, like Gecko) Chrome/45.0.2454.85 Safari/537.36"
157.230.4.150 - - [20/Jul/2025:04:39:03 +0000] "GET /.env.prod.local HTTP/1.1" 301 245 "-" "Mozilla/5.0 (Macintosh; Intel Mac OS X 10_10_0) AppleWebKit/537.36 (KHTML, like Gecko) Chrome/45.0.2454.85 Safari/537.36"
157.230.4.150 - - [20/Jul/2025:04:39:03 +0000] "GET /.env.example HTTP/1.1" 301 242 "-" "Mozilla/5.0 (Macintosh; Intel Mac OS X 10_10_0) AppleWebKit/537.36 (KHTML, like Gecko) Chrome/45.0.2454.85 Safari/537.36"
157.230.4.150 - - [20/Jul/2025:04:39:03 +0000] "GET /.env.dev.local HTTP/1.1" 301 244 "-" "Mozilla/5.0 (Macintosh; Intel Mac OS X 10_10_0) AppleWebKit/537.36 (KHTML, like Gecko) Chrome/45.0.2454.85 Safari/537.36"
157.230.4.150 - - [20/Jul/2025:04:39:03 +0000] "GET /.env.stage HTTP/1.1" 301 240 "-" "Mozilla/5.0 (Macintosh; Intel Mac OS X 10_10_0) AppleWebKit/537.36 (KHTML, like Gecko) Chrome/45.0.2454.85 Safari/537.36"
157.230.4.150 - - [20/Jul/2025:04:39:03 +0000] "GET /.env.live HTTP/1.1" 301 239 "-" "Mozilla/5.0 (Macintosh; Intel Mac OS X 10_10_0) AppleWebKit/537.36 (KHTML, like Gecko) Chrome/45.0.2454.85 Safari/537.36"
157.230.4.150 - - [20/Jul/2025:04:39:03 +0000] "GET /.env.test HTTP/1.1" 301 239 "-" "Mozilla/5.0 (Macintosh; Intel Mac OS X 10_10_0) AppleWebKit/537.36 (KHTML, like Gecko) Chrome/45.0.2454.85 Safari/537.36"
157.230.4.150 - - [20/Jul/2025:04:39:03 +0000] "GET /.env.staging HTTP/1.1" 301 242 "-" "Mozilla/5.0 (Macintosh; Intel Mac OS X 10_10_0) AppleWebKit/537.36 (KHTML, like Gecko) Chrome/45.0.2454.85 Safari/537.36"
157.230.4.150 - - [20/Jul/2025:04:39:03 +0000] "GET /.env.backup HTTP/1.1" 301 241 "-" "Mozilla/5.0 (Macintosh; Intel Mac OS X 10_10_0) AppleWebKit/537.36 (KHTML, like Gecko) Chrome/45.0.2454.85 Safari/537.36"
157.230.4.150 - - [20/Jul/2025:04:39:03 +0000] "GET /.env.production HTTP/1.1" 301 245 "-" "Mozilla/5.0 (Macintosh; Intel Mac OS X 10_10_0) AppleWebKit/537.36 (KHTML, like Gecko) Chrome/45.0.2454.85 Safari/537.36"
157.230.4.150 - - [20/Jul/2025:04:39:03 +0000] "GET /.env.development HTTP/1.1" 301 246 "-" "Mozilla/5.0 (Macintosh; Intel Mac OS X 10_10_0) AppleWebKit/537.36 (KHTML, like Gecko) Chrome/45.0.2454.85 Safari/537.36"
157.230.4.150 - - [20/Jul/2025:04:39:03 +0000] "GET /.env.prod HTTP/1.1" 301 239 "-" "Mozilla/5.0 (Macintosh; Intel Mac OS X 10_10_0) AppleWebKit/537.36 (KHTML, like Gecko) Chrome/45.0.2454.85 Safari/537.36"
157.230.4.150 - - [20/Jul/2025:04:39:03 +0000] "GET /config.json HTTP/1.1" 301 241 "-" "Mozilla/5.0 (Macintosh; Intel Mac OS X 10_10_0) AppleWebKit/537.36 (KHTML, like Gecko) Chrome/45.0.2454.85 Safari/537.36"
157.230.4.150 - - [20/Jul/2025:04:39:03 +0000] "GET /config.yaml HTTP/1.1" 301 241 "-" "Mozilla/5.0 (Macintosh; Intel Mac OS X 10_10_0) AppleWebKit/537.36 (KHTML, like Gecko) Chrome/45.0.2454.85 Safari/537.36"
157.230.4.150 - - [20/Jul/2025:04:39:03 +0000] "GET /config.yml HTTP/1.1" 301 240 "-" "Mozilla/5.0 (Macintosh; Intel Mac OS X 10_10_0) AppleWebKit/537.36 (KHTML, like Gecko) Chrome/45.0.2454.85 Safari/537.36"
157.230.4.150 - - [20/Jul/2025:04:39:03 +0000] "GET /database.yml HTTP/1.1" 301 242 "-" "Mozilla/5.0 (Macintosh; Intel Mac OS X 10_10_0) AppleWebKit/537.36 (KHTML, like Gecko) Chrome/45.0.2454.85 Safari/537.36"
157.230.4.150 - - [20/Jul/2025:04:39:03 +0000] "GET /database.json HTTP/1.1" 301 243 "-" "Mozilla/5.0 (Macintosh; Intel Mac OS X 10_10_0) AppleWebKit/537.36 (KHTML, like Gecko) Chrome/45.0.2454.85 Safari/537.36"
157.230.4.150 - - [20/Jul/2025:04:39:04 +0000] "GET /db.php HTTP/1.1" 301 236 "-" "Mozilla/5.0 (Macintosh; Intel Mac OS X 10_10_0) AppleWebKit/537.36 (KHTML, like Gecko) Chrome/45.0.2454.85 Safari/537.36"
157.230.4.150 - - [20/Jul/2025:04:39:04 +0000] "GET /database.php HTTP/1.1" 301 242 "-" "Mozilla/5.0 (Macintosh; Intel Mac OS X 10_10_0) AppleWebKit/537.36 (KHTML, like Gecko) Chrome/45.0.2454.85 Safari/537.36"
157.230.4.150 - - [20/Jul/2025:04:39:04 +0000] "GET /db.json HTTP/1.1" 301 237 "-" "Mozilla/5.0 (Macintosh; Intel Mac OS X 10_10_0) AppleWebKit/537.36 (KHTML, like Gecko) Chrome/45.0.2454.85 Safari/537.36"
157.230.4.150 - - [20/Jul/2025:04:39:04 +0000] "GET /db.yml HTTP/1.1" 301 236 "-" "Mozilla/5.0 (Macintosh; Intel Mac OS X 10_10_0) AppleWebKit/537.36 (KHTML, like Gecko) Chrome/45.0.2454.85 Safari/537.36"
157.230.4.150 - - [20/Jul/2025:04:39:04 +0000] "GET /db.yaml HTTP/1.1" 301 237 "-" "Mozilla/5.0 (Macintosh; Intel Mac OS X 10_10_0) AppleWebKit/537.36 (KHTML, like Gecko) Chrome/45.0.2454.85 Safari/537.36"
157.230.4.150 - - [20/Jul/2025:04:39:04 +0000] "GET /db.config HTTP/1.1" 301 239 "-" "Mozilla/5.0 (Macintosh; Intel Mac OS X 10_10_0) AppleWebKit/537.36 (KHTML, like Gecko) Chrome/45.0.2454.85 Safari/537.36"
157.230.4.150 - - [20/Jul/2025:04:39:04 +0000] "GET /db.php HTTP/1.1" 301 236 "-" "Mozilla/5.0 (Macintosh; Intel Mac OS X 10_10_0) AppleWebKit/537.36 (KHTML, like Gecko) Chrome/45.0.2454.85 Safari/537.36"
157.230.4.150 - - [20/Jul/2025:04:39:04 +0000] "GET /dbconfig.php HTTP/1.1" 301 242 "-" "Mozilla/5.0 (Macintosh; Intel Mac OS X 10_10_0) AppleWebKit/537.36 (KHTML, like Gecko) Chrome/45.0.2454.85 Safari/537.36"
157.230.4.150 - - [20/Jul/2025:04:39:04 +0000] "GET /database.php HTTP/1.1" 301 242 "-" "Mozilla/5.0 (Macintosh; Intel Mac OS X 10_10_0) AppleWebKit/537.36 (KHTML, like Gecko) Chrome/45.0.2454.85 Safari/537.36"
157.230.4.150 - - [20/Jul/2025:04:39:04 +0000] "GET /aws.yml HTTP/1.1" 301 237 "-" "Mozilla/5.0 (Macintosh; Intel Mac OS X 10_10_0) AppleWebKit/537.36 (KHTML, like Gecko) Chrome/45.0.2454.85 Safari/537.36"
157.230.4.150 - - [20/Jul/2025:04:39:04 +0000] "GET /aws-secret.yaml HTTP/1.1" 301 245 "-" "Mozilla/5.0 (Macintosh; Intel Mac OS X 10_10_0) AppleWebKit/537.36 (KHTML, like Gecko) Chrome/45.0.2454.85 Safari/537.36"
157.230.4.150 - - [20/Jul/2025:04:39:04 +0000] "GET /.aws/credentials HTTP/1.1" 301 246 "-" "Mozilla/5.0 (Macintosh; Intel Mac OS X 10_10_0) AppleWebKit/537.36 (KHTML, like Gecko) Chrome/45.0.2454.85 Safari/537.36"
157.230.4.150 - - [20/Jul/2025:04:39:04 +0000] "GET /.aws/config HTTP/1.1" 301 241 "-" "Mozilla/5.0 (Macintosh; Intel Mac OS X 10_10_0) AppleWebKit/537.36 (KHTML, like Gecko) Chrome/45.0.2454.85 Safari/537.36"
157.230.4.150 - - [20/Jul/2025:04:39:04 +0000] "GET /dbconfig.php HTTP/1.1" 301 242 "-" "Mozilla/5.0 (Macintosh; Intel Mac OS X 10_10_0) AppleWebKit/537.36 (KHTML, like Gecko) Chrome/45.0.2454.85 Safari/537.36"
157.230.4.150 - - [20/Jul/2025:04:39:04 +0000] "GET /.aws/credentials.json HTTP/1.1" 301 251 "-" "Mozilla/5.0 (Macintosh; Intel Mac OS X 10_10_0) AppleWebKit/537.36 (KHTML, like Gecko) Chrome/45.0.2454.85 Safari/537.36"
157.230.4.150 - - [20/Jul/2025:04:39:04 +0000] "GET /.aws/credentials.yml HTTP/1.1" 301 250 "-" "Mozilla/5.0 (Macintosh; Intel Mac OS X 10_10_0) AppleWebKit/537.36 (KHTML, like Gecko) Chrome/45.0.2454.85 Safari/537.36"
157.230.4.150 - - [20/Jul/2025:04:39:04 +0000] "GET /.aws/credentials.yaml HTTP/1.1" 301 251 "-" "Mozilla/5.0 (Macintosh; Intel Mac OS X 10_10_0) AppleWebKit/537.36 (KHTML, like Gecko) Chrome/45.0.2454.85 Safari/537.36"
157.230.4.150 - - [20/Jul/2025:04:39:04 +0000] "GET /aws/config.json HTTP/1.1" 301 245 "-" "Mozilla/5.0 (Macintosh; Intel Mac OS X 10_10_0) AppleWebKit/537.36 (KHTML, like Gecko) Chrome/45.0.2454.85 Safari/537.36"
157.230.4.150 - - [20/Jul/2025:04:39:04 +0000] "GET /aws/credentials.json HTTP/1.1" 301 250 "-" "Mozilla/5.0 (Macintosh; Intel Mac OS X 10_10_0) AppleWebKit/537.36 (KHTML, like Gecko) Chrome/45.0.2454.85 Safari/537.36"
157.230.4.150 - - [20/Jul/2025:04:39:04 +0000] "GET /docker-compose.yml HTTP/1.1" 301 248 "-" "Mozilla/5.0 (Macintosh; Intel Mac OS X 10_10_0) AppleWebKit/537.36 (KHTML, like Gecko) Chrome/45.0.2454.85 Safari/537.36"
157.230.4.150 - - [20/Jul/2025:04:39:04 +0000] "GET /docker-compose.yaml HTTP/1.1" 301 249 "-" "Mozilla/5.0 (Macintosh; Intel Mac OS X 10_10_0) AppleWebKit/537.36 (KHTML, like Gecko) Chrome/45.0.2454.85 Safari/537.36"
157.230.4.150 - - [20/Jul/2025:04:39:04 +0000] "GET /docker-compose.dev.yml HTTP/1.1" 301 252 "-" "Mozilla/5.0 (Macintosh; Intel Mac OS X 10_10_0) AppleWebKit/537.36 (KHTML, like Gecko) Chrome/45.0.2454.85 Safari/537.36"
157.230.4.150 - - [20/Jul/2025:04:39:04 +0000] "GET /docker-compose.override.yml HTTP/1.1" 301 257 "-" "Mozilla/5.0 (Macintosh; Intel Mac OS X 10_10_0) AppleWebKit/537.36 (KHTML, like Gecko) Chrome/45.0.2454.85 Safari/537.36"
157.230.4.150 - - [20/Jul/2025:04:39:04 +0000] "GET /.docker/config.json HTTP/1.1" 301 249 "-" "Mozilla/5.0 (Macintosh; Intel Mac OS X 10_10_0) AppleWebKit/537.36 (KHTML, like Gecko) Chrome/45.0.2454.85 Safari/537.36"
157.230.4.150 - - [20/Jul/2025:04:39:04 +0000] "GET /wp-config.php HTTP/1.1" 301 243 "-" "Mozilla/5.0 (Macintosh; Intel Mac OS X 10_10_0) AppleWebKit/537.36 (KHTML, like Gecko) Chrome/45.0.2454.85 Safari/537.36"
157.230.4.150 - - [20/Jul/2025:04:39:04 +0000] "GET /settings.py HTTP/1.1" 301 241 "-" "Mozilla/5.0 (Macintosh; Intel Mac OS X 10_10_0) AppleWebKit/537.36 (KHTML, like Gecko) Chrome/45.0.2454.85 Safari/537.36"
157.230.4.150 - - [20/Jul/2025:04:39:04 +0000] "GET /appsettings.json HTTP/1.1" 301 246 "-" "Mozilla/5.0 (Macintosh; Intel Mac OS X 10_10_0) AppleWebKit/537.36 (KHTML, like Gecko) Chrome/45.0.2454.85 Safari/537.36"
157.230.4.150 - - [20/Jul/2025:04:39:04 +0000] "GET /serverless.yml HTTP/1.1" 301 244 "-" "Mozilla/5.0 (Macintosh; Intel Mac OS X 10_10_0) AppleWebKit/537.36 (KHTML, like Gecko) Chrome/45.0.2454.85 Safari/537.36"
157.230.4.150 - - [20/Jul/2025:04:39:04 +0000] "GET /serverless.yaml HTTP/1.1" 301 245 "-" "Mozilla/5.0 (Macintosh; Intel Mac OS X 10_10_0) AppleWebKit/537.36 (KHTML, like Gecko) Chrome/45.0.2454.85 Safari/537.36"
157.230.4.150 - - [20/Jul/2025:04:39:04 +0000] "GET /serverless.json HTTP/1.1" 301 245 "-" "Mozilla/5.0 (Macintosh; Intel Mac OS X 10_10_0) AppleWebKit/537.36 (KHTML, like Gecko) Chrome/45.0.2454.85 Safari/537.36"
157.230.4.150 - - [20/Jul/2025:04:39:04 +0000] "GET /composer.json HTTP/1.1" 301 243 "-" "Mozilla/5.0 (Macintosh; Intel Mac OS X 10_10_0) AppleWebKit/537.36 (KHTML, like Gecko) Chrome/45.0.2454.85 Safari/537.36"
157.230.4.150 - - [20/Jul/2025:04:39:04 +0000] "GET /package.json HTTP/1.1" 301 242 "-" "Mozilla/5.0 (Macintosh; Intel Mac OS X 10_10_0) AppleWebKit/537.36 (KHTML, like Gecko) Chrome/45.0.2454.85 Safari/537.36"
157.230.4.150 - - [20/Jul/2025:04:39:04 +0000] "GET /wp-config.php HTTP/1.1" 301 243 "-" "Mozilla/5.0 (Macintosh; Intel Mac OS X 10_10_0) AppleWebKit/537.36 (KHTML, like Gecko) Chrome/45.0.2454.85 Safari/537.36"
157.230.4.150 - - [20/Jul/2025:04:39:04 +0000] "GET /.travis.yml HTTP/1.1" 301 241 "-" "Mozilla/5.0 (Macintosh; Intel Mac OS X 10_10_0) AppleWebKit/537.36 (KHTML, like Gecko) Chrome/45.0.2454.85 Safari/537.36"
157.230.4.150 - - [20/Jul/2025:04:39:04 +0000] "GET /.circleci/configs/development.yml HTTP/1.1" 301 263 "-" "Mozilla/5.0 (Macintosh; Intel Mac OS X 10_10_0) AppleWebKit/537.36 (KHTML, like Gecko) Chrome/45.0.2454.85 Safari/537.36"
157.230.4.150 - - [20/Jul/2025:04:39:04 +0000] "GET /app/config/parameters.yml HTTP/1.1" 301 255 "-" "Mozilla/5.0 (Macintosh; Intel Mac OS X 10_10_0) AppleWebKit/537.36 (KHTML, like Gecko) Chrome/45.0.2454.85 Safari/537.36"
157.230.4.150 - - [20/Jul/2025:04:39:04 +0000] "GET /config/parameters.yml HTTP/1.1" 301 251 "-" "Mozilla/5.0 (Macintosh; Intel Mac OS X 10_10_0) AppleWebKit/537.36 (KHTML, like Gecko) Chrome/45.0.2454.85 Safari/537.36"
157.230.4.150 - - [20/Jul/2025:04:39:04 +0000] "GET /config/local.yml HTTP/1.1" 301 246 "-" "Mozilla/5.0 (Macintosh; Intel Mac OS X 10_10_0) AppleWebKit/537.36 (KHTML, like Gecko) Chrome/45.0.2454.85 Safari/537.36"
157.230.4.150 - - [20/Jul/2025:04:39:04 +0000] "GET /config/application.yml HTTP/1.1" 301 252 "-" "Mozilla/5.0 (Macintosh; Intel Mac OS X 10_10_0) AppleWebKit/537.36 (KHTML, like Gecko) Chrome/45.0.2454.85 Safari/537.36"
157.230.4.150 - - [20/Jul/2025:04:39:04 +0000] "GET /config/settings.json HTTP/1.1" 301 250 "-" "Mozilla/5.0 (Macintosh; Intel Mac OS X 10_10_0) AppleWebKit/537.36 (KHTML, like Gecko) Chrome/45.0.2454.85 Safari/537.36"
157.230.4.150 - - [20/Jul/2025:04:39:04 +0000] "GET /config/settings.yml HTTP/1.1" 301 249 "-" "Mozilla/5.0 (Macintosh; Intel Mac OS X 10_10_0) AppleWebKit/537.36 (KHTML, like Gecko) Chrome/45.0.2454.85 Safari/537.36"
157.230.4.150 - - [20/Jul/2025:04:39:04 +0000] "GET /api-keys.json HTTP/1.1" 301 243 "-" "Mozilla/5.0 (Macintosh; Intel Mac OS X 10_10_0) AppleWebKit/537.36 (KHTML, like Gecko) Chrome/45.0.2454.85 Safari/537.36"
157.230.4.150 - - [20/Jul/2025:04:39:04 +0000] "GET /keys.json HTTP/1.1" 301 239 "-" "Mozilla/5.0 (Macintosh; Intel Mac OS X 10_10_0) AppleWebKit/537.36 (KHTML, like Gecko) Chrome/45.0.2454.85 Safari/537.36"
157.230.4.150 - - [20/Jul/2025:04:39:05 +0000] "GET /apikeys.json HTTP/1.1" 301 242 "-" "Mozilla/5.0 (Macintosh; Intel Mac OS X 10_10_0) AppleWebKit/537.36 (KHTML, like Gecko) Chrome/45.0.2454.85 Safari/537.36"
157.230.4.150 - - [20/Jul/2025:04:39:05 +0000] "GET /keys.yml HTTP/1.1" 301 238 "-" "Mozilla/5.0 (Macintosh; Intel Mac OS X 10_10_0) AppleWebKit/537.36 (KHTML, like Gecko) Chrome/45.0.2454.85 Safari/537.36"
157.230.4.150 - - [20/Jul/2025:04:39:05 +0000] "GET /phpinfo.php HTTP/1.1" 301 241 "-" "Mozilla/5.0 (Macintosh; Intel Mac OS X 10_10_0) AppleWebKit/537.36 (KHTML, like Gecko) Chrome/45.0.2454.85 Safari/537.36"
157.230.4.150 - - [20/Jul/2025:04:39:05 +0000] "GET /info.php HTTP/1.1" 301 238 "-" "Mozilla/5.0 (Macintosh; Intel Mac OS X 10_10_0) AppleWebKit/537.36 (KHTML, like Gecko) Chrome/45.0.2454.85 Safari/537.36"
157.230.4.150 - - [20/Jul/2025:04:39:05 +0000] "GET /server_info.php HTTP/1.1" 301 245 "-" "Mozilla/5.0 (Macintosh; Intel Mac OS X 10_10_0) AppleWebKit/537.36 (KHTML, like Gecko) Chrome/45.0.2454.85 Safari/537.36"
157.230.4.150 - - [20/Jul/2025:04:39:05 +0000] "GET /php_info.php HTTP/1.1" 301 242 "-" "Mozilla/5.0 (Macintosh; Intel Mac OS X 10_10_0) AppleWebKit/537.36 (KHTML, like Gecko) Chrome/45.0.2454.85 Safari/537.36"
157.230.4.150 - - [20/Jul/2025:04:39:05 +0000] "GET /phpinfo.html HTTP/1.1" 301 242 "-" "Mozilla/5.0 (Macintosh; Intel Mac OS X 10_10_0) AppleWebKit/537.36 (KHTML, like Gecko) Chrome/45.0.2454.85 Safari/537.36"
157.230.4.150 - - [20/Jul/2025:04:39:05 +0000] "GET /phpinfo.txt HTTP/1.1" 301 241 "-" "Mozilla/5.0 (Macintosh; Intel Mac OS X 10_10_0) AppleWebKit/537.36 (KHTML, like Gecko) Chrome/45.0.2454.85 Safari/537.36"
157.230.4.150 - - [20/Jul/2025:04:39:05 +0000] "GET /info.php HTTP/1.1" 301 238 "-" "Mozilla/5.0 (Macintosh; Intel Mac OS X 10_10_0) AppleWebKit/537.36 (KHTML, like Gecko) Chrome/45.0.2454.85 Safari/537.36"
157.230.4.150 - - [20/Jul/2025:04:39:05 +0000] "GET /phpinfo/info.php HTTP/1.1" 301 246 "-" "Mozilla/5.0 (Macintosh; Intel Mac OS X 10_10_0) AppleWebKit/537.36 (KHTML, like Gecko) Chrome/45.0.2454.85 Safari/537.36"
157.230.4.150 - - [20/Jul/2025:04:39:05 +0000] "GET /phpinfo/phpinfo.php HTTP/1.1" 301 249 "-" "Mozilla/5.0 (Macintosh; Intel Mac OS X 10_10_0) AppleWebKit/537.36 (KHTML, like Gecko) Chrome/45.0.2454.85 Safari/537.36"
157.230.4.150 - - [20/Jul/2025:04:39:05 +0000] "GET /phpinfo.php HTTP/1.1" 301 241 "-" "Mozilla/5.0 (Macintosh; Intel Mac OS X 10_10_0) AppleWebKit/537.36 (KHTML, like Gecko) Chrome/45.0.2454.85 Safari/537.36"
157.230.4.150 - - [20/Jul/2025:04:39:05 +0000] "GET /phpinfodev.php HTTP/1.1" 301 244 "-" "Mozilla/5.0 (Macintosh; Intel Mac OS X 10_10_0) AppleWebKit/537.36 (KHTML, like Gecko) Chrome/45.0.2454.85 Safari/537.36"
157.230.4.150 - - [20/Jul/2025:04:39:05 +0000] "GET /server_info.php HTTP/1.1" 301 245 "-" "Mozilla/5.0 (Macintosh; Intel Mac OS X 10_10_0) AppleWebKit/537.36 (KHTML, like Gecko) Chrome/45.0.2454.85 Safari/537.36"
157.230.4.150 - - [20/Jul/2025:04:39:05 +0000] "GET /phpsysinfo.php HTTP/1.1" 301 244 "-" "Mozilla/5.0 (Macintosh; Intel Mac OS X 10_10_0) AppleWebKit/537.36 (KHTML, like Gecko) Chrome/45.0.2454.85 Safari/537.36"
157.230.4.150 - - [20/Jul/2025:04:39:05 +0000] "GET /php_info.php HTTP/1.1" 301 242 "-" "Mozilla/5.0 (Macintosh; Intel Mac OS X 10_10_0) AppleWebKit/537.36 (KHTML, like Gecko) Chrome/45.0.2454.85 Safari/537.36"
157.230.4.150 - - [20/Jul/2025:04:39:05 +0000] "GET /phpinfodev.php HTTP/1.1" 301 244 "-" "Mozilla/5.0 (Macintosh; Intel Mac OS X 10_10_0) AppleWebKit/537.36 (KHTML, like Gecko) Chrome/45.0.2454.85 Safari/537.36"
157.230.4.150 - - [20/Jul/2025:04:39:05 +0000] "GET /phpsysinfo/phpinfo.php HTTP/1.1" 301 252 "-" "Mozilla/5.0 (Macintosh; Intel Mac OS X 10_10_0) AppleWebKit/537.36 (KHTML, like Gecko) Chrome/45.0.2454.85 Safari/537.36"
157.230.4.150 - - [20/Jul/2025:04:39:05 +0000] "GET /phpsysinfo/info.php HTTP/1.1" 301 249 "-" "Mozilla/5.0 (Macintosh; Intel Mac OS X 10_10_0) AppleWebKit/537.36 (KHTML, like Gecko) Chrome/45.0.2454.85 Safari/537.36"
157.230.4.150 - - [20/Jul/2025:04:39:05 +0000] "GET /phpsysinfo.php HTTP/1.1" 301 244 "-" "Mozilla/5.0 (Macintosh; Intel Mac OS X 10_10_0) AppleWebKit/537.36 (KHTML, like Gecko) Chrome/45.0.2454.85 Safari/537.36"
157.230.4.150 - - [20/Jul/2025:04:39:05 +0000] "GET /phpsysinfo/phpsysinfo.php HTTP/1.1" 301 255 "-" "Mozilla/5.0 (Macintosh; Intel Mac OS X 10_10_0) AppleWebKit/537.36 (KHTML, like Gecko) Chrome/45.0.2454.85 Safari/537.36"
157.230.4.150 - - [20/Jul/2025:04:39:05 +0000] "GET /test.php HTTP/1.1" 301 238 "-" "Mozilla/5.0 (Macintosh; Intel Mac OS X 10_10_0) AppleWebKit/537.36 (KHTML, like Gecko) Chrome/45.0.2454.85 Safari/537.36"
157.230.4.150 - - [20/Jul/2025:04:39:05 +0000] "GET /debug.php HTTP/1.1" 301 239 "-" "Mozilla/5.0 (Macintosh; Intel Mac OS X 10_10_0) AppleWebKit/537.36 (KHTML, like Gecko) Chrome/45.0.2454.85 Safari/537.36"
157.230.4.150 - - [20/Jul/2025:04:39:05 +0000] "GET /admin/phpinfo.php HTTP/1.1" 301 247 "-" "Mozilla/5.0 (Macintosh; Intel Mac OS X 10_10_0) AppleWebKit/537.36 (KHTML, like Gecko) Chrome/45.0.2454.85 Safari/537.36"
157.230.4.150 - - [20/Jul/2025:04:39:05 +0000] "GET /backend/phpinfo.php HTTP/1.1" 301 249 "-" "Mozilla/5.0 (Macintosh; Intel Mac OS X 10_10_0) AppleWebKit/537.36 (KHTML, like Gecko) Chrome/45.0.2454.85 Safari/537.36"
157.230.4.150 - - [20/Jul/2025:04:39:05 +0000] "GET /public/phpinfo.php HTTP/1.1" 301 248 "-" "Mozilla/5.0 (Macintosh; Intel Mac OS X 10_10_0) AppleWebKit/537.36 (KHTML, like Gecko) Chrome/45.0.2454.85 Safari/537.36"
157.230.4.150 - - [20/Jul/2025:04:39:05 +0000] "GET /test.php HTTP/1.1" 301 238 "-" "Mozilla/5.0 (Macintosh; Intel Mac OS X 10_10_0) AppleWebKit/537.36 (KHTML, like Gecko) Chrome/45.0.2454.85 Safari/537.36"
157.230.4.150 - - [20/Jul/2025:04:39:05 +0000] "GET /admin/phpinfo.php HTTP/1.1" 301 247 "-" "Mozilla/5.0 (Macintosh; Intel Mac OS X 10_10_0) AppleWebKit/537.36 (KHTML, like Gecko) Chrome/45.0.2454.85 Safari/537.36"
157.230.4.150 - - [20/Jul/2025:04:39:05 +0000] "GET /debug.php HTTP/1.1" 301 239 "-" "Mozilla/5.0 (Macintosh; Intel Mac OS X 10_10_0) AppleWebKit/537.36 (KHTML, like Gecko) Chrome/45.0.2454.85 Safari/537.36"
157.230.4.150 - - [20/Jul/2025:04:39:05 +0000] "GET /dashboard/phpinfo.php HTTP/1.1" 301 251 "-" "Mozilla/5.0 (Macintosh; Intel Mac OS X 10_10_0) AppleWebKit/537.36 (KHTML, like Gecko) Chrome/45.0.2454.85 Safari/537.36"
157.230.4.150 - - [20/Jul/2025:04:39:05 +0000] "GET /admin/server_info.php HTTP/1.1" 301 251 "-" "Mozilla/5.0 (Macintosh; Intel Mac OS X 10_10_0) AppleWebKit/537.36 (KHTML, like Gecko) Chrome/45.0.2454.85 Safari/537.36"
157.230.4.150 - - [20/Jul/2025:04:39:05 +0000] "GET /phpversion.php HTTP/1.1" 301 244 "-" "Mozilla/5.0 (Macintosh; Intel Mac OS X 10_10_0) AppleWebKit/537.36 (KHTML, like Gecko) Chrome/45.0.2454.85 Safari/537.36"
157.230.4.150 - - [20/Jul/2025:04:39:05 +0000] "GET /pinfo.php HTTP/1.1" 301 239 "-" "Mozilla/5.0 (Macintosh; Intel Mac OS X 10_10_0) AppleWebKit/537.36 (KHTML, like Gecko) Chrome/45.0.2454.85 Safari/537.36"
157.230.4.150 - - [20/Jul/2025:04:39:05 +0000] "GET /test_info.php HTTP/1.1" 301 243 "-" "Mozilla/5.0 (Macintosh; Intel Mac OS X 10_10_0) AppleWebKit/537.36 (KHTML, like Gecko) Chrome/45.0.2454.85 Safari/537.36"
157.230.4.150 - - [20/Jul/2025:04:39:05 +0000] "GET /system_info.php HTTP/1.1" 301 245 "-" "Mozilla/5.0 (Macintosh; Intel Mac OS X 10_10_0) AppleWebKit/537.36 (KHTML, like Gecko) Chrome/45.0.2454.85 Safari/537.36"
157.230.4.150 - - [20/Jul/2025:04:39:05 +0000] "GET /admin/server_info.php HTTP/1.1" 301 251 "-" "Mozilla/5.0 (Macintosh; Intel Mac OS X 10_10_0) AppleWebKit/537.36 (KHTML, like Gecko) Chrome/45.0.2454.85 Safari/537.36"
157.230.4.150 - - [20/Jul/2025:04:39:05 +0000] "GET /swagger.json HTTP/1.1" 301 242 "-" "Mozilla/5.0 (Macintosh; Intel Mac OS X 10_10_0) AppleWebKit/537.36 (KHTML, like Gecko) Chrome/45.0.2454.85 Safari/537.36"
157.230.4.150 - - [20/Jul/2025:04:39:05 +0000] "GET /phpversion.php HTTP/1.1" 301 244 "-" "Mozilla/5.0 (Macintosh; Intel Mac OS X 10_10_0) AppleWebKit/537.36 (KHTML, like Gecko) Chrome/45.0.2454.85 Safari/537.36"
157.230.4.150 - - [20/Jul/2025:04:39:05 +0000] "GET /pinfo.php HTTP/1.1" 301 239 "-" "Mozilla/5.0 (Macintosh; Intel Mac OS X 10_10_0) AppleWebKit/537.36 (KHTML, like Gecko) Chrome/45.0.2454.85 Safari/537.36"
157.230.4.150 - - [20/Jul/2025:04:39:05 +0000] "GET /test_info.php HTTP/1.1" 301 243 "-" "Mozilla/5.0 (Macintosh; Intel Mac OS X 10_10_0) AppleWebKit/537.36 (KHTML, like Gecko) Chrome/45.0.2454.85 Safari/537.36"
157.230.4.150 - - [20/Jul/2025:04:39:05 +0000] "GET /swagger.yaml HTTP/1.1" 301 242 "-" "Mozilla/5.0 (Macintosh; Intel Mac OS X 10_10_0) AppleWebKit/537.36 (KHTML, like Gecko) Chrome/45.0.2454.85 Safari/537.36"
157.230.4.150 - - [20/Jul/2025:04:39:05 +0000] "GET /swagger.yml HTTP/1.1" 301 241 "-" "Mozilla/5.0 (Macintosh; Intel Mac OS X 10_10_0) AppleWebKit/537.36 (KHTML, like Gecko) Chrome/45.0.2454.85 Safari/537.36"
157.230.4.150 - - [20/Jul/2025:04:39:05 +0000] "GET /api/swagger.json HTTP/1.1" 301 246 "-" "Mozilla/5.0 (Macintosh; Intel Mac OS X 10_10_0) AppleWebKit/537.36 (KHTML, like Gecko) Chrome/45.0.2454.85 Safari/537.36"
157.230.4.150 - - [20/Jul/2025:04:39:05 +0000] "GET /api/swagger.yaml HTTP/1.1" 301 246 "-" "Mozilla/5.0 (Macintosh; Intel Mac OS X 10_10_0) AppleWebKit/537.36 (KHTML, like Gecko) Chrome/45.0.2454.85 Safari/537.36"
157.230.4.150 - - [20/Jul/2025:04:39:05 +0000] "GET /system_info.php HTTP/1.1" 301 245 "-" "Mozilla/5.0 (Macintosh; Intel Mac OS X 10_10_0) AppleWebKit/537.36 (KHTML, like Gecko) Chrome/45.0.2454.85 Safari/537.36"
157.230.4.150 - - [20/Jul/2025:04:39:06 +0000] "GET /api/v1/swagger.json HTTP/1.1" 301 249 "-" "Mozilla/5.0 (Macintosh; Intel Mac OS X 10_10_0) AppleWebKit/537.36 (KHTML, like Gecko) Chrome/45.0.2454.85 Safari/537.36"
157.230.4.150 - - [20/Jul/2025:04:39:06 +0000] "GET /api/swagger.yml HTTP/1.1" 301 245 "-" "Mozilla/5.0 (Macintosh; Intel Mac OS X 10_10_0) AppleWebKit/537.36 (KHTML, like Gecko) Chrome/45.0.2454.85 Safari/537.36"
157.230.4.150 - - [20/Jul/2025:04:39:06 +0000] "GET /api/v2/swagger.json HTTP/1.1" 301 249 "-" "Mozilla/5.0 (Macintosh; Intel Mac OS X 10_10_0) AppleWebKit/537.36 (KHTML, like Gecko) Chrome/45.0.2454.85 Safari/537.36"
157.230.4.150 - - [20/Jul/2025:04:39:06 +0000] "GET /api/documentation.json HTTP/1.1" 301 252 "-" "Mozilla/5.0 (Macintosh; Intel Mac OS X 10_10_0) AppleWebKit/537.36 (KHTML, like Gecko) Chrome/45.0.2454.85 Safari/537.36"
157.230.4.150 - - [20/Jul/2025:04:39:06 +0000] "GET /api/config.js HTTP/1.1" 301 243 "-" "Mozilla/5.0 (Macintosh; Intel Mac OS X 10_10_0) AppleWebKit/537.36 (KHTML, like Gecko) Chrome/45.0.2454.85 Safari/537.36"
157.230.4.150 - - [20/Jul/2025:04:39:06 +0000] "GET /apis/config/config.js HTTP/1.1" 301 251 "-" "Mozilla/5.0 (Macintosh; Intel Mac OS X 10_10_0) AppleWebKit/537.36 (KHTML, like Gecko) Chrome/45.0.2454.85 Safari/537.36"
157.230.4.150 - - [20/Jul/2025:04:39:06 +0000] "GET /apis/controllers/users.js HTTP/1.1" 301 255 "-" "Mozilla/5.0 (Macintosh; Intel Mac OS X 10_10_0) AppleWebKit/537.36 (KHTML, like Gecko) Chrome/45.0.2454.85 Safari/537.36"
157.230.4.150 - - [20/Jul/2025:04:39:06 +0000] "GET /index.php HTTP/1.1" 301 239 "-" "Mozilla/5.0 (Macintosh; Intel Mac OS X 10_10_0) AppleWebKit/537.36 (KHTML, like Gecko) Chrome/45.0.2454.85 Safari/537.36"
157.230.4.150 - - [20/Jul/2025:04:39:06 +0000] "GET /index.html HTTP/1.1" 301 240 "-" "Mozilla/5.0 (Macintosh; Intel Mac OS X 10_10_0) AppleWebKit/537.36 (KHTML, like Gecko) Chrome/45.0.2454.85 Safari/537.36"
157.230.4.150 - - [20/Jul/2025:04:39:06 +0000] "GET /app.js HTTP/1.1" 301 236 "-" "Mozilla/5.0 (Macintosh; Intel Mac OS X 10_10_0) AppleWebKit/537.36 (KHTML, like Gecko) Chrome/45.0.2454.85 Safari/537.36"
157.230.4.150 - - [20/Jul/2025:04:39:06 +0000] "GET /server.js HTTP/1.1" 301 239 "-" "Mozilla/5.0 (Macintosh; Intel Mac OS X 10_10_0) AppleWebKit/537.36 (KHTML, like Gecko) Chrome/45.0.2454.85 Safari/537.36"
