165.22.182.47 - - [17/Jul/2025:15:05:53 +0000] "GET /favicon.ico HTTP/1.1" 301 241 "http://51.89.169.208/" "Mozilla/5.0 (X11; Linux x86_64) AppleWebKit/537.36 (KHTML, like Gecko) Chrome/137.0.0.0 Safari/537.36"
85.208.98.23 - - [17/Jul/2025:15:06:47 +0000] "GET /robots.txt HTTP/1.1" 301 247 "-" "Mozilla/5.0 (compatible; SemrushBot-BA; +http://www.semrush.com/bot.html)"
85.208.98.23 - - [17/Jul/2025:15:07:05 +0000] "GET /robots.txt HTTP/1.1" 301 243 "-" "Mozilla/5.0 (compatible; SemrushBot-BA; +http://www.semrush.com/bot.html)"
69.162.124.238 - - [17/Jul/2025:15:07:07 +0000] "HEAD / HTTP/1.1" 301 - "http://yellowleaf.co.uk" "Mozilla/5.0+(compatible; UptimeRobot/2.0; http://www.uptimerobot.com/)"
85.208.98.23 - - [17/Jul/2025:15:10:37 +0000] "GET /robots.txt HTTP/1.1" 301 247 "-" "Mozilla/5.0 (compatible; SemrushBot-BA; +http://www.semrush.com/bot.html)"
85.208.98.23 - - [17/Jul/2025:15:10:37 +0000] "GET /robots.txt HTTP/1.1" 301 243 "-" "Mozilla/5.0 (compatible; SemrushBot-BA; +http://www.semrush.com/bot.html)"
85.208.98.23 - - [17/Jul/2025:15:11:16 +0000] "GET /robots.txt HTTP/1.1" 301 247 "-" "Mozilla/5.0 (compatible; SemrushBot-BA; +http://www.semrush.com/bot.html)"
216.144.248.29 - - [17/Jul/2025:15:12:11 +0000] "HEAD / HTTP/1.1" 301 - "http://yellowleaf.co.uk" "Mozilla/5.0+(compatible; UptimeRobot/2.0; http://www.uptimerobot.com/)"
69.162.124.227 - - [17/Jul/2025:15:17:16 +0000] "HEAD / HTTP/1.1" 301 - "http://yellowleaf.co.uk" "Mozilla/5.0+(compatible; UptimeRobot/2.0; http://www.uptimerobot.com/)"
85.208.98.23 - - [17/Jul/2025:15:20:38 +0000] "GET /robots.txt HTTP/1.1" 301 247 "-" "Mozilla/5.0 (compatible; SemrushBot-BA; +http://www.semrush.com/bot.html)"
198.240.122.30 - - [17/Jul/2025:15:21:30 +0000] "GET /members/uploads/1/3590_1.jpg HTTP/1.1" 301 265 "https://www.google.com/" "Mozilla/5.0 (X11; Ubuntu; Linux x86_64; rv:72.0) Gecko/20100101 Firefox/72.0"
216.144.248.30 - - [17/Jul/2025:15:22:20 +0000] "HEAD / HTTP/1.1" 301 - "http://yellowleaf.co.uk" "Mozilla/5.0+(compatible; UptimeRobot/2.0; http://www.uptimerobot.com/)"
85.208.98.23 - - [17/Jul/2025:15:22:30 +0000] "GET /robots.txt HTTP/1.1" 301 247 "-" "Mozilla/5.0 (compatible; SemrushBot-BA; +http://www.semrush.com/bot.html)"
84.32.241.233 - - [17/Jul/2025:15:22:59 +0000] "GET /members/uploads/3/4503_3.jpg HTTP/1.1" 301 265 "https://www.google.com/" "Mozilla/5.0 (Macintosh; Intel Mac OS X 10_15_7) AppleWebKit/605.1.15 (KHTML, like Gecko) Version/14.0.3 Safari/605.1.15"
93.174.93.12 - - [17/Jul/2025:15:23:45 +0000] "GET / HTTP/1.0" 301 217 "-" "Mozilla/5.0 (Linux; Android 9; ONEPLUS A6003) AppleWebKit/537.36 (KHTML, like Gecko) Chrome/76.0.3809.111 Mobile Safari/537.36"
85.208.98.23 - - [17/Jul/2025:15:26:00 +0000] "GET /robots.txt HTTP/1.1" 301 243 "-" "Mozilla/5.0 (compatible; SemrushBot-BA; +http://www.semrush.com/bot.html)"
85.208.98.23 - - [17/Jul/2025:15:26:00 +0000] "GET /robots.txt HTTP/1.1" 301 247 "-" "Mozilla/5.0 (compatible; SemrushBot-BA; +http://www.semrush.com/bot.html)"
216.144.248.24 - - [17/Jul/2025:15:27:24 +0000] "HEAD / HTTP/1.1" 301 - "http://yellowleaf.co.uk" "Mozilla/5.0+(compatible; UptimeRobot/2.0; http://www.uptimerobot.com/)"
66.249.93.193 - - [17/Jul/2025:15:28:16 +0000] "GET /img/email_head.png HTTP/1.1" 301 255 "-" "Mozilla/5.0 (Windows NT 5.1; rv:11.0) Gecko Firefox/11.0 (via ggpht.com GoogleImageProxy)"
66.249.93.192 - - [17/Jul/2025:15:28:16 +0000] "GET /img/logo_lil2.png HTTP/1.1" 301 254 "-" "Mozilla/5.0 (Windows NT 5.1; rv:11.0) Gecko Firefox/11.0 (via ggpht.com GoogleImageProxy)"
84.32.30.166 - - [17/Jul/2025:15:31:58 +0000] "GET /members/uploads/1/1196_1.jpg HTTP/1.1" 301 265 "https://www.google.com/" "Mozilla/5.0 (X11; Ubuntu; Linux x86_64; rv:72.0) Gecko/20100101 Firefox/72.0"
216.144.248.28 - - [17/Jul/2025:15:32:28 +0000] "HEAD / HTTP/1.1" 301 - "http://yellowleaf.co.uk" "Mozilla/5.0+(compatible; UptimeRobot/2.0; http://www.uptimerobot.com/)"
194.110.87.129 - - [17/Jul/2025:15:34:08 +0000] "GET /members/uploads/3/4209_3.jpg HTTP/1.1" 301 265 "https://www.google.com/" "Mozilla/5.0 (Windows NT 10.0; Win64; x64; rv:114.0) Gecko/20100101 Firefox/114.0"
85.208.98.23 - - [17/Jul/2025:15:35:14 +0000] "GET /robots.txt HTTP/1.1" 301 243 "-" "Mozilla/5.0 (compatible; SemrushBot-BA; +http://www.semrush.com/bot.html)"
85.208.98.23 - - [17/Jul/2025:15:35:14 +0000] "GET /robots.txt HTTP/1.1" 301 247 "-" "Mozilla/5.0 (compatible; SemrushBot-BA; +http://www.semrush.com/bot.html)"
85.208.98.23 - - [17/Jul/2025:15:36:02 +0000] "GET /robots.txt HTTP/1.1" 301 243 "-" "Mozilla/5.0 (compatible; SemrushBot-BA; +http://www.semrush.com/bot.html)"
85.208.98.23 - - [17/Jul/2025:15:36:02 +0000] "GET /robots.txt HTTP/1.1" 301 247 "-" "Mozilla/5.0 (compatible; SemrushBot-BA; +http://www.semrush.com/bot.html)"
69.162.124.235 - - [17/Jul/2025:15:37:35 +0000] "HEAD / HTTP/1.1" 301 - "http://yellowleaf.co.uk" "Mozilla/5.0+(compatible; UptimeRobot/2.0; http://www.uptimerobot.com/)"
69.162.124.235 - - [17/Jul/2025:15:42:39 +0000] "HEAD / HTTP/1.1" 301 - "http://yellowleaf.co.uk" "Mozilla/5.0+(compatible; UptimeRobot/2.0; http://www.uptimerobot.com/)"
51.68.111.212 - - [17/Jul/2025:15:43:24 +0000] "GET /robots.txt HTTP/1.1" 301 247 "-" "Mozilla/5.0 (compatible; MJ12bot/v2.0.2; http://mj12bot.com/)"
51.68.111.212 - - [17/Jul/2025:15:43:24 +0000] "GET /pages/27750-stickershop.html HTTP/1.1" 301 265 "-" "Mozilla/5.0 (compatible; MJ12bot/v2.0.2; http://mj12bot.com/)"
80.82.77.202 - - [17/Jul/2025:15:45:16 +0000] "\x16\x03\x02\x01o\x01" 403 - "-" "-"
154.13.223.2 - - [17/Jul/2025:15:45:51 +0000] "GET /members/uploads/2/16810_2.jpg HTTP/1.1" 301 266 "https://www.google.com/" "Mozilla/5.0 (Macintosh; Intel Mac OS X 10_15_7) AppleWebKit/605.1.15 (KHTML, like Gecko) Version/14.0.3 Safari/605.1.15"
216.144.248.22 - - [17/Jul/2025:15:47:43 +0000] "HEAD / HTTP/1.1" 301 - "http://yellowleaf.co.uk" "Mozilla/5.0+(compatible; UptimeRobot/2.0; http://www.uptimerobot.com/)"
85.208.98.23 - - [17/Jul/2025:15:48:28 +0000] "GET /robots.txt HTTP/1.1" 301 243 "-" "Mozilla/5.0 (compatible; SemrushBot-BA; +http://www.semrush.com/bot.html)"
85.208.98.23 - - [17/Jul/2025:15:48:28 +0000] "GET /robots.txt HTTP/1.1" 301 247 "-" "Mozilla/5.0 (compatible; SemrushBot-BA; +http://www.semrush.com/bot.html)"
85.208.98.23 - - [17/Jul/2025:15:50:33 +0000] "GET /robots.txt HTTP/1.1" 301 247 "-" "Mozilla/5.0 (compatible; SemrushBot-BA; +http://www.semrush.com/bot.html)"
85.208.98.23 - - [17/Jul/2025:15:52:21 +0000] "GET /robots.txt HTTP/1.1" 301 247 "-" "Mozilla/5.0 (compatible; SemrushBot-BA; +http://www.semrush.com/bot.html)"
216.144.248.26 - - [17/Jul/2025:15:52:48 +0000] "HEAD / HTTP/1.1" 301 - "http://yellowleaf.co.uk" "Mozilla/5.0+(compatible; UptimeRobot/2.0; http://www.uptimerobot.com/)"
85.208.98.23 - - [17/Jul/2025:15:53:28 +0000] "GET /robots.txt HTTP/1.1" 301 243 "-" "Mozilla/5.0 (compatible; SemrushBot-BA; +http://www.semrush.com/bot.html)"
85.208.98.23 - - [17/Jul/2025:15:53:28 +0000] "GET /robots.txt HTTP/1.1" 301 247 "-" "Mozilla/5.0 (compatible; SemrushBot-BA; +http://www.semrush.com/bot.html)"
85.208.98.23 - - [17/Jul/2025:15:57:47 +0000] "GET /robots.txt HTTP/1.1" 301 243 "-" "Mozilla/5.0 (compatible; SemrushBot-BA; +http://www.semrush.com/bot.html)"
85.208.98.23 - - [17/Jul/2025:15:57:47 +0000] "GET /robots.txt HTTP/1.1" 301 247 "-" "Mozilla/5.0 (compatible; SemrushBot-BA; +http://www.semrush.com/bot.html)"
216.144.248.24 - - [17/Jul/2025:15:57:54 +0000] "HEAD / HTTP/1.1" 301 - "http://yellowleaf.co.uk" "Mozilla/5.0+(compatible; UptimeRobot/2.0; http://www.uptimerobot.com/)"
167.253.34.3 - - [17/Jul/2025:15:59:53 +0000] "GET /robots.txt HTTP/1.0" 301 247 "-" "Mozilla/4.0 (compatible; fluid/0.0; +http://www.leak.info/bot.html)"
216.144.248.23 - - [17/Jul/2025:16:02:58 +0000] "HEAD / HTTP/1.1" 301 - "http://yellowleaf.co.uk" "Mozilla/5.0+(compatible; UptimeRobot/2.0; http://www.uptimerobot.com/)"
85.208.98.23 - - [17/Jul/2025:16:04:26 +0000] "GET /robots.txt HTTP/1.1" 301 247 "-" "Mozilla/5.0 (compatible; SemrushBot-BA; +http://www.semrush.com/bot.html)"
85.208.98.23 - - [17/Jul/2025:16:04:30 +0000] "GET /robots.txt HTTP/1.1" 301 243 "-" "Mozilla/5.0 (compatible; SemrushBot-BA; +http://www.semrush.com/bot.html)"
216.245.221.83 - - [17/Jul/2025:16:08:03 +0000] "HEAD / HTTP/1.1" 301 - "http://yellowleaf.co.uk" "Mozilla/5.0+(compatible; UptimeRobot/2.0; http://www.uptimerobot.com/)"
85.208.98.23 - - [17/Jul/2025:16:08:35 +0000] "GET /robots.txt HTTP/1.1" 301 247 "-" "Mozilla/5.0 (compatible; SemrushBot-BA; +http://www.semrush.com/bot.html)"
85.208.98.23 - - [17/Jul/2025:16:08:47 +0000] "GET /robots.txt HTTP/1.1" 301 243 "-" "Mozilla/5.0 (compatible; SemrushBot-BA; +http://www.semrush.com/bot.html)"
51.68.111.244 - - [17/Jul/2025:16:10:04 +0000] "GET /robots.txt HTTP/1.1" 301 243 "-" "Mozilla/5.0 (compatible; MJ12bot/v2.0.2; http://mj12bot.com/)"
51.68.111.244 - - [17/Jul/2025:16:10:04 +0000] "GET / HTTP/1.1" 301 233 "-" "Mozilla/5.0 (compatible; MJ12bot/v2.0.2; http://mj12bot.com/)"
170.254.238.77 - - [17/Jul/2025:16:12:30 +0000] "GET / HTTP/1.1" 301 233 "-" "Mozilla/5.0 (Windows NT 6.1; WOW64) AppleWebKit/537.36 (KHTML, like Gecko) Chrome/52.0.2743.116 Safari/537.36"
51.68.111.217 - - [17/Jul/2025:16:13:06 +0000] "GET /pages/17053-photos-by-abhi.html HTTP/1.1" 301 268 "-" "Mozilla/5.0 (compatible; MJ12bot/v2.0.2; http://mj12bot.com/)"
216.144.248.25 - - [17/Jul/2025:16:13:07 +0000] "HEAD / HTTP/1.1" 301 - "http://yellowleaf.co.uk" "Mozilla/5.0+(compatible; UptimeRobot/2.0; http://www.uptimerobot.com/)"
85.208.98.23 - - [17/Jul/2025:16:13:35 +0000] "GET /robots.txt HTTP/1.1" 301 243 "-" "Mozilla/5.0 (compatible; SemrushBot-BA; +http://www.semrush.com/bot.html)"
85.208.98.23 - - [17/Jul/2025:16:13:35 +0000] "GET /robots.txt HTTP/1.1" 301 247 "-" "Mozilla/5.0 (compatible; SemrushBot-BA; +http://www.semrush.com/bot.html)"
191.102.190.120 - - [17/Jul/2025:16:13:47 +0000] "GET /members/uploads/1/13937_1.jpg HTTP/1.1" 301 266 "https://www.google.com/" "Mozilla/5.0 (Macintosh; Intel Mac OS X 10_15_7) AppleWebKit/605.1.15 (KHTML, like Gecko) Version/14.0.3 Safari/605.1.15"
85.208.98.23 - - [17/Jul/2025:16:16:26 +0000] "GET /robots.txt HTTP/1.1" 301 247 "-" "Mozilla/5.0 (compatible; SemrushBot-BA; +http://www.semrush.com/bot.html)"
85.208.98.23 - - [17/Jul/2025:16:16:26 +0000] "GET /robots.txt HTTP/1.1" 301 243 "-" "Mozilla/5.0 (compatible; SemrushBot-BA; +http://www.semrush.com/bot.html)"
216.144.248.30 - - [17/Jul/2025:16:18:11 +0000] "HEAD / HTTP/1.1" 301 - "http://yellowleaf.co.uk" "Mozilla/5.0+(compatible; UptimeRobot/2.0; http://www.uptimerobot.com/)"
85.208.98.23 - - [17/Jul/2025:16:19:08 +0000] "GET /robots.txt HTTP/1.1" 301 243 "-" "Mozilla/5.0 (compatible; SemrushBot-BA; +http://www.semrush.com/bot.html)"
85.208.98.23 - - [17/Jul/2025:16:19:08 +0000] "GET /robots.txt HTTP/1.1" 301 247 "-" "Mozilla/5.0 (compatible; SemrushBot-BA; +http://www.semrush.com/bot.html)"
216.144.248.18 - - [17/Jul/2025:16:23:17 +0000] "HEAD / HTTP/1.1" 301 - "http://yellowleaf.co.uk" "Mozilla/5.0+(compatible; UptimeRobot/2.0; http://www.uptimerobot.com/)"
85.208.98.23 - - [17/Jul/2025:16:24:17 +0000] "GET /robots.txt HTTP/1.1" 301 247 "-" "Mozilla/5.0 (compatible; SemrushBot-BA; +http://www.semrush.com/bot.html)"
85.208.98.23 - - [17/Jul/2025:16:24:19 +0000] "GET /robots.txt HTTP/1.1" 301 243 "-" "Mozilla/5.0 (compatible; SemrushBot-BA; +http://www.semrush.com/bot.html)"
107.173.238.165 - - [17/Jul/2025:16:25:39 +0000] "GET /members/uploads/3/6180_3.jpg HTTP/1.1" 301 265 "https://www.google.com/" "Mozilla/5.0 (X11; Ubuntu; Linux x86_64; rv:72.0) Gecko/20100101 Firefox/72.0"
85.208.98.23 - - [17/Jul/2025:16:26:17 +0000] "GET /robots.txt HTTP/1.1" 301 243 "-" "Mozilla/5.0 (compatible; SemrushBot-BA; +http://www.semrush.com/bot.html)"
85.208.98.23 - - [17/Jul/2025:16:26:17 +0000] "GET /robots.txt HTTP/1.1" 301 247 "-" "Mozilla/5.0 (compatible; SemrushBot-BA; +http://www.semrush.com/bot.html)"
85.208.98.23 - - [17/Jul/2025:16:27:40 +0000] "GET /robots.txt HTTP/1.1" 301 247 "-" "Mozilla/5.0 (compatible; SemrushBot-BA; +http://www.semrush.com/bot.html)"
85.208.98.23 - - [17/Jul/2025:16:27:40 +0000] "GET /robots.txt HTTP/1.1" 301 243 "-" "Mozilla/5.0 (compatible; SemrushBot-BA; +http://www.semrush.com/bot.html)"
85.208.98.23 - - [17/Jul/2025:16:28:05 +0000] "GET /robots.txt HTTP/1.1" 301 247 "-" "Mozilla/5.0 (compatible; SemrushBot-BA; +http://www.semrush.com/bot.html)"
20.102.116.62 - - [17/Jul/2025:16:28:21 +0000] "GET /ReportServer HTTP/1.1" 301 242 "-" "Mozilla/5.0 zgrab/0.x"
216.144.248.23 - - [17/Jul/2025:16:28:22 +0000] "HEAD / HTTP/1.1" 301 - "http://yellowleaf.co.uk" "Mozilla/5.0+(compatible; UptimeRobot/2.0; http://www.uptimerobot.com/)"
85.208.98.23 - - [17/Jul/2025:16:28:31 +0000] "GET /robots.txt HTTP/1.1" 301 243 "-" "Mozilla/5.0 (compatible; SemrushBot-BA; +http://www.semrush.com/bot.html)"
85.208.98.23 - - [17/Jul/2025:16:28:31 +0000] "GET /robots.txt HTTP/1.1" 301 247 "-" "Mozilla/5.0 (compatible; SemrushBot-BA; +http://www.semrush.com/bot.html)"
4.227.36.84 - - [17/Jul/2025:16:30:24 +0000] "GET /robots.txt HTTP/1.1" 301 247 "-" "Mozilla/5.0 AppleWebKit/537.36 (KHTML, like Gecko; compatible; GPTBot/1.2; +https://openai.com/gptbot)"
107.174.117.214 - - [17/Jul/2025:16:31:58 +0000] "GET /members/uploads/4/11496_4.jpg HTTP/1.1" 301 266 "https://www.google.com/" "Mozilla/5.0 (X11; Ubuntu; Linux x86_64; rv:72.0) Gecko/20100101 Firefox/72.0"
216.144.248.28 - - [17/Jul/2025:16:33:26 +0000] "HEAD / HTTP/1.1" 301 - "http://yellowleaf.co.uk" "Mozilla/5.0+(compatible; UptimeRobot/2.0; http://www.uptimerobot.com/)"
185.236.231.125 - - [17/Jul/2025:16:35:09 +0000] "GET /.env HTTP/1.1" 301 234 "-" "Mozilla/5.0 (X11; Linux x86_64) AppleWebKit/537.36 (KHTML, like Gecko) Chrome/81.0.4044.129 Safari/537.36"
185.236.231.125 - - [17/Jul/2025:16:35:09 +0000] "POST / HTTP/1.1" 301 230 "-" "Mozilla/5.0 (X11; Linux x86_64) AppleWebKit/537.36 (KHTML, like Gecko) Chrome/81.0.4044.129 Safari/537.36"
37.139.53.46 - - [17/Jul/2025:16:35:49 +0000] "GET /support/ HTTP/1.0" 301 241 "http://yellowleaf.co.uk/support/" "Mozilla/5.0 (Windows NT 10.0; Win64; x64) AppleWebKit/537.36 (KHTML, like Gecko) Chrome/129.0.0.0 Safari/537.36"
216.144.248.18 - - [17/Jul/2025:16:38:30 +0000] "HEAD / HTTP/1.1" 301 - "http://yellowleaf.co.uk" "Mozilla/5.0+(compatible; UptimeRobot/2.0; http://www.uptimerobot.com/)"
85.208.98.23 - - [17/Jul/2025:16:38:56 +0000] "GET /robots.txt HTTP/1.1" 301 247 "-" "Mozilla/5.0 (compatible; SemrushBot-BA; +http://www.semrush.com/bot.html)"
93.255.89.214 - - [17/Jul/2025:16:39:07 +0000] "GET /pages/40495-arbury-autos.html HTTP/1.1" 301 266 "-" "Mozilla/5.0 (Windows NT 10.0; Win64; x64) AppleWebKit/537.36 (KHTML, like Gecko) Chrome/114.0.0.0 YaBrowser/22.7.0 Yowser/2.5 Safari/537.36"
85.208.98.23 - - [17/Jul/2025:16:39:17 +0000] "GET /robots.txt HTTP/1.1" 301 247 "-" "Mozilla/5.0 (compatible; SemrushBot-BA; +http://www.semrush.com/bot.html)"
85.208.98.23 - - [17/Jul/2025:16:39:49 +0000] "GET /robots.txt HTTP/1.1" 301 247 "-" "Mozilla/5.0 (compatible; SemrushBot-BA; +http://www.semrush.com/bot.html)"
85.208.98.23 - - [17/Jul/2025:16:39:49 +0000] "GET /robots.txt HTTP/1.1" 301 243 "-" "Mozilla/5.0 (compatible; SemrushBot-BA; +http://www.semrush.com/bot.html)"
85.208.98.23 - - [17/Jul/2025:16:39:49 +0000] "GET /robots.txt HTTP/1.1" 301 247 "-" "Mozilla/5.0 (compatible; SemrushBot-BA; +http://www.semrush.com/bot.html)"
51.68.111.207 - - [17/Jul/2025:16:39:51 +0000] "GET /robots.txt HTTP/1.1" 301 243 "-" "Mozilla/5.0 (compatible; MJ12bot/v2.0.2; http://mj12bot.com/)"
51.68.111.207 - - [17/Jul/2025:16:39:51 +0000] "GET / HTTP/1.1" 301 233 "-" "Mozilla/5.0 (compatible; MJ12bot/v2.0.2; http://mj12bot.com/)"
85.208.98.23 - - [17/Jul/2025:16:40:39 +0000] "GET /robots.txt HTTP/1.1" 301 243 "-" "Mozilla/5.0 (compatible; SemrushBot-BA; +http://www.semrush.com/bot.html)"
85.208.98.23 - - [17/Jul/2025:16:42:50 +0000] "GET /robots.txt HTTP/1.1" 301 247 "-" "Mozilla/5.0 (compatible; SemrushBot-BA; +http://www.semrush.com/bot.html)"
51.68.107.159 - - [17/Jul/2025:16:42:55 +0000] "GET /robots.txt HTTP/1.1" 301 247 "-" "Mozilla/5.0 (compatible; MJ12bot/v2.0.2; http://mj12bot.com/)"
51.68.107.159 - - [17/Jul/2025:16:42:55 +0000] "GET /pages/14790-bella-bathrooms.html HTTP/1.1" 301 269 "-" "Mozilla/5.0 (compatible; MJ12bot/v2.0.2; http://mj12bot.com/)"
216.144.248.24 - - [17/Jul/2025:16:43:36 +0000] "HEAD / HTTP/1.1" 301 - "http://yellowleaf.co.uk" "Mozilla/5.0+(compatible; UptimeRobot/2.0; http://www.uptimerobot.com/)"
85.208.98.23 - - [17/Jul/2025:16:43:57 +0000] "GET /robots.txt HTTP/1.1" 301 247 "-" "Mozilla/5.0 (compatible; SemrushBot-BA; +http://www.semrush.com/bot.html)"
85.208.98.23 - - [17/Jul/2025:16:43:57 +0000] "GET /robots.txt HTTP/1.1" 301 243 "-" "Mozilla/5.0 (compatible; SemrushBot-BA; +http://www.semrush.com/bot.html)"
104.253.174.92 - - [17/Jul/2025:16:46:44 +0000] "GET /members/uploads/4/16562_4.jpg HTTP/1.1" 301 266 "https://www.google.com/" "Mozilla/5.0 (X11; Ubuntu; Linux x86_64; rv:72.0) Gecko/20100101 Firefox/72.0"
216.144.248.30 - - [17/Jul/2025:16:48:41 +0000] "HEAD / HTTP/1.1" 301 - "http://yellowleaf.co.uk" "Mozilla/5.0+(compatible; UptimeRobot/2.0; http://www.uptimerobot.com/)"
85.208.98.23 - - [17/Jul/2025:16:51:11 +0000] "GET /robots.txt HTTP/1.1" 301 247 "-" "Mozilla/5.0 (compatible; SemrushBot-BA; +http://www.semrush.com/bot.html)"
85.208.98.23 - - [17/Jul/2025:16:51:11 +0000] "GET /robots.txt HTTP/1.1" 301 243 "-" "Mozilla/5.0 (compatible; SemrushBot-BA; +http://www.semrush.com/bot.html)"
216.144.248.22 - - [17/Jul/2025:16:53:45 +0000] "HEAD / HTTP/1.1" 301 - "http://yellowleaf.co.uk" "Mozilla/5.0+(compatible; UptimeRobot/2.0; http://www.uptimerobot.com/)"
85.208.98.23 - - [17/Jul/2025:16:56:55 +0000] "GET /robots.txt HTTP/1.1" 301 243 "-" "Mozilla/5.0 (compatible; SemrushBot-BA; +http://www.semrush.com/bot.html)"
85.208.98.23 - - [17/Jul/2025:16:56:56 +0000] "GET /robots.txt HTTP/1.1" 301 247 "-" "Mozilla/5.0 (compatible; SemrushBot-BA; +http://www.semrush.com/bot.html)"
68.69.186.238 - - [17/Jul/2025:16:58:31 +0000] "GET / HTTP/1.1" 301 233 "-" "-"
216.144.248.28 - - [17/Jul/2025:16:58:49 +0000] "HEAD / HTTP/1.1" 301 - "http://yellowleaf.co.uk" "Mozilla/5.0+(compatible; UptimeRobot/2.0; http://www.uptimerobot.com/)"
85.208.98.23 - - [17/Jul/2025:16:58:59 +0000] "GET /robots.txt HTTP/1.1" 301 243 "-" "Mozilla/5.0 (compatible; SemrushBot-BA; +http://www.semrush.com/bot.html)"
66.249.70.139 - - [17/Jul/2025:16:59:01 +0000] "GET /pages/7833-epsom-dental-centre.html HTTP/1.1" 301 272 "-" "Mozilla/5.0 (Linux; Android 6.0.1; Nexus 5X Build/MMB29P) AppleWebKit/537.36 (KHTML, like Gecko) Chrome/137.0.7151.103 Mobile Safari/537.36 (compatible; Googlebot/2.1; +http://www.google.com/bot.html)"
85.208.98.23 - - [17/Jul/2025:16:59:50 +0000] "GET /robots.txt HTTP/1.1" 301 247 "-" "Mozilla/5.0 (compatible; SemrushBot-BA; +http://www.semrush.com/bot.html)"
85.208.98.23 - - [17/Jul/2025:16:59:50 +0000] "GET /robots.txt HTTP/1.1" 301 243 "-" "Mozilla/5.0 (compatible; SemrushBot-BA; +http://www.semrush.com/bot.html)"
204.44.82.104 - - [17/Jul/2025:17:01:32 +0000] "GET /members/uploads/2/1260_2.jpg HTTP/1.1" 301 265 "https://www.google.com/" "Mozilla/5.0 (X11; Ubuntu; Linux x86_64; rv:72.0) Gecko/20100101 Firefox/72.0"
66.249.70.137 - - [17/Jul/2025:17:02:43 +0000] "GET /pages/11269-jem-carpets.html HTTP/1.1" 301 265 "-" "Mozilla/5.0 (Linux; Android 6.0.1; Nexus 5X Build/MMB29P) AppleWebKit/537.36 (KHTML, like Gecko) Chrome/137.0.7151.103 Mobile Safari/537.36 (compatible; Googlebot/2.1; +http://www.google.com/bot.html)"
216.245.221.83 - - [17/Jul/2025:17:03:54 +0000] "HEAD / HTTP/1.1" 301 - "http://yellowleaf.co.uk" "Mozilla/5.0+(compatible; UptimeRobot/2.0; http://www.uptimerobot.com/)"
66.249.70.137 - - [17/Jul/2025:17:06:25 +0000] "GET /pages/14294-kc-drains.html HTTP/1.1" 301 263 "-" "Mozilla/5.0 (Linux; Android 6.0.1; Nexus 5X Build/MMB29P) AppleWebKit/537.36 (KHTML, like Gecko) Chrome/137.0.7151.103 Mobile Safari/537.36 (compatible; Googlebot/2.1; +http://www.google.com/bot.html)"
198.240.103.233 - - [17/Jul/2025:17:07:17 +0000] "GET /members/uploads/2/310_2.jpg HTTP/1.1" 301 264 "https://www.google.com/" "Mozilla/5.0 (X11; Ubuntu; Linux x86_64; rv:72.0) Gecko/20100101 Firefox/72.0"
216.144.248.27 - - [17/Jul/2025:17:08:59 +0000] "HEAD / HTTP/1.1" 301 - "http://yellowleaf.co.uk" "Mozilla/5.0+(compatible; UptimeRobot/2.0; http://www.uptimerobot.com/)"
66.249.70.137 - - [17/Jul/2025:17:10:07 +0000] "GET /pages/11269-jem-carpets.html HTTP/1.1" 301 265 "-" "Mozilla/5.0 (Linux; Android 6.0.1; Nexus 5X Build/MMB29P) AppleWebKit/537.36 (KHTML, like Gecko) Chrome/137.0.7151.103 Mobile Safari/537.36 (compatible; GoogleOther)"
85.208.98.31 - - [17/Jul/2025:17:10:53 +0000] "GET /pages/10387-liverpool-training-solutions.html HTTP/1.1" 301 282 "-" "Mozilla/5.0 (compatible; SemrushBot-BA; +http://www.semrush.com/bot.html)"
66.249.70.139 - - [17/Jul/2025:17:13:49 +0000] "GET /pages/13107-pastest-ltd.html HTTP/1.1" 301 265 "-" "Mozilla/5.0 (Linux; Android 6.0.1; Nexus 5X Build/MMB29P) AppleWebKit/537.36 (KHTML, like Gecko) Chrome/137.0.7151.103 Mobile Safari/537.36 (compatible; GoogleOther)"
216.144.248.19 - - [17/Jul/2025:17:14:04 +0000] "HEAD / HTTP/1.1" 301 - "http://yellowleaf.co.uk" "Mozilla/5.0+(compatible; UptimeRobot/2.0; http://www.uptimerobot.com/)"
34.226.139.66 - - [17/Jul/2025:17:15:03 +0000] "GET / HTTP/1.1" 301 230 "-" "Mozilla/5.0 (Windows NT 10.0; Win64; x64) AppleWebKit/537.36 (KHTML, like Gecko) Chrome/136.0.0.0 Safari/537.36"
51.68.111.240 - - [17/Jul/2025:17:15:25 +0000] "GET /robots.txt HTTP/1.1" 301 247 "-" "Mozilla/5.0 (compatible; MJ12bot/v2.0.2; http://mj12bot.com/)"
51.68.111.240 - - [17/Jul/2025:17:15:25 +0000] "GET /pages/11115-the-gap-partnership.html HTTP/1.1" 301 273 "-" "Mozilla/5.0 (compatible; MJ12bot/v2.0.2; http://mj12bot.com/)"
51.68.111.240 - - [17/Jul/2025:17:15:26 +0000] "GET /pages/27750-stickershop.html HTTP/1.1" 301 265 "-" "Mozilla/5.0 (compatible; MJ12bot/v2.0.2; http://mj12bot.com/)"
107.174.157.192 - - [17/Jul/2025:17:15:54 +0000] "GET /members/uploads/3/2267_3.jpg HTTP/1.1" 301 265 "https://www.google.com/" "Mozilla/5.0 (X11; Ubuntu; Linux x86_64; rv:72.0) Gecko/20100101 Firefox/72.0"
43.155.129.131 - - [17/Jul/2025:17:16:08 +0000] "GET / HTTP/1.1" 301 237 "-" "Mozilla/5.0 (iPhone; CPU iPhone OS 13_2_3 like Mac OS X) AppleWebKit/605.1.15 (KHTML, like Gecko) Version/13.0.3 Mobile/15E148 Safari/604.1"
204.76.203.219 - - [17/Jul/2025:17:18:13 +0000] "GET / HTTP/1.1" 301 233 "-" "Mozilla/5.0 (Windows NT 10.0; Win64; x64) AppleWebKit/537.36 (KHTML, like Gecko) Chrome/90.0.4430.85 Safari/537.36 Edg/90.0.818.46"
85.208.98.23 - - [17/Jul/2025:17:18:46 +0000] "GET /robots.txt HTTP/1.1" 301 243 "-" "Mozilla/5.0 (compatible; SemrushBot-BA; +http://www.semrush.com/bot.html)"
85.208.98.23 - - [17/Jul/2025:17:18:46 +0000] "GET /robots.txt HTTP/1.1" 301 247 "-" "Mozilla/5.0 (compatible; SemrushBot-BA; +http://www.semrush.com/bot.html)"
69.162.124.227 - - [17/Jul/2025:17:19:08 +0000] "HEAD / HTTP/1.1" 301 - "http://yellowleaf.co.uk" "Mozilla/5.0+(compatible; UptimeRobot/2.0; http://www.uptimerobot.com/)"
61.146.178.35 - - [17/Jul/2025:17:20:25 +0000] "HEAD / HTTP/1.1" 301 - "-" "Mozilla/5.0 (compatible; Baiduspider/2.0; +http://www.baidu.com/search/spider.html)"
61.146.178.32 - - [17/Jul/2025:17:20:25 +0000] "HEAD / HTTP/1.1" 301 - "-" "Mozilla/5.0 (compatible; Baiduspider/2.0; +http://www.baidu.com/search/spider.html)"
85.208.98.23 - - [17/Jul/2025:17:21:00 +0000] "GET /robots.txt HTTP/1.1" 301 243 "-" "Mozilla/5.0 (compatible; SemrushBot-BA; +http://www.semrush.com/bot.html)"
203.100.220.73 - - [17/Jul/2025:17:22:05 +0000] "GET /members/uploads/4/16127_4.jpg HTTP/1.1" 301 266 "https://www.google.com/" "Mozilla/5.0 (Windows NT 10.0; Win64; x64; rv:114.0) Gecko/20100101 Firefox/114.0"
196.251.89.45 - - [17/Jul/2025:17:23:24 +0000] "CONNECT api.ipify.org:443 HTTP/1.1" 301 234 "-" "Mozilla/5.0 (Windows NT 10.0; Win64; x64) AppleWebKit/537.36 (KHTML, like Gecko) Chrome/120.0.0.0 Safari/537.36"
20.191.45.212 - - [17/Jul/2025:17:23:45 +0000] "GET / HTTP/1.1" 301 237 "http://ns1.yellowleaf.co.uk/" "DuckDuckBot/1.1; (+http://duckduckgo.com/duckduckbot.html)"
216.144.248.21 - - [17/Jul/2025:17:24:12 +0000] "HEAD / HTTP/1.1" 301 - "http://yellowleaf.co.uk" "Mozilla/5.0+(compatible; UptimeRobot/2.0; http://www.uptimerobot.com/)"
85.208.98.23 - - [17/Jul/2025:17:24:54 +0000] "GET /robots.txt HTTP/1.1" 301 247 "-" "Mozilla/5.0 (compatible; SemrushBot-BA; +http://www.semrush.com/bot.html)"
205.210.31.25 - - [17/Jul/2025:17:26:21 +0000] "GET / HTTP/1.1" 301 233 "-" "Hello from Palo Alto Networks, find out more about our scans in https://docs-cortex.paloaltonetworks.com/r/1/Cortex-Xpanse/Scanning-activity"
205.210.31.25 - - [17/Jul/2025:17:26:22 +0000] "\x16\x03\x01" 403 - "-" "-"
205.210.31.25 - - [17/Jul/2025:17:26:22 +0000] "\x16\x03\x01" 403 - "-" "-"
44.227.200.80 - - [17/Jul/2025:17:27:11 +0000] "GET /robots.txt HTTP/1.1" 301 243 "-" "HawaiiBot"
216.144.248.28 - - [17/Jul/2025:17:29:18 +0000] "HEAD / HTTP/1.1" 301 - "http://yellowleaf.co.uk" "Mozilla/5.0+(compatible; UptimeRobot/2.0; http://www.uptimerobot.com/)"
84.32.241.58 - - [17/Jul/2025:17:30:57 +0000] "GET /members/uploads/2/5304_2.png HTTP/1.1" 301 265 "https://www.google.com/" "Mozilla/5.0 (X11; Ubuntu; Linux x86_64; rv:72.0) Gecko/20100101 Firefox/72.0"
43.153.86.78 - - [17/Jul/2025:17:32:43 +0000] "GET / HTTP/1.1" 301 230 "-" "Mozilla/5.0 (iPhone; CPU iPhone OS 13_2_3 like Mac OS X) AppleWebKit/605.1.15 (KHTML, like Gecko) Version/13.0.3 Mobile/15E148 Safari/604.1"
85.208.98.23 - - [17/Jul/2025:17:34:04 +0000] "GET /robots.txt HTTP/1.1" 301 247 "-" "Mozilla/5.0 (compatible; SemrushBot-BA; +http://www.semrush.com/bot.html)"
216.144.248.24 - - [17/Jul/2025:17:34:22 +0000] "HEAD / HTTP/1.1" 301 - "http://yellowleaf.co.uk" "Mozilla/5.0+(compatible; UptimeRobot/2.0; http://www.uptimerobot.com/)"
66.249.70.137 - - [17/Jul/2025:17:34:29 +0000] "GET /pages/15030-caterbake-uk.html HTTP/1.1" 301 266 "-" "Mozilla/5.0 (Linux; Android 6.0.1; Nexus 5X Build/MMB29P) AppleWebKit/537.36 (KHTML, like Gecko) Chrome/137.0.7151.103 Mobile Safari/537.36 (compatible; Googlebot/2.1; +http://www.google.com/bot.html)"
154.36.107.243 - - [17/Jul/2025:17:35:02 +0000] "GET /members/uploads/2/14359_2.jpg HTTP/1.1" 301 266 "https://www.google.com/" "Mozilla/5.0 (Windows NT 10.0; Win64; x64; rv:114.0) Gecko/20100101 Firefox/114.0"
85.208.98.23 - - [17/Jul/2025:17:35:08 +0000] "GET /robots.txt HTTP/1.1" 301 243 "-" "Mozilla/5.0 (compatible; SemrushBot-BA; +http://www.semrush.com/bot.html)"
85.208.98.23 - - [17/Jul/2025:17:35:08 +0000] "GET /robots.txt HTTP/1.1" 301 247 "-" "Mozilla/5.0 (compatible; SemrushBot-BA; +http://www.semrush.com/bot.html)"
20.171.207.82 - - [17/Jul/2025:17:36:13 +0000] "GET /pages/4699-corporate-photography-ltd.html HTTP/1.1" 301 278 "-" "Mozilla/5.0 AppleWebKit/537.36 (KHTML, like Gecko; compatible; GPTBot/1.2; +https://openai.com/gptbot)"
85.208.98.23 - - [17/Jul/2025:17:36:17 +0000] "GET /robots.txt HTTP/1.1" 301 247 "-" "Mozilla/5.0 (compatible; SemrushBot-BA; +http://www.semrush.com/bot.html)"
85.208.98.23 - - [17/Jul/2025:17:36:17 +0000] "GET /robots.txt HTTP/1.1" 301 243 "-" "Mozilla/5.0 (compatible; SemrushBot-BA; +http://www.semrush.com/bot.html)"
85.208.98.23 - - [17/Jul/2025:17:38:09 +0000] "GET /robots.txt HTTP/1.1" 301 247 "-" "Mozilla/5.0 (compatible; SemrushBot-BA; +http://www.semrush.com/bot.html)"
216.144.248.18 - - [17/Jul/2025:17:39:27 +0000] "HEAD / HTTP/1.1" 301 - "http://yellowleaf.co.uk" "Mozilla/5.0+(compatible; UptimeRobot/2.0; http://www.uptimerobot.com/)"
52.167.144.174 - - [17/Jul/2025:17:41:36 +0000] "GET /pages/10193-magiphotography.html HTTP/1.1" 301 265 "-" "Mozilla/5.0 AppleWebKit/537.36 (KHTML, like Gecko; compatible; bingbot/2.0; +http://www.bing.com/bingbot.htm) Chrome/116.0.1938.76 Safari/537.36"
66.249.70.137 - - [17/Jul/2025:17:41:52 +0000] "GET /pages/829-driving-force-pembrokeshire.html HTTP/1.1" 301 279 "-" "Mozilla/5.0 (Linux; Android 6.0.1; Nexus 5X Build/MMB29P) AppleWebKit/537.36 (KHTML, like Gecko) Chrome/137.0.7151.103 Mobile Safari/537.36 (compatible; Googlebot/2.1; +http://www.google.com/bot.html)"
51.68.236.68 - - [17/Jul/2025:17:44:26 +0000] "GET /robots.txt HTTP/1.1" 301 247 "-" "Mozilla/5.0 (compatible; MJ12bot/v2.0.2; http://mj12bot.com/)"
51.68.236.68 - - [17/Jul/2025:17:44:26 +0000] "GET /pages/17053-photos-by-abhi.html HTTP/1.1" 301 268 "-" "Mozilla/5.0 (compatible; MJ12bot/v2.0.2; http://mj12bot.com/)"
216.144.248.27 - - [17/Jul/2025:17:44:31 +0000] "HEAD / HTTP/1.1" 301 - "http://yellowleaf.co.uk" "Mozilla/5.0+(compatible; UptimeRobot/2.0; http://www.uptimerobot.com/)"
85.208.98.23 - - [17/Jul/2025:17:47:36 +0000] "GET /robots.txt HTTP/1.1" 301 247 "-" "Mozilla/5.0 (compatible; SemrushBot-BA; +http://www.semrush.com/bot.html)"
66.249.70.137 - - [17/Jul/2025:17:49:16 +0000] "GET /business/40017-blackfen.html HTTP/1.1" 301 265 "-" "Mozilla/5.0 (Linux; Android 6.0.1; Nexus 5X Build/MMB29P) AppleWebKit/537.36 (KHTML, like Gecko) Chrome/137.0.7151.103 Mobile Safari/537.36 (compatible; GoogleOther)"
216.245.221.83 - - [17/Jul/2025:17:49:37 +0000] "HEAD / HTTP/1.1" 301 - "http://yellowleaf.co.uk" "Mozilla/5.0+(compatible; UptimeRobot/2.0; http://www.uptimerobot.com/)"
172.93.172.18 - - [17/Jul/2025:17:50:54 +0000] "GET /members/uploads/3/15946_3.jpg HTTP/1.1" 301 266 "https://www.google.com/" "Mozilla/5.0 (Windows NT 10.0; Win64; x64; rv:114.0) Gecko/20100101 Firefox/114.0"
170.178.154.149 - - [17/Jul/2025:17:53:27 +0000] "GET /members/uploads/2/2946_2.jpg HTTP/1.1" 301 265 "https://www.google.com/" "Mozilla/5.0 (Macintosh; Intel Mac OS X 10_15_7) AppleWebKit/605.1.15 (KHTML, like Gecko) Version/14.0.3 Safari/605.1.15"
154.28.238.74 - - [17/Jul/2025:17:53:44 +0000] "GET /members/uploads/3/2275_3.jpg HTTP/1.1" 301 265 "https://www.google.com/" "Mozilla/5.0 (Macintosh; Intel Mac OS X 10_15_7) AppleWebKit/605.1.15 (KHTML, like Gecko) Version/14.0.3 Safari/605.1.15"
216.144.248.21 - - [17/Jul/2025:17:54:41 +0000] "HEAD / HTTP/1.1" 301 - "http://yellowleaf.co.uk" "Mozilla/5.0+(compatible; UptimeRobot/2.0; http://www.uptimerobot.com/)"
66.249.70.138 - - [17/Jul/2025:17:56:40 +0000] "GET /pages/12207-simplelife-mobility.html HTTP/1.1" 301 273 "-" "Mozilla/5.0 (Linux; Android 6.0.1; Nexus 5X Build/MMB29P) AppleWebKit/537.36 (KHTML, like Gecko) Chrome/137.0.7151.103 Mobile Safari/537.36 (compatible; Googlebot/2.1; +http://www.google.com/bot.html)"
216.144.248.22 - - [17/Jul/2025:17:59:46 +0000] "HEAD / HTTP/1.1" 301 - "http://yellowleaf.co.uk" "Mozilla/5.0+(compatible; UptimeRobot/2.0; http://www.uptimerobot.com/)"
216.144.248.18 - - [17/Jul/2025:18:04:49 +0000] "HEAD / HTTP/1.1" 301 - "http://yellowleaf.co.uk" "Mozilla/5.0+(compatible; UptimeRobot/2.0; http://www.uptimerobot.com/)"
185.191.171.17 - - [17/Jul/2025:18:08:56 +0000] "GET /pages/48523-braintree-window-and-door-repairs.html HTTP/1.1" 301 287 "-" "Mozilla/5.0 (compatible; SemrushBot/7~bl; +http://www.semrush.com/bot.html)"
216.144.248.30 - - [17/Jul/2025:18:09:54 +0000] "HEAD / HTTP/1.1" 301 - "http://yellowleaf.co.uk" "Mozilla/5.0+(compatible; UptimeRobot/2.0; http://www.uptimerobot.com/)"
216.144.248.27 - - [17/Jul/2025:18:15:00 +0000] "HEAD / HTTP/1.1" 301 - "http://yellowleaf.co.uk" "Mozilla/5.0+(compatible; UptimeRobot/2.0; http://www.uptimerobot.com/)"
152.53.15.234 - - [17/Jul/2025:18:15:21 +0000] "GET /pages/3256-infotex-uk-ltd.html HTTP/1.1" 301 263 "-" "Mozilla/5.0 (Windows NT 10.0; Win64; x64) AppleWebKit/537.36 (KHTML, like Gecko) Chrome/100.0.7827.576 Safari/537.36"
85.208.98.23 - - [17/Jul/2025:18:15:36 +0000] "GET /robots.txt HTTP/1.1" 301 247 "-" "Mozilla/5.0 (compatible; SemrushBot-BA; +http://www.semrush.com/bot.html)"
154.13.223.120 - - [17/Jul/2025:18:19:57 +0000] "GET /members/uploads/2/3278_2.jpg HTTP/1.1" 301 265 "https://www.google.com/" "Mozilla/5.0 (X11; Ubuntu; Linux x86_64; rv:72.0) Gecko/20100101 Firefox/72.0"
216.144.248.29 - - [17/Jul/2025:18:20:05 +0000] "HEAD / HTTP/1.1" 301 - "http://yellowleaf.co.uk" "Mozilla/5.0+(compatible; UptimeRobot/2.0; http://www.uptimerobot.com/)"
209.95.179.112 - - [17/Jul/2025:18:23:18 +0000] "GET /members/uploads/1/8306_1.jpg HTTP/1.1" 301 265 "https://www.google.com/" "Mozilla/5.0 (Macintosh; Intel Mac OS X 10_15_7) AppleWebKit/605.1.15 (KHTML, like Gecko) Version/14.0.3 Safari/605.1.15"
216.144.248.23 - - [17/Jul/2025:18:25:08 +0000] "HEAD / HTTP/1.1" 301 - "http://yellowleaf.co.uk" "Mozilla/5.0+(compatible; UptimeRobot/2.0; http://www.uptimerobot.com/)"
196.251.89.45 - - [17/Jul/2025:18:27:42 +0000] "CONNECT api.ipify.org:443 HTTP/1.1" 301 234 "-" "Mozilla/5.0 (Windows NT 10.0; Win64; x64) AppleWebKit/537.36 (KHTML, like Gecko) Chrome/118.0.0.0 Safari/537.36"
204.44.69.123 - - [17/Jul/2025:18:27:46 +0000] "GET /members/uploads/1/7613_1.jpg HTTP/1.1" 301 265 "https://www.google.com/" "Mozilla/5.0 (Macintosh; Intel Mac OS X 10_15_7) AppleWebKit/605.1.15 (KHTML, like Gecko) Version/14.0.3 Safari/605.1.15"
202.8.43.232 - - [17/Jul/2025:18:29:22 +0000] "GET /robots.txt HTTP/1.1" 301 243 "-" "Mozilla/5.0 (compatible; AhrefsBot/7.0; +http://ahrefs.com/robot/)"
202.8.43.235 - - [17/Jul/2025:18:29:23 +0000] "GET / HTTP/1.1" 301 233 "-" "Mozilla/5.0 (compatible; AhrefsBot/7.0; +http://ahrefs.com/robot/)"
69.162.124.238 - - [17/Jul/2025:18:30:13 +0000] "HEAD / HTTP/1.1" 301 - "http://yellowleaf.co.uk" "Mozilla/5.0+(compatible; UptimeRobot/2.0; http://www.uptimerobot.com/)"
4.227.36.84 - - [17/Jul/2025:18:31:38 +0000] "GET /robots.txt HTTP/1.1" 301 243 "-" "Mozilla/5.0 AppleWebKit/537.36 (KHTML, like Gecko; compatible; GPTBot/1.2; +https://openai.com/gptbot)"
20.171.207.206 - - [17/Jul/2025:18:31:46 +0000] "GET /pages/64693-reading-garage.html HTTP/1.1" 301 264 "-" "Mozilla/5.0 AppleWebKit/537.36 (KHTML, like Gecko; compatible; GPTBot/1.2; +https://openai.com/gptbot)"
20.171.207.206 - - [17/Jul/2025:18:31:49 +0000] "GET /pages/64693-reading-garage.htmlYesterday HTTP/1.1" 301 273 "-" "Mozilla/5.0 AppleWebKit/537.36 (KHTML, like Gecko; compatible; GPTBot/1.2; +https://openai.com/gptbot)"
85.208.98.23 - - [17/Jul/2025:18:35:12 +0000] "GET /robots.txt HTTP/1.1" 301 247 "-" "Mozilla/5.0 (compatible; SemrushBot-BA; +http://www.semrush.com/bot.html)"
85.208.98.23 - - [17/Jul/2025:18:35:12 +0000] "GET /robots.txt HTTP/1.1" 301 243 "-" "Mozilla/5.0 (compatible; SemrushBot-BA; +http://www.semrush.com/bot.html)"
216.144.248.27 - - [17/Jul/2025:18:35:19 +0000] "HEAD / HTTP/1.1" 301 - "http://yellowleaf.co.uk" "Mozilla/5.0+(compatible; UptimeRobot/2.0; http://www.uptimerobot.com/)"
35.243.173.0 - - [17/Jul/2025:18:35:42 +0000] "HEAD /wordpress HTTP/1.1" 301 - "-" "Mozilla/5.0 (Windows NT 10.0; Win64; x64) AppleWebKit/537.36 (KHTML, like Gecko) Chrome/74.0.3729.169 Safari/537.36"
35.243.173.0 - - [17/Jul/2025:18:35:43 +0000] "HEAD / HTTP/1.1" 301 - "-" "Mozilla/5.0 (Windows NT 10.0; Win64; x64) AppleWebKit/537.36 (KHTML, like Gecko) Chrome/74.0.3729.169 Safari/537.36"
35.243.173.0 - - [17/Jul/2025:18:35:44 +0000] "HEAD /wp HTTP/1.1" 301 - "-" "Mozilla/5.0 (Windows NT 10.0; Win64; x64) AppleWebKit/537.36 (KHTML, like Gecko) Chrome/74.0.3729.169 Safari/537.36"
35.243.173.0 - - [17/Jul/2025:18:35:44 +0000] "HEAD /bc HTTP/1.1" 301 - "-" "Mozilla/5.0 (Windows NT 10.0; Win64; x64) AppleWebKit/537.36 (KHTML, like Gecko) Chrome/74.0.3729.169 Safari/537.36"
35.243.173.0 - - [17/Jul/2025:18:35:44 +0000] "HEAD /bk HTTP/1.1" 301 - "-" "Mozilla/5.0 (Windows NT 10.0; Win64; x64) AppleWebKit/537.36 (KHTML, like Gecko) Chrome/74.0.3729.169 Safari/537.36"
35.243.173.0 - - [17/Jul/2025:18:35:45 +0000] "HEAD /backup HTTP/1.1" 301 - "-" "Mozilla/5.0 (Windows NT 10.0; Win64; x64) AppleWebKit/537.36 (KHTML, like Gecko) Chrome/74.0.3729.169 Safari/537.36"
35.243.173.0 - - [17/Jul/2025:18:35:45 +0000] "HEAD /old HTTP/1.1" 301 - "-" "Mozilla/5.0 (Windows NT 10.0; Win64; x64) AppleWebKit/537.36 (KHTML, like Gecko) Chrome/74.0.3729.169 Safari/537.36"
35.243.173.0 - - [17/Jul/2025:18:35:45 +0000] "HEAD /new HTTP/1.1" 301 - "-" "Mozilla/5.0 (Windows NT 10.0; Win64; x64) AppleWebKit/537.36 (KHTML, like Gecko) Chrome/74.0.3729.169 Safari/537.36"
35.243.173.0 - - [17/Jul/2025:18:35:46 +0000] "HEAD /main HTTP/1.1" 301 - "-" "Mozilla/5.0 (Windows NT 10.0; Win64; x64) AppleWebKit/537.36 (KHTML, like Gecko) Chrome/74.0.3729.169 Safari/537.36"
35.243.173.0 - - [17/Jul/2025:18:35:46 +0000] "HEAD /home HTTP/1.1" 301 - "-" "Mozilla/5.0 (Windows NT 10.0; Win64; x64) AppleWebKit/537.36 (KHTML, like Gecko) Chrome/74.0.3729.169 Safari/537.36"
85.208.98.23 - - [17/Jul/2025:18:36:38 +0000] "GET /robots.txt HTTP/1.1" 301 247 "-" "Mozilla/5.0 (compatible; SemrushBot-BA; +http://www.semrush.com/bot.html)"
85.208.98.23 - - [17/Jul/2025:18:36:38 +0000] "GET /robots.txt HTTP/1.1" 301 243 "-" "Mozilla/5.0 (compatible; SemrushBot-BA; +http://www.semrush.com/bot.html)"
167.160.34.43 - - [17/Jul/2025:18:38:24 +0000] "GET /members/uploads/1/13218_1.png HTTP/1.1" 301 266 "https://www.google.com/" "Mozilla/5.0 (X11; Ubuntu; Linux x86_64; rv:72.0) Gecko/20100101 Firefox/72.0"
107.175.46.225 - - [17/Jul/2025:18:39:25 +0000] "GET /members/uploads/1/5665_1.jpg HTTP/1.1" 301 265 "https://www.google.com/" "Mozilla/5.0 (X11; Ubuntu; Linux x86_64; rv:72.0) Gecko/20100101 Firefox/72.0"
216.144.248.29 - - [17/Jul/2025:18:40:23 +0000] "HEAD / HTTP/1.1" 301 - "http://yellowleaf.co.uk" "Mozilla/5.0+(compatible; UptimeRobot/2.0; http://www.uptimerobot.com/)"
216.144.248.18 - - [17/Jul/2025:18:45:27 +0000] "HEAD / HTTP/1.1" 301 - "http://yellowleaf.co.uk" "Mozilla/5.0+(compatible; UptimeRobot/2.0; http://www.uptimerobot.com/)"
154.17.97.181 - - [17/Jul/2025:18:45:32 +0000] "GET /members/uploads/3/10301_3.jpg HTTP/1.1" 301 266 "https://www.google.com/" "Mozilla/5.0 (X11; Ubuntu; Linux x86_64; rv:72.0) Gecko/20100101 Firefox/72.0"
206.168.34.73 - - [17/Jul/2025:18:46:20 +0000] "GET / HTTP/1.1" 301 230 "-" "Mozilla/5.0 (compatible; CensysInspect/1.1; +https://about.censys.io/)"
206.168.34.73 - - [17/Jul/2025:18:46:25 +0000] "PRI * HTTP/2.0" 403 - "-" "-"
206.168.34.73 - - [17/Jul/2025:18:46:38 +0000] "GET /favicon.ico HTTP/1.1" 301 241 "-" "Mozilla/5.0 (compatible; CensysInspect/1.1; +https://about.censys.io/)"
206.168.34.73 - - [17/Jul/2025:18:46:47 +0000] "PRI * HTTP/2.0" 403 - "-" "-"
206.168.34.73 - - [17/Jul/2025:18:46:53 +0000] "\x16\x03\x01" 403 - "-" "-"
206.168.34.73 - - [17/Jul/2025:18:46:57 +0000] "GET /sitemap.xml HTTP/1.1" 301 241 "-" "Mozilla/5.0 (compatible; CensysInspect/1.1; +https://about.censys.io/)"
20.171.207.82 - - [17/Jul/2025:18:47:50 +0000] "GET /pages/19320-dds-international-ltd.html HTTP/1.1" 301 275 "-" "Mozilla/5.0 AppleWebKit/537.36 (KHTML, like Gecko; compatible; GPTBot/1.2; +https://openai.com/gptbot)"
66.220.149.37 - - [17/Jul/2025:18:49:43 +0000] "GET /robots.txt HTTP/1.1" 301 247 "-" "facebookexternalhit/1.1 (+http://www.facebook.com/externalhit_uatext.php)"
66.220.149.31 - - [17/Jul/2025:18:49:44 +0000] "GET /pages/16286-hackney-london-calor-gas-stockist.html HTTP/1.1" 301 287 "-" "facebookexternalhit/1.1 (+http://www.facebook.com/externalhit_uatext.php)"
85.208.98.23 - - [17/Jul/2025:18:50:29 +0000] "GET /robots.txt HTTP/1.1" 301 243 "-" "Mozilla/5.0 (compatible; SemrushBot-BA; +http://www.semrush.com/bot.html)"
85.208.98.23 - - [17/Jul/2025:18:50:29 +0000] "GET /robots.txt HTTP/1.1" 301 247 "-" "Mozilla/5.0 (compatible; SemrushBot-BA; +http://www.semrush.com/bot.html)"
69.162.124.227 - - [17/Jul/2025:18:50:31 +0000] "HEAD / HTTP/1.1" 301 - "http://yellowleaf.co.uk" "Mozilla/5.0+(compatible; UptimeRobot/2.0; http://www.uptimerobot.com/)"
51.68.111.217 - - [17/Jul/2025:18:51:13 +0000] "GET /robots.txt HTTP/1.1" 301 247 "-" "Mozilla/5.0 (compatible; MJ12bot/v2.0.2; http://mj12bot.com/)"
51.68.111.217 - - [17/Jul/2025:18:51:13 +0000] "GET /pages/11115-the-gap-partnership.html HTTP/1.1" 301 273 "-" "Mozilla/5.0 (compatible; MJ12bot/v2.0.2; http://mj12bot.com/)"
51.68.111.217 - - [17/Jul/2025:18:51:14 +0000] "GET /pages/27750-stickershop.html HTTP/1.1" 301 265 "-" "Mozilla/5.0 (compatible; MJ12bot/v2.0.2; http://mj12bot.com/)"
85.208.98.23 - - [17/Jul/2025:18:52:22 +0000] "GET /robots.txt HTTP/1.1" 301 247 "-" "Mozilla/5.0 (compatible; SemrushBot-BA; +http://www.semrush.com/bot.html)"
85.208.98.23 - - [17/Jul/2025:18:52:27 +0000] "GET /robots.txt HTTP/1.1" 301 243 "-" "Mozilla/5.0 (compatible; SemrushBot-BA; +http://www.semrush.com/bot.html)"
143.198.229.0 - - [17/Jul/2025:18:54:02 +0000] "GET /files.php HTTP/1.1" 301 242 "https://www.google.com" "Mozilla/5.0 (Linux; Android 7.0; SM-G892A Build/NRD90M; wv) AppleWebKit/537.36 (KHTML, like Gecko) Version/4.0 Chrome/60.0.3112.107 Mobile Safari/537.36"
216.144.248.19 - - [17/Jul/2025:18:55:36 +0000] "HEAD / HTTP/1.1" 301 - "http://yellowleaf.co.uk" "Mozilla/5.0+(compatible; UptimeRobot/2.0; http://www.uptimerobot.com/)"
85.208.98.23 - - [17/Jul/2025:18:55:40 +0000] "GET /robots.txt HTTP/1.1" 301 243 "-" "Mozilla/5.0 (compatible; SemrushBot-BA; +http://www.semrush.com/bot.html)"
85.208.98.23 - - [17/Jul/2025:18:55:40 +0000] "GET /robots.txt HTTP/1.1" 301 247 "-" "Mozilla/5.0 (compatible; SemrushBot-BA; +http://www.semrush.com/bot.html)"
85.208.98.23 - - [17/Jul/2025:18:56:58 +0000] "GET /robots.txt HTTP/1.1" 301 247 "-" "Mozilla/5.0 (compatible; SemrushBot-BA; +http://www.semrush.com/bot.html)"
85.208.98.23 - - [17/Jul/2025:18:56:59 +0000] "GET /robots.txt HTTP/1.1" 301 243 "-" "Mozilla/5.0 (compatible; SemrushBot-BA; +http://www.semrush.com/bot.html)"
209.95.188.36 - - [17/Jul/2025:19:00:32 +0000] "GET /members/uploads/3/3218_3.jpg HTTP/1.1" 301 265 "https://www.google.com/" "Mozilla/5.0 (X11; Ubuntu; Linux x86_64; rv:72.0) Gecko/20100101 Firefox/72.0"
84.32.212.12 - - [17/Jul/2025:19:00:34 +0000] "GET /members/uploads/1/11269_1.jpg HTTP/1.1" 301 266 "https://www.google.com/" "Mozilla/5.0 (Macintosh; Intel Mac OS X 10_15_7) AppleWebKit/605.1.15 (KHTML, like Gecko) Version/14.0.3 Safari/605.1.15"
69.162.124.235 - - [17/Jul/2025:19:00:40 +0000] "HEAD / HTTP/1.1" 301 - "http://yellowleaf.co.uk" "Mozilla/5.0+(compatible; UptimeRobot/2.0; http://www.uptimerobot.com/)"
85.208.98.23 - - [17/Jul/2025:19:00:56 +0000] "GET /robots.txt HTTP/1.1" 301 243 "-" "Mozilla/5.0 (compatible; SemrushBot-BA; +http://www.semrush.com/bot.html)"
104.168.49.7 - - [17/Jul/2025:19:02:49 +0000] "GET /members/uploads/4/1997_4.jpg HTTP/1.1" 301 265 "https://www.google.com/" "Mozilla/5.0 (X11; Ubuntu; Linux x86_64; rv:72.0) Gecko/20100101 Firefox/72.0"
85.208.98.23 - - [17/Jul/2025:19:02:54 +0000] "GET /robots.txt HTTP/1.1" 301 243 "-" "Mozilla/5.0 (compatible; SemrushBot-BA; +http://www.semrush.com/bot.html)"
216.144.248.21 - - [17/Jul/2025:19:05:46 +0000] "HEAD / HTTP/1.1" 301 - "http://yellowleaf.co.uk" "Mozilla/5.0+(compatible; UptimeRobot/2.0; http://www.uptimerobot.com/)"
52.185.158.77 - - [17/Jul/2025:19:08:37 +0000] "GET /wp-content/plugins/hellopress/wp_filemanager.php HTTP/1.1" 301 281 "-" "-"
52.185.158.77 - - [17/Jul/2025:19:08:39 +0000] "GET /system_log.php HTTP/1.1" 301 247 "-" "-"
52.185.158.77 - - [17/Jul/2025:19:08:39 +0000] "GET /lv.php HTTP/1.1" 301 239 "-" "-"
52.185.158.77 - - [17/Jul/2025:19:08:39 +0000] "GET /wp-admin/js/wp-conflg.php?p= HTTP/1.1" 301 261 "-" "-"
52.185.158.77 - - [17/Jul/2025:19:08:40 +0000] "GET /file.php HTTP/1.1" 301 241 "-" "-"
52.185.158.77 - - [17/Jul/2025:19:08:41 +0000] "GET /wp-admin/wp-conflg.php?p= HTTP/1.1" 301 258 "-" "-"
52.185.158.77 - - [17/Jul/2025:19:08:41 +0000] "GET /ini.php HTTP/1.1" 301 240 "-" "-"
52.185.158.77 - - [17/Jul/2025:19:08:42 +0000] "GET /a.php HTTP/1.1" 301 238 "-" "-"
52.185.158.77 - - [17/Jul/2025:19:08:42 +0000] "GET /w.php HTTP/1.1" 301 238 "-" "-"
52.185.158.77 - - [17/Jul/2025:19:08:43 +0000] "GET /ar.php HTTP/1.1" 301 239 "-" "-"
52.185.158.77 - - [17/Jul/2025:19:08:43 +0000] "GET /images/class-config.php HTTP/1.1" 301 256 "-" "-"
52.185.158.77 - - [17/Jul/2025:19:08:44 +0000] "GET /wp-includes/Requests/about.php HTTP/1.1" 301 263 "-" "-"
52.185.158.77 - - [17/Jul/2025:19:08:45 +0000] "GET /xx.php HTTP/1.1" 301 239 "-" "-"
52.185.158.77 - - [17/Jul/2025:19:08:45 +0000] "GET /wp-includes/theme-compat/index.php HTTP/1.1" 301 267 "-" "-"
52.185.158.77 - - [17/Jul/2025:19:08:46 +0000] "GET /wp-load.php HTTP/1.1" 301 244 "-" "-"
52.185.158.77 - - [17/Jul/2025:19:08:46 +0000] "GET /htaccess.php HTTP/1.1" 301 245 "-" "-"
52.185.158.77 - - [17/Jul/2025:19:08:47 +0000] "GET /readme.php HTTP/1.1" 301 243 "-" "-"
52.185.158.77 - - [17/Jul/2025:19:08:47 +0000] "GET /as.php HTTP/1.1" 301 239 "-" "-"
52.185.158.77 - - [17/Jul/2025:19:08:48 +0000] "GET /403.php HTTP/1.1" 301 240 "-" "-"
52.185.158.77 - - [17/Jul/2025:19:08:48 +0000] "GET /max.php HTTP/1.1" 301 240 "-" "-"
52.185.158.77 - - [17/Jul/2025:19:08:49 +0000] "GET /m.php HTTP/1.1" 301 238 "-" "-"
52.185.158.77 - - [17/Jul/2025:19:08:49 +0000] "GET /post.php HTTP/1.1" 301 241 "-" "-"
52.185.158.77 - - [17/Jul/2025:19:08:49 +0000] "GET /themes.php HTTP/1.1" 301 243 "-" "-"
52.185.158.77 - - [17/Jul/2025:19:08:50 +0000] "GET /wp-content/themes/astra/inc/ki1k.php HTTP/1.1" 301 269 "-" "-"
52.185.158.77 - - [17/Jul/2025:19:08:51 +0000] "GET /ALFA_DATA/index.php HTTP/1.1" 301 252 "-" "-"
52.185.158.77 - - [17/Jul/2025:19:08:51 +0000] "GET /wp-admin/maint/about.php HTTP/1.1" 301 257 "-" "-"
52.185.158.77 - - [17/Jul/2025:19:08:52 +0000] "GET /wp-admin/network/wp-conflg.php?p= HTTP/1.1" 301 266 "-" "-"
52.185.158.77 - - [17/Jul/2025:19:08:53 +0000] "GET /click.php HTTP/1.1" 301 242 "-" "-"
52.185.158.77 - - [17/Jul/2025:19:08:53 +0000] "GET /install.php HTTP/1.1" 301 244 "-" "-"
52.185.158.77 - - [17/Jul/2025:19:08:54 +0000] "GET /lv.php HTTP/1.1" 301 239 "-" "-"
52.185.158.77 - - [17/Jul/2025:19:08:54 +0000] "GET /simple.php HTTP/1.1" 301 243 "-" "-"
52.185.158.77 - - [17/Jul/2025:19:08:55 +0000] "GET /13k.php HTTP/1.1" 301 240 "-" "-"
52.185.158.77 - - [17/Jul/2025:19:08:55 +0000] "GET /css.php HTTP/1.1" 301 240 "-" "-"
52.185.158.77 - - [17/Jul/2025:19:08:56 +0000] "GET /up.php?x= HTTP/1.1" 301 242 "-" "-"
52.185.158.77 - - [17/Jul/2025:19:08:56 +0000] "GET /0x1949.php HTTP/1.1" 301 243 "-" "-"
52.185.158.77 - - [17/Jul/2025:19:08:56 +0000] "GET /cong.php HTTP/1.1" 301 241 "-" "-"
52.185.158.77 - - [17/Jul/2025:19:08:57 +0000] "GET /fw.php HTTP/1.1" 301 239 "-" "-"
52.185.158.77 - - [17/Jul/2025:19:08:57 +0000] "GET /bs1.php HTTP/1.1" 301 240 "-" "-"
52.185.158.77 - - [17/Jul/2025:19:08:58 +0000] "GET /wp-includes/images/wp-login.php HTTP/1.1" 301 264 "-" "-"
52.185.158.77 - - [17/Jul/2025:19:08:59 +0000] "GET /termps.php HTTP/1.1" 301 243 "-" "-"
52.185.158.77 - - [17/Jul/2025:19:08:59 +0000] "GET /brand.php HTTP/1.1" 301 242 "-" "-"
52.185.158.77 - - [17/Jul/2025:19:09:00 +0000] "GET /goods.php HTTP/1.1" 301 242 "-" "-"
52.185.158.77 - - [17/Jul/2025:19:09:00 +0000] "GET /cong.php HTTP/1.1" 301 241 "-" "-"
52.185.158.77 - - [17/Jul/2025:19:09:01 +0000] "GET /atomlib.php HTTP/1.1" 301 244 "-" "-"
52.185.158.77 - - [17/Jul/2025:19:09:01 +0000] "GET /w.php HTTP/1.1" 301 238 "-" "-"
52.185.158.77 - - [17/Jul/2025:19:09:02 +0000] "GET /404.php?fm=true HTTP/1.1" 301 248 "-" "-"
52.185.158.77 - - [17/Jul/2025:19:09:02 +0000] "GET /404.php HTTP/1.1" 301 240 "-" "-"
52.185.158.77 - - [17/Jul/2025:19:09:03 +0000] "GET /article.php HTTP/1.1" 301 244 "-" "-"
52.185.158.77 - - [17/Jul/2025:19:09:03 +0000] "GET /wp-content/product.php HTTP/1.1" 301 255 "-" "-"
52.185.158.77 - - [17/Jul/2025:19:09:04 +0000] "GET /wp-content/function.php HTTP/1.1" 301 256 "-" "-"
52.185.158.77 - - [17/Jul/2025:19:09:05 +0000] "GET /0x.php HTTP/1.1" 301 239 "-" "-"
52.185.158.77 - - [17/Jul/2025:19:09:05 +0000] "GET /css.php HTTP/1.1" 301 240 "-" "-"
52.185.158.77 - - [17/Jul/2025:19:09:06 +0000] "GET /modules/mod_simplefileuploadv1.3/elements/filemanager.php?p= HTTP/1.1" 301 293 "-" "-"
52.185.158.77 - - [17/Jul/2025:19:09:06 +0000] "GET /wp-content/index.php HTTP/1.1" 301 253 "-" "-"
52.185.158.77 - - [17/Jul/2025:19:09:07 +0000] "GET /1.php HTTP/1.1" 301 238 "-" "-"
52.185.158.77 - - [17/Jul/2025:19:09:07 +0000] "GET /admin.php HTTP/1.1" 301 242 "-" "-"
52.185.158.77 - - [17/Jul/2025:19:09:08 +0000] "GET /wp-admin/maint/maint.php HTTP/1.1" 301 257 "-" "-"
52.185.158.77 - - [17/Jul/2025:19:09:09 +0000] "GET /classwithtostring.php HTTP/1.1" 301 254 "-" "-"
52.185.158.77 - - [17/Jul/2025:19:09:09 +0000] "GET /dropdown.php HTTP/1.1" 301 245 "-" "-"
52.185.158.77 - - [17/Jul/2025:19:09:09 +0000] "GET /moon.php HTTP/1.1" 301 241 "-" "-"
52.185.158.77 - - [17/Jul/2025:19:09:10 +0000] "GET /0x.php HTTP/1.1" 301 239 "-" "-"
52.185.158.77 - - [17/Jul/2025:19:09:10 +0000] "GET /moon.php?p= HTTP/1.1" 301 244 "-" "-"
52.185.158.77 - - [17/Jul/2025:19:09:11 +0000] "GET /autoload_classmap.php?p= HTTP/1.1" 301 257 "-" "-"
52.185.158.77 - - [17/Jul/2025:19:09:11 +0000] "GET /inputs.php HTTP/1.1" 301 243 "-" "-"
52.185.158.77 - - [17/Jul/2025:19:09:12 +0000] "GET /default.php HTTP/1.1" 301 244 "-" "-"
52.185.158.77 - - [17/Jul/2025:19:09:12 +0000] "GET /fm.php?p= HTTP/1.1" 301 242 "-" "-"
52.185.158.77 - - [17/Jul/2025:19:09:13 +0000] "GET /fm.php?fm=true HTTP/1.1" 301 247 "-" "-"
52.185.158.77 - - [17/Jul/2025:19:09:13 +0000] "GET /about.php HTTP/1.1" 301 242 "-" "-"
52.185.158.77 - - [17/Jul/2025:19:09:14 +0000] "GET /file.php? HTTP/1.1" 301 242 "-" "-"
52.185.158.77 - - [17/Jul/2025:19:09:14 +0000] "GET /alfa.php HTTP/1.1" 301 241 "-" "-"
52.185.158.77 - - [17/Jul/2025:19:09:15 +0000] "GET /buy.php HTTP/1.1" 301 240 "-" "-"
52.185.158.77 - - [17/Jul/2025:19:09:15 +0000] "GET /themes/twentytwentytwo/index.php HTTP/1.1" 301 265 "-" "-"
52.185.158.77 - - [17/Jul/2025:19:09:17 +0000] "GET /wp-admin/js/wp-conflg.php?p= HTTP/1.1" 301 261 "-" "-"
52.185.158.77 - - [17/Jul/2025:19:09:18 +0000] "GET /wp-admin/wp-conflg.php?p= HTTP/1.1" 301 258 "-" "-"
52.185.158.77 - - [17/Jul/2025:19:09:19 +0000] "GET /wp-admin/css/wp-conflg.php?p= HTTP/1.1" 301 262 "-" "-"
