85.208.98.23 - - [18/Jul/2025:01:38:59 +0000] "GET /robots.txt HTTP/1.1" 301 247 "-" "Mozilla/5.0 (compatible; SemrushBot-BA; +http://www.semrush.com/bot.html)"
85.208.98.23 - - [18/Jul/2025:01:38:59 +0000] "GET /robots.txt HTTP/1.1" 301 243 "-" "Mozilla/5.0 (compatible; SemrushBot-BA; +http://www.semrush.com/bot.html)"
216.144.248.21 - - [18/Jul/2025:01:41:35 +0000] "HEAD / HTTP/1.1" 301 - "http://yellowleaf.co.uk" "Mozilla/5.0+(compatible; UptimeRobot/2.0; http://www.uptimerobot.com/)"
85.208.98.23 - - [18/Jul/2025:01:41:40 +0000] "GET /robots.txt HTTP/1.1" 301 247 "-" "Mozilla/5.0 (compatible; SemrushBot-BA; +http://www.semrush.com/bot.html)"
107.174.153.204 - - [18/Jul/2025:01:43:20 +0000] "GET /members/uploads/1/8486_1.jpg HTTP/1.1" 301 265 "https://www.google.com/" "Mozilla/5.0 (Windows NT 10.0; Win64; x64; rv:114.0) Gecko/20100101 Firefox/114.0"
85.208.98.23 - - [18/Jul/2025:01:46:04 +0000] "GET /robots.txt HTTP/1.1" 301 243 "-" "Mozilla/5.0 (compatible; SemrushBot-BA; +http://www.semrush.com/bot.html)"
85.208.98.23 - - [18/Jul/2025:01:46:05 +0000] "GET /robots.txt HTTP/1.1" 301 247 "-" "Mozilla/5.0 (compatible; SemrushBot-BA; +http://www.semrush.com/bot.html)"
216.144.248.26 - - [18/Jul/2025:01:46:41 +0000] "HEAD / HTTP/1.1" 301 - "http://yellowleaf.co.uk" "Mozilla/5.0+(compatible; UptimeRobot/2.0; http://www.uptimerobot.com/)"
85.208.98.23 - - [18/Jul/2025:01:49:59 +0000] "GET /robots.txt HTTP/1.1" 301 243 "-" "Mozilla/5.0 (compatible; SemrushBot-BA; +http://www.semrush.com/bot.html)"
85.208.98.23 - - [18/Jul/2025:01:49:59 +0000] "GET /robots.txt HTTP/1.1" 301 247 "-" "Mozilla/5.0 (compatible; SemrushBot-BA; +http://www.semrush.com/bot.html)"
69.162.124.238 - - [18/Jul/2025:01:51:46 +0000] "HEAD / HTTP/1.1" 301 - "http://yellowleaf.co.uk" "Mozilla/5.0+(compatible; UptimeRobot/2.0; http://www.uptimerobot.com/)"
85.208.98.23 - - [18/Jul/2025:01:52:14 +0000] "GET /robots.txt HTTP/1.1" 301 247 "-" "Mozilla/5.0 (compatible; SemrushBot-BA; +http://www.semrush.com/bot.html)"
85.208.98.23 - - [18/Jul/2025:01:52:27 +0000] "GET /robots.txt HTTP/1.1" 301 247 "-" "Mozilla/5.0 (compatible; SemrushBot-BA; +http://www.semrush.com/bot.html)"
85.208.98.23 - - [18/Jul/2025:01:52:27 +0000] "GET /robots.txt HTTP/1.1" 301 243 "-" "Mozilla/5.0 (compatible; SemrushBot-BA; +http://www.semrush.com/bot.html)"
136.244.71.21 - - [18/Jul/2025:01:53:07 +0000] "GET /pages/21777-platinum-gate-security.html HTTP/1.1" 301 276 "-" "Mozilla/5.0 (Windows NT 10.0; WOW64) AppleWebKit/537.36 (KHTML, like Gecko) Chrome/51.0.2704.103 Safari/537.36"
66.249.70.139 - - [18/Jul/2025:01:53:23 +0000] "GET /pages/2185-skin-beauty-laser-studio.html HTTP/1.1" 301 277 "-" "Mozilla/5.0 (Linux; Android 6.0.1; Nexus 5X Build/MMB29P) AppleWebKit/537.36 (KHTML, like Gecko) Chrome/137.0.7151.103 Mobile Safari/537.36 (compatible; Googlebot/2.1; +http://www.google.com/bot.html)"
85.208.98.23 - - [18/Jul/2025:01:54:37 +0000] "GET /robots.txt HTTP/1.1" 301 247 "-" "Mozilla/5.0 (compatible; SemrushBot-BA; +http://www.semrush.com/bot.html)"
38.133.88.60 - - [18/Jul/2025:01:56:35 +0000] "GET /members/uploads/1/4979_1.jpg HTTP/1.1" 301 265 "https://www.google.com/" "Mozilla/5.0 (X11; Ubuntu; Linux x86_64; rv:72.0) Gecko/20100101 Firefox/72.0"
216.144.248.26 - - [18/Jul/2025:01:56:50 +0000] "HEAD / HTTP/1.1" 301 - "http://yellowleaf.co.uk" "Mozilla/5.0+(compatible; UptimeRobot/2.0; http://www.uptimerobot.com/)"
85.208.98.23 - - [18/Jul/2025:01:56:54 +0000] "GET /robots.txt HTTP/1.1" 301 247 "-" "Mozilla/5.0 (compatible; SemrushBot-BA; +http://www.semrush.com/bot.html)"
46.105.39.50 - - [18/Jul/2025:01:57:22 +0000] "GET /pages/11115-the-gap-partnership.html HTTP/1.1" 301 273 "-" "Mozilla/5.0 (compatible; MJ12bot/v2.0.2; http://mj12bot.com/)"
46.105.39.50 - - [18/Jul/2025:01:57:22 +0000] "GET /pages/17053-photos-by-abhi.html HTTP/1.1" 301 268 "-" "Mozilla/5.0 (compatible; MJ12bot/v2.0.2; http://mj12bot.com/)"
46.105.39.50 - - [18/Jul/2025:01:57:23 +0000] "GET /pages/27750-stickershop.html HTTP/1.1" 301 265 "-" "Mozilla/5.0 (compatible; MJ12bot/v2.0.2; http://mj12bot.com/)"
46.105.39.50 - - [18/Jul/2025:01:57:24 +0000] "GET /pages/29931-visage-clinic.html HTTP/1.1" 301 267 "-" "Mozilla/5.0 (compatible; MJ12bot/v2.0.2; http://mj12bot.com/)"
85.208.98.23 - - [18/Jul/2025:01:57:35 +0000] "GET /robots.txt HTTP/1.1" 301 247 "-" "Mozilla/5.0 (compatible; SemrushBot-BA; +http://www.semrush.com/bot.html)"
85.208.98.23 - - [18/Jul/2025:01:58:16 +0000] "GET /robots.txt HTTP/1.1" 301 243 "-" "Mozilla/5.0 (compatible; SemrushBot-BA; +http://www.semrush.com/bot.html)"
85.208.98.23 - - [18/Jul/2025:01:59:22 +0000] "GET /robots.txt HTTP/1.1" 301 247 "-" "Mozilla/5.0 (compatible; SemrushBot-BA; +http://www.semrush.com/bot.html)"
85.208.98.23 - - [18/Jul/2025:01:59:23 +0000] "GET /robots.txt HTTP/1.1" 301 243 "-" "Mozilla/5.0 (compatible; SemrushBot-BA; +http://www.semrush.com/bot.html)"
85.208.98.23 - - [18/Jul/2025:02:00:28 +0000] "GET /robots.txt HTTP/1.1" 301 247 "-" "Mozilla/5.0 (compatible; SemrushBot-BA; +http://www.semrush.com/bot.html)"
85.208.98.23 - - [18/Jul/2025:02:00:28 +0000] "GET /robots.txt HTTP/1.1" 301 243 "-" "Mozilla/5.0 (compatible; SemrushBot-BA; +http://www.semrush.com/bot.html)"
66.249.70.139 - - [18/Jul/2025:02:01:24 +0000] "GET /pages/7314-country-garden-winslow.html HTTP/1.1" 301 275 "-" "Mozilla/5.0 (Linux; Android 6.0.1; Nexus 5X Build/MMB29P) AppleWebKit/537.36 (KHTML, like Gecko) Chrome/137.0.7151.103 Mobile Safari/537.36 (compatible; Googlebot/2.1; +http://www.google.com/bot.html)"
216.245.221.83 - - [18/Jul/2025:02:01:55 +0000] "HEAD / HTTP/1.1" 301 - "http://yellowleaf.co.uk" "Mozilla/5.0+(compatible; UptimeRobot/2.0; http://www.uptimerobot.com/)"
85.208.98.23 - - [18/Jul/2025:02:03:30 +0000] "GET /robots.txt HTTP/1.1" 301 247 "-" "Mozilla/5.0 (compatible; SemrushBot-BA; +http://www.semrush.com/bot.html)"
85.208.98.23 - - [18/Jul/2025:02:03:45 +0000] "GET /robots.txt HTTP/1.1" 301 247 "-" "Mozilla/5.0 (compatible; SemrushBot-BA; +http://www.semrush.com/bot.html)"
185.242.226.82 - - [18/Jul/2025:02:06:35 +0000] "GET / HTTP/1.1" 301 230 "-" "Mozilla/5.0 (Windows NT 10.0; Win64; x64) AppleWebKit/537.36 (KHTML, like Gecko) Chrome/88.0.4324.190 Safari/537.36"
216.144.248.25 - - [18/Jul/2025:02:07:00 +0000] "HEAD / HTTP/1.1" 301 - "http://yellowleaf.co.uk" "Mozilla/5.0+(compatible; UptimeRobot/2.0; http://www.uptimerobot.com/)"
85.208.98.23 - - [18/Jul/2025:02:07:50 +0000] "GET /robots.txt HTTP/1.1" 301 243 "-" "Mozilla/5.0 (compatible; SemrushBot-BA; +http://www.semrush.com/bot.html)"
85.208.98.23 - - [18/Jul/2025:02:07:51 +0000] "GET /robots.txt HTTP/1.1" 301 247 "-" "Mozilla/5.0 (compatible; SemrushBot-BA; +http://www.semrush.com/bot.html)"
85.208.98.23 - - [18/Jul/2025:02:09:27 +0000] "GET /robots.txt HTTP/1.1" 301 243 "-" "Mozilla/5.0 (compatible; SemrushBot-BA; +http://www.semrush.com/bot.html)"
85.208.98.23 - - [18/Jul/2025:02:09:27 +0000] "GET /robots.txt HTTP/1.1" 301 247 "-" "Mozilla/5.0 (compatible; SemrushBot-BA; +http://www.semrush.com/bot.html)"
85.208.98.23 - - [18/Jul/2025:02:10:45 +0000] "GET /robots.txt HTTP/1.1" 301 247 "-" "Mozilla/5.0 (compatible; SemrushBot-BA; +http://www.semrush.com/bot.html)"
85.208.98.23 - - [18/Jul/2025:02:11:30 +0000] "GET /robots.txt HTTP/1.1" 301 247 "-" "Mozilla/5.0 (compatible; SemrushBot-BA; +http://www.semrush.com/bot.html)"
172.245.212.45 - - [18/Jul/2025:02:11:58 +0000] "GET /members/uploads/3/15633_3.jpg HTTP/1.1" 301 266 "https://www.google.com/" "Mozilla/5.0 (X11; Ubuntu; Linux x86_64; rv:72.0) Gecko/20100101 Firefox/72.0"
216.144.248.23 - - [18/Jul/2025:02:12:05 +0000] "HEAD / HTTP/1.1" 301 - "http://yellowleaf.co.uk" "Mozilla/5.0+(compatible; UptimeRobot/2.0; http://www.uptimerobot.com/)"
85.208.98.23 - - [18/Jul/2025:02:12:36 +0000] "GET /robots.txt HTTP/1.1" 301 247 "-" "Mozilla/5.0 (compatible; SemrushBot-BA; +http://www.semrush.com/bot.html)"
85.208.98.23 - - [18/Jul/2025:02:13:10 +0000] "GET /robots.txt HTTP/1.1" 301 247 "-" "Mozilla/5.0 (compatible; SemrushBot-BA; +http://www.semrush.com/bot.html)"
85.208.98.23 - - [18/Jul/2025:02:13:11 +0000] "GET /robots.txt HTTP/1.1" 301 243 "-" "Mozilla/5.0 (compatible; SemrushBot-BA; +http://www.semrush.com/bot.html)"
66.249.70.137 - - [18/Jul/2025:02:13:12 +0000] "GET /pages/9449-dace-german-car-centre.html HTTP/1.1" 301 275 "-" "Mozilla/5.0 (Linux; Android 6.0.1; Nexus 5X Build/MMB29P) AppleWebKit/537.36 (KHTML, like Gecko) Chrome/137.0.7151.103 Mobile Safari/537.36 (compatible; Googlebot/2.1; +http://www.google.com/bot.html)"
85.208.98.23 - - [18/Jul/2025:02:13:17 +0000] "GET /robots.txt HTTP/1.1" 301 243 "-" "Mozilla/5.0 (compatible; SemrushBot-BA; +http://www.semrush.com/bot.html)"
85.208.98.23 - - [18/Jul/2025:02:13:24 +0000] "GET /robots.txt HTTP/1.1" 301 247 "-" "Mozilla/5.0 (compatible; SemrushBot-BA; +http://www.semrush.com/bot.html)"
85.208.98.23 - - [18/Jul/2025:02:13:33 +0000] "GET /robots.txt HTTP/1.1" 301 247 "-" "Mozilla/5.0 (compatible; SemrushBot-BA; +http://www.semrush.com/bot.html)"
85.208.98.23 - - [18/Jul/2025:02:13:33 +0000] "GET /robots.txt HTTP/1.1" 301 243 "-" "Mozilla/5.0 (compatible; SemrushBot-BA; +http://www.semrush.com/bot.html)"
85.208.98.23 - - [18/Jul/2025:02:15:17 +0000] "GET /robots.txt HTTP/1.1" 301 247 "-" "Mozilla/5.0 (compatible; SemrushBot-BA; +http://www.semrush.com/bot.html)"
85.208.98.23 - - [18/Jul/2025:02:15:22 +0000] "GET /robots.txt HTTP/1.1" 301 243 "-" "Mozilla/5.0 (compatible; SemrushBot-BA; +http://www.semrush.com/bot.html)"
194.145.227.125 - - [18/Jul/2025:02:15:34 +0000] "GET /wp-content/plugins/wp-business-intelligence-lite/resources/open-flash-chart/php-ofc-library/ofc_upload_image.php HTTP/1.1" 301 345 "-" "ALittle Client"
85.208.98.23 - - [18/Jul/2025:02:15:46 +0000] "GET /robots.txt HTTP/1.1" 301 243 "-" "Mozilla/5.0 (compatible; SemrushBot-BA; +http://www.semrush.com/bot.html)"
85.208.98.23 - - [18/Jul/2025:02:15:46 +0000] "GET /robots.txt HTTP/1.1" 301 247 "-" "Mozilla/5.0 (compatible; SemrushBot-BA; +http://www.semrush.com/bot.html)"
216.144.248.19 - - [18/Jul/2025:02:17:09 +0000] "HEAD / HTTP/1.1" 301 - "http://yellowleaf.co.uk" "Mozilla/5.0+(compatible; UptimeRobot/2.0; http://www.uptimerobot.com/)"
85.208.98.23 - - [18/Jul/2025:02:21:06 +0000] "GET /robots.txt HTTP/1.1" 301 247 "-" "Mozilla/5.0 (compatible; SemrushBot-BA; +http://www.semrush.com/bot.html)"
85.208.98.23 - - [18/Jul/2025:02:21:11 +0000] "GET /robots.txt HTTP/1.1" 301 243 "-" "Mozilla/5.0 (compatible; SemrushBot-BA; +http://www.semrush.com/bot.html)"
85.208.98.23 - - [18/Jul/2025:02:21:15 +0000] "GET /robots.txt HTTP/1.1" 301 247 "-" "Mozilla/5.0 (compatible; SemrushBot-BA; +http://www.semrush.com/bot.html)"
104.199.106.137 - - [18/Jul/2025:02:21:15 +0000] "GET /robots.txt HTTP/1.1" 301 243 "-" "Mozilla/5.0 (compatible; VelenPublicWebCrawler/1.0; +https://velen.io)"
85.208.98.23 - - [18/Jul/2025:02:21:16 +0000] "GET /robots.txt HTTP/1.1" 301 243 "-" "Mozilla/5.0 (compatible; SemrushBot-BA; +http://www.semrush.com/bot.html)"
104.199.106.137 - - [18/Jul/2025:02:21:17 +0000] "GET /pages/2012-hayabusa-rash-guard.html HTTP/1.1" 301 268 "-" "Mozilla/5.0 (compatible; VelenPublicWebCrawler/1.0; +https://velen.io)"
85.208.98.23 - - [18/Jul/2025:02:21:26 +0000] "GET /robots.txt HTTP/1.1" 301 247 "-" "Mozilla/5.0 (compatible; SemrushBot-BA; +http://www.semrush.com/bot.html)"
85.208.98.23 - - [18/Jul/2025:02:21:31 +0000] "GET /robots.txt HTTP/1.1" 301 243 "-" "Mozilla/5.0 (compatible; SemrushBot-BA; +http://www.semrush.com/bot.html)"
216.245.221.83 - - [18/Jul/2025:02:22:13 +0000] "HEAD / HTTP/1.1" 301 - "http://yellowleaf.co.uk" "Mozilla/5.0+(compatible; UptimeRobot/2.0; http://www.uptimerobot.com/)"
77.83.240.4 - - [18/Jul/2025:02:22:27 +0000] "GET / HTTP/1.0" 301 217 "-" "masscan/1.0 (https://github.com/robertdavidgraham/masscan)"
85.208.98.23 - - [18/Jul/2025:02:22:31 +0000] "GET /robots.txt HTTP/1.1" 301 247 "-" "Mozilla/5.0 (compatible; SemrushBot-BA; +http://www.semrush.com/bot.html)"
85.208.98.23 - - [18/Jul/2025:02:22:31 +0000] "GET /robots.txt HTTP/1.1" 301 243 "-" "Mozilla/5.0 (compatible; SemrushBot-BA; +http://www.semrush.com/bot.html)"
85.208.98.23 - - [18/Jul/2025:02:22:37 +0000] "GET /robots.txt HTTP/1.1" 301 247 "-" "Mozilla/5.0 (compatible; SemrushBot-BA; +http://www.semrush.com/bot.html)"
85.208.98.23 - - [18/Jul/2025:02:22:55 +0000] "GET /robots.txt HTTP/1.1" 301 243 "-" "Mozilla/5.0 (compatible; SemrushBot-BA; +http://www.semrush.com/bot.html)"
85.208.98.23 - - [18/Jul/2025:02:22:55 +0000] "GET /robots.txt HTTP/1.1" 301 247 "-" "Mozilla/5.0 (compatible; SemrushBot-BA; +http://www.semrush.com/bot.html)"
85.208.98.23 - - [18/Jul/2025:02:22:57 +0000] "GET /robots.txt HTTP/1.1" 301 243 "-" "Mozilla/5.0 (compatible; SemrushBot-BA; +http://www.semrush.com/bot.html)"
85.208.98.23 - - [18/Jul/2025:02:23:24 +0000] "GET /robots.txt HTTP/1.1" 301 247 "-" "Mozilla/5.0 (compatible; SemrushBot-BA; +http://www.semrush.com/bot.html)"
85.208.98.23 - - [18/Jul/2025:02:24:42 +0000] "GET /robots.txt HTTP/1.1" 301 247 "-" "Mozilla/5.0 (compatible; SemrushBot-BA; +http://www.semrush.com/bot.html)"
66.249.70.137 - - [18/Jul/2025:02:24:59 +0000] "GET /pages/2107-north-east-physio.html HTTP/1.1" 301 270 "-" "Mozilla/5.0 (Linux; Android 6.0.1; Nexus 5X Build/MMB29P) AppleWebKit/537.36 (KHTML, like Gecko) Chrome/137.0.7151.103 Mobile Safari/537.36 (compatible; Googlebot/2.1; +http://www.google.com/bot.html)"
85.208.98.23 - - [18/Jul/2025:02:25:11 +0000] "GET /robots.txt HTTP/1.1" 301 247 "-" "Mozilla/5.0 (compatible; SemrushBot-BA; +http://www.semrush.com/bot.html)"
85.208.98.23 - - [18/Jul/2025:02:26:04 +0000] "GET /robots.txt HTTP/1.1" 301 247 "-" "Mozilla/5.0 (compatible; SemrushBot-BA; +http://www.semrush.com/bot.html)"
185.153.199.135 - - [18/Jul/2025:02:26:13 +0000] "GET /elfinder/connectors/php/connector.php HTTP/1.1" 301 270 "-" "ALittle Client"
69.162.124.238 - - [18/Jul/2025:02:27:19 +0000] "HEAD / HTTP/1.1" 301 - "http://yellowleaf.co.uk" "Mozilla/5.0+(compatible; UptimeRobot/2.0; http://www.uptimerobot.com/)"
51.68.107.150 - - [18/Jul/2025:02:28:45 +0000] "GET /robots.txt HTTP/1.1" 301 247 "-" "Mozilla/5.0 (compatible; MJ12bot/v2.0.2; http://mj12bot.com/)"
51.68.107.150 - - [18/Jul/2025:02:28:45 +0000] "GET / HTTP/1.1" 301 237 "-" "Mozilla/5.0 (compatible; MJ12bot/v2.0.2; http://mj12bot.com/)"
107.174.161.202 - - [18/Jul/2025:02:29:45 +0000] "GET /members/uploads/2/14128_2.jpg HTTP/1.1" 301 266 "https://www.google.com/" "Mozilla/5.0 (Macintosh; Intel Mac OS X 10_15_7) AppleWebKit/605.1.15 (KHTML, like Gecko) Version/14.0.3 Safari/605.1.15"
85.208.96.206 - - [18/Jul/2025:02:30:04 +0000] "GET /pages/48577-bishops-stortford-door-and-window-repairs.html HTTP/1.1" 301 295 "-" "Mozilla/5.0 (compatible; SemrushBot/7~bl; +http://www.semrush.com/bot.html)"
216.245.221.83 - - [18/Jul/2025:02:32:23 +0000] "HEAD / HTTP/1.1" 301 - "http://yellowleaf.co.uk" "Mozilla/5.0+(compatible; UptimeRobot/2.0; http://www.uptimerobot.com/)"
104.253.241.117 - - [18/Jul/2025:02:33:33 +0000] "GET /members/uploads/2/13986_2.jpg HTTP/1.1" 301 266 "https://www.google.com/" "Mozilla/5.0 (X11; Ubuntu; Linux x86_64; rv:72.0) Gecko/20100101 Firefox/72.0"
45.79.128.205 - - [18/Jul/2025:02:35:25 +0000] "GET / HTTP/1.1" 301 230 "-" "Mozilla/5.0 (Macintosh; Intel Mac OS X 13_1) AppleWebKit/537.36 (KHTML, like Gecko) Chrome/108.0.0.0 Safari/537.36"
149.100.11.243 - - [18/Jul/2025:02:36:44 +0000] "GET / HTTP/1.1" 301 230 "-" "Mozilla/5.0 (Windows NT 10.0; Win64; x64) AppleWebKit/537.36"
216.144.248.18 - - [18/Jul/2025:02:37:26 +0000] "HEAD / HTTP/1.1" 301 - "http://yellowleaf.co.uk" "Mozilla/5.0+(compatible; UptimeRobot/2.0; http://www.uptimerobot.com/)"
85.208.98.23 - - [18/Jul/2025:02:38:40 +0000] "GET /robots.txt HTTP/1.1" 301 243 "-" "Mozilla/5.0 (compatible; SemrushBot-BA; +http://www.semrush.com/bot.html)"
85.208.98.23 - - [18/Jul/2025:02:38:40 +0000] "GET /robots.txt HTTP/1.1" 301 247 "-" "Mozilla/5.0 (compatible; SemrushBot-BA; +http://www.semrush.com/bot.html)"
85.208.98.23 - - [18/Jul/2025:02:38:40 +0000] "GET /robots.txt HTTP/1.1" 301 247 "-" "Mozilla/5.0 (compatible; SemrushBot-BA; +http://www.semrush.com/bot.html)"
107.173.238.168 - - [18/Jul/2025:02:39:14 +0000] "GET /members/uploads/2/15168_2.jpg HTTP/1.1" 301 266 "https://www.google.com/" "Mozilla/5.0 (X11; Ubuntu; Linux x86_64; rv:72.0) Gecko/20100101 Firefox/72.0"
85.208.98.23 - - [18/Jul/2025:02:40:17 +0000] "GET /robots.txt HTTP/1.1" 301 247 "-" "Mozilla/5.0 (compatible; SemrushBot-BA; +http://www.semrush.com/bot.html)"
209.99.152.152 - - [18/Jul/2025:02:40:38 +0000] "GET /members/uploads/3/13795_3.jpg HTTP/1.1" 301 266 "https://www.google.com/" "Mozilla/5.0 (Macintosh; Intel Mac OS X 10_15_7) AppleWebKit/605.1.15 (KHTML, like Gecko) Version/14.0.3 Safari/605.1.15"
85.208.98.23 - - [18/Jul/2025:02:41:31 +0000] "GET /robots.txt HTTP/1.1" 301 243 "-" "Mozilla/5.0 (compatible; SemrushBot-BA; +http://www.semrush.com/bot.html)"
85.208.98.23 - - [18/Jul/2025:02:41:32 +0000] "GET /robots.txt HTTP/1.1" 301 247 "-" "Mozilla/5.0 (compatible; SemrushBot-BA; +http://www.semrush.com/bot.html)"
85.208.98.23 - - [18/Jul/2025:02:42:25 +0000] "GET /robots.txt HTTP/1.1" 301 247 "-" "Mozilla/5.0 (compatible; SemrushBot-BA; +http://www.semrush.com/bot.html)"
216.245.221.83 - - [18/Jul/2025:02:42:31 +0000] "HEAD / HTTP/1.1" 301 - "http://yellowleaf.co.uk" "Mozilla/5.0+(compatible; UptimeRobot/2.0; http://www.uptimerobot.com/)"
85.208.98.23 - - [18/Jul/2025:02:42:36 +0000] "GET /robots.txt HTTP/1.1" 301 247 "-" "Mozilla/5.0 (compatible; SemrushBot-BA; +http://www.semrush.com/bot.html)"
85.208.98.23 - - [18/Jul/2025:02:44:08 +0000] "GET /robots.txt HTTP/1.1" 301 247 "-" "Mozilla/5.0 (compatible; SemrushBot-BA; +http://www.semrush.com/bot.html)"
85.208.98.23 - - [18/Jul/2025:02:44:56 +0000] "GET /robots.txt HTTP/1.1" 301 247 "-" "Mozilla/5.0 (compatible; SemrushBot-BA; +http://www.semrush.com/bot.html)"
216.144.248.26 - - [18/Jul/2025:02:47:35 +0000] "HEAD / HTTP/1.1" 301 - "http://yellowleaf.co.uk" "Mozilla/5.0+(compatible; UptimeRobot/2.0; http://www.uptimerobot.com/)"
66.249.70.137 - - [18/Jul/2025:02:48:35 +0000] "GET /pages/1937-make-it-create-it-love-it.html HTTP/1.1" 301 278 "-" "Mozilla/5.0 (Linux; Android 6.0.1; Nexus 5X Build/MMB29P) AppleWebKit/537.36 (KHTML, like Gecko) Chrome/137.0.7151.103 Mobile Safari/537.36 (compatible; Googlebot/2.1; +http://www.google.com/bot.html)"
136.244.71.21 - - [18/Jul/2025:02:49:18 +0000] "GET /pages/30204-pynes-house.html HTTP/1.1" 301 265 "-" "Mozilla/5.0 (Windows NT 10.0; WOW64) AppleWebKit/537.36 (KHTML, like Gecko) Chrome/51.0.2704.103 Safari/537.36"
84.32.31.98 - - [18/Jul/2025:02:51:26 +0000] "GET /members/uploads/3/15597_3.jpg HTTP/1.1" 301 266 "https://www.google.com/" "Mozilla/5.0 (X11; Ubuntu; Linux x86_64; rv:72.0) Gecko/20100101 Firefox/72.0"
207.32.142.26 - - [18/Jul/2025:02:52:28 +0000] "GET /members/uploads/3/8193_3.jpg HTTP/1.1" 301 265 "https://www.google.com/" "Mozilla/5.0 (Macintosh; Intel Mac OS X 10_15_7) AppleWebKit/605.1.15 (KHTML, like Gecko) Version/14.0.3 Safari/605.1.15"
216.245.221.83 - - [18/Jul/2025:02:52:41 +0000] "HEAD / HTTP/1.1" 301 - "http://yellowleaf.co.uk" "Mozilla/5.0+(compatible; UptimeRobot/2.0; http://www.uptimerobot.com/)"
206.41.166.160 - - [18/Jul/2025:02:56:45 +0000] "GET /members/uploads/1/8933_1.png HTTP/1.1" 301 265 "https://www.google.com/" "Mozilla/5.0 (X11; Ubuntu; Linux x86_64; rv:72.0) Gecko/20100101 Firefox/72.0"
69.162.124.238 - - [18/Jul/2025:02:57:45 +0000] "HEAD / HTTP/1.1" 301 - "http://yellowleaf.co.uk" "Mozilla/5.0+(compatible; UptimeRobot/2.0; http://www.uptimerobot.com/)"
85.208.98.23 - - [18/Jul/2025:03:00:48 +0000] "GET /robots.txt HTTP/1.1" 301 247 "-" "Mozilla/5.0 (compatible; SemrushBot-BA; +http://www.semrush.com/bot.html)"
85.208.98.23 - - [18/Jul/2025:03:01:52 +0000] "GET /robots.txt HTTP/1.1" 301 247 "-" "Mozilla/5.0 (compatible; SemrushBot-BA; +http://www.semrush.com/bot.html)"
216.144.248.23 - - [18/Jul/2025:03:02:49 +0000] "HEAD / HTTP/1.1" 301 - "http://yellowleaf.co.uk" "Mozilla/5.0+(compatible; UptimeRobot/2.0; http://www.uptimerobot.com/)"
205.210.31.107 - - [18/Jul/2025:03:03:39 +0000] "GET / HTTP/1.1" 301 237 "-" "Hello from Palo Alto Networks, find out more about our scans in https://docs-cortex.paloaltonetworks.com/r/1/Cortex-Xpanse/Scanning-activity"
85.208.98.23 - - [18/Jul/2025:03:05:17 +0000] "GET /robots.txt HTTP/1.1" 301 243 "-" "Mozilla/5.0 (compatible; SemrushBot-BA; +http://www.semrush.com/bot.html)"
216.144.248.23 - - [18/Jul/2025:03:07:53 +0000] "HEAD / HTTP/1.1" 301 - "http://yellowleaf.co.uk" "Mozilla/5.0+(compatible; UptimeRobot/2.0; http://www.uptimerobot.com/)"
216.144.248.26 - - [18/Jul/2025:03:12:57 +0000] "HEAD / HTTP/1.1" 301 - "http://yellowleaf.co.uk" "Mozilla/5.0+(compatible; UptimeRobot/2.0; http://www.uptimerobot.com/)"
158.140.199.128 - - [18/Jul/2025:03:14:01 +0000] "GET /members/uploads/1/3765_1.png HTTP/1.1" 301 265 "https://www.google.com/" "Mozilla/5.0 (Macintosh; Intel Mac OS X 10_15_7) AppleWebKit/605.1.15 (KHTML, like Gecko) Version/14.0.3 Safari/605.1.15"
204.76.203.219 - - [18/Jul/2025:03:17:15 +0000] "GET / HTTP/1.1" 301 233 "-" "Mozilla/5.0 (Windows NT 10.0; Win64; x64) AppleWebKit/537.36 (KHTML, like Gecko) Chrome/90.0.4430.85 Safari/537.36 Edg/90.0.818.46"
85.208.98.23 - - [18/Jul/2025:03:17:18 +0000] "GET /robots.txt HTTP/1.1" 301 247 "-" "Mozilla/5.0 (compatible; SemrushBot-BA; +http://www.semrush.com/bot.html)"
85.208.98.23 - - [18/Jul/2025:03:17:21 +0000] "GET /robots.txt HTTP/1.1" 301 243 "-" "Mozilla/5.0 (compatible; SemrushBot-BA; +http://www.semrush.com/bot.html)"
216.144.248.23 - - [18/Jul/2025:03:18:02 +0000] "HEAD / HTTP/1.1" 301 - "http://yellowleaf.co.uk" "Mozilla/5.0+(compatible; UptimeRobot/2.0; http://www.uptimerobot.com/)"
45.252.57.28 - - [18/Jul/2025:03:19:16 +0000] "GET /members/uploads/logo/11300.jpg HTTP/1.1" 301 267 "-" "Mozilla/5.0 (Macintosh; Intel Mac OS X 10_15_7) AppleWebKit/537.36 (KHTML, like Gecko) Chrome/120.0.0.0 Safari/537.36"
85.208.98.23 - - [18/Jul/2025:03:20:50 +0000] "GET /robots.txt HTTP/1.1" 301 243 "-" "Mozilla/5.0 (compatible; SemrushBot-BA; +http://www.semrush.com/bot.html)"
85.208.98.23 - - [18/Jul/2025:03:20:50 +0000] "GET /robots.txt HTTP/1.1" 301 247 "-" "Mozilla/5.0 (compatible; SemrushBot-BA; +http://www.semrush.com/bot.html)"
40.69.93.202 - - [18/Jul/2025:03:21:30 +0000] "GET /wp-content/plugins/hellopress/wp_filemanager.php HTTP/1.1" 301 281 "-" "-"
40.69.93.202 - - [18/Jul/2025:03:21:30 +0000] "GET /file.php HTTP/1.1" 301 241 "-" "-"
40.69.93.202 - - [18/Jul/2025:03:21:30 +0000] "GET /moon.php HTTP/1.1" 301 241 "-" "-"
40.69.93.202 - - [18/Jul/2025:03:21:31 +0000] "GET /admin.php HTTP/1.1" 301 242 "-" "-"
40.69.93.202 - - [18/Jul/2025:03:21:31 +0000] "GET /radio.php HTTP/1.1" 301 242 "-" "-"
40.69.93.202 - - [18/Jul/2025:03:21:31 +0000] "GET /log.php HTTP/1.1" 301 240 "-" "-"
40.69.93.202 - - [18/Jul/2025:03:21:31 +0000] "GET /wp-trackback.php HTTP/1.1" 301 249 "-" "-"
40.69.93.202 - - [18/Jul/2025:03:21:31 +0000] "GET /wp-content/dropdown.php HTTP/1.1" 301 256 "-" "-"
40.69.93.202 - - [18/Jul/2025:03:21:31 +0000] "GET /wp-includes/index.php HTTP/1.1" 301 254 "-" "-"
40.69.93.202 - - [18/Jul/2025:03:21:31 +0000] "GET /simple.php HTTP/1.1" 301 243 "-" "-"
40.69.93.202 - - [18/Jul/2025:03:21:31 +0000] "GET /about.php HTTP/1.1" 301 242 "-" "-"
40.69.93.202 - - [18/Jul/2025:03:21:31 +0000] "GET /404.php HTTP/1.1" 301 240 "-" "-"
40.69.93.202 - - [18/Jul/2025:03:21:31 +0000] "GET /admin/function.php HTTP/1.1" 301 251 "-" "-"
40.69.93.202 - - [18/Jul/2025:03:21:31 +0000] "GET /wp-includes/assets/about.php HTTP/1.1" 301 261 "-" "-"
40.69.93.202 - - [18/Jul/2025:03:21:31 +0000] "GET /wp-includes/assets/index.php HTTP/1.1" 301 261 "-" "-"
40.69.93.202 - - [18/Jul/2025:03:21:31 +0000] "GET /info.php HTTP/1.1" 301 241 "-" "-"
40.69.93.202 - - [18/Jul/2025:03:21:31 +0000] "GET /modules/mod_simplefileuploadv1.3/elements/filemanager.php HTTP/1.1" 301 290 "-" "-"
40.69.93.202 - - [18/Jul/2025:03:21:31 +0000] "GET /config.php HTTP/1.1" 301 243 "-" "-"
40.69.93.202 - - [18/Jul/2025:03:21:31 +0000] "GET /wp-admin/js/index.php HTTP/1.1" 301 254 "-" "-"
40.69.93.202 - - [18/Jul/2025:03:21:31 +0000] "GET /fm.php HTTP/1.1" 301 239 "-" "-"
40.69.93.202 - - [18/Jul/2025:03:21:31 +0000] "GET /wp-admin/js/widgets/index.php HTTP/1.1" 301 262 "-" "-"
40.69.93.202 - - [18/Jul/2025:03:21:31 +0000] "GET /ty.php HTTP/1.1" 301 239 "-" "-"
40.69.93.202 - - [18/Jul/2025:03:21:31 +0000] "GET /wp-includes/assets/admin.php HTTP/1.1" 301 261 "-" "-"
40.69.93.202 - - [18/Jul/2025:03:21:31 +0000] "GET /wp-includes/fonts/admin.php HTTP/1.1" 301 260 "-" "-"
40.69.93.202 - - [18/Jul/2025:03:21:31 +0000] "GET /403.php HTTP/1.1" 301 240 "-" "-"
40.69.93.202 - - [18/Jul/2025:03:21:31 +0000] "GET /as.php HTTP/1.1" 301 239 "-" "-"
40.69.93.202 - - [18/Jul/2025:03:21:31 +0000] "GET /wp-includes/Text/network.php HTTP/1.1" 301 261 "-" "-"
40.69.93.202 - - [18/Jul/2025:03:21:31 +0000] "GET /index/function.php HTTP/1.1" 301 251 "-" "-"
40.69.93.202 - - [18/Jul/2025:03:21:31 +0000] "GET /wp-content/themes/include.php HTTP/1.1" 301 262 "-" "-"
40.69.93.202 - - [18/Jul/2025:03:21:31 +0000] "GET /alfa.php HTTP/1.1" 301 241 "-" "-"
40.69.93.202 - - [18/Jul/2025:03:21:31 +0000] "GET /wp-content/upgrade-temp-backup/wp-login.php HTTP/1.1" 301 276 "-" "-"
40.69.93.202 - - [18/Jul/2025:03:21:31 +0000] "GET /css.php HTTP/1.1" 301 240 "-" "-"
40.69.93.202 - - [18/Jul/2025:03:21:31 +0000] "GET /wp-content/themes/plugin.php HTTP/1.1" 301 261 "-" "-"
40.69.93.202 - - [18/Jul/2025:03:21:32 +0000] "GET /wp-admin/includes/index.php HTTP/1.1" 301 260 "-" "-"
40.69.93.202 - - [18/Jul/2025:03:21:32 +0000] "GET /index.php HTTP/1.1" 301 242 "-" "-"
40.69.93.202 - - [18/Jul/2025:03:21:32 +0000] "GET /classwithtostring.php HTTP/1.1" 301 254 "-" "-"
40.69.93.202 - - [18/Jul/2025:03:21:32 +0000] "GET /autoload_classmap.php HTTP/1.1" 301 254 "-" "-"
40.69.93.202 - - [18/Jul/2025:03:21:32 +0000] "GET /item.php HTTP/1.1" 301 241 "-" "-"
40.69.93.202 - - [18/Jul/2025:03:21:32 +0000] "GET /ini.php HTTP/1.1" 301 240 "-" "-"
40.69.93.202 - - [18/Jul/2025:03:21:32 +0000] "GET /default.php HTTP/1.1" 301 244 "-" "-"
40.69.93.202 - - [18/Jul/2025:03:21:32 +0000] "GET /wp-admin/network/about.php HTTP/1.1" 301 259 "-" "-"
40.69.93.202 - - [18/Jul/2025:03:21:32 +0000] "GET /ok.php HTTP/1.1" 301 239 "-" "-"
40.69.93.202 - - [18/Jul/2025:03:21:32 +0000] "GET /wp-content/plugins/seoplugins/mar.php HTTP/1.1" 301 270 "-" "-"
40.69.93.202 - - [18/Jul/2025:03:21:32 +0000] "GET /wp-content/themes/astra/inc/ki1k.php HTTP/1.1" 301 269 "-" "-"
40.69.93.202 - - [18/Jul/2025:03:21:32 +0000] "GET /inputs.php HTTP/1.1" 301 243 "-" "-"
40.69.93.202 - - [18/Jul/2025:03:21:32 +0000] "GET /1.php HTTP/1.1" 301 238 "-" "-"
40.69.93.202 - - [18/Jul/2025:03:21:33 +0000] "GET /infoo.php HTTP/1.1" 301 242 "-" "-"
40.69.93.202 - - [18/Jul/2025:03:21:33 +0000] "GET /cong.php HTTP/1.1" 301 241 "-" "-"
40.69.93.202 - - [18/Jul/2025:03:21:33 +0000] "GET /wp-admin/css/colors/ectoplasm/wp-login.php HTTP/1.1" 301 275 "-" "-"
40.69.93.202 - - [18/Jul/2025:03:21:33 +0000] "GET /wp-content/plugins/dummyyummy/wp-signup.php HTTP/1.1" 301 276 "-" "-"
40.69.93.202 - - [18/Jul/2025:03:21:33 +0000] "GET /wp-content/uploads/wp-conflg.php HTTP/1.1" 301 265 "-" "-"
40.69.93.202 - - [18/Jul/2025:03:21:33 +0000] "GET /wp-includes/js/codemirror/about.php HTTP/1.1" 301 268 "-" "-"
40.69.93.202 - - [18/Jul/2025:03:21:33 +0000] "GET /wp-content/themes/index.php HTTP/1.1" 301 260 "-" "-"
40.69.93.202 - - [18/Jul/2025:03:21:33 +0000] "GET /wp-includes/css/dist/preferences/index.php HTTP/1.1" 301 275 "-" "-"
40.69.93.202 - - [18/Jul/2025:03:21:33 +0000] "GET /wp-admin/css/colors/blue/index.php HTTP/1.1" 301 267 "-" "-"
40.69.93.202 - - [18/Jul/2025:03:21:33 +0000] "GET /wp-content/index.php HTTP/1.1" 301 253 "-" "-"
40.69.93.202 - - [18/Jul/2025:03:21:33 +0000] "GET /css/colors/blue/atomlib.php HTTP/1.1" 301 260 "-" "-"
40.69.93.202 - - [18/Jul/2025:03:21:33 +0000] "GET /wp-admin/maint/about.php HTTP/1.1" 301 257 "-" "-"
40.69.93.202 - - [18/Jul/2025:03:21:33 +0000] "GET /wp-includes/assets/themes.php HTTP/1.1" 301 262 "-" "-"
40.69.93.202 - - [18/Jul/2025:03:21:33 +0000] "GET /shell.php HTTP/1.1" 301 242 "-" "-"
40.69.93.202 - - [18/Jul/2025:03:21:33 +0000] "GET /install.php HTTP/1.1" 301 244 "-" "-"
40.69.93.202 - - [18/Jul/2025:03:21:33 +0000] "GET /wp-content/languages/chosen.php HTTP/1.1" 301 264 "-" "-"
40.69.93.202 - - [18/Jul/2025:03:21:33 +0000] "GET /wp-content/plugins/seoplugins/index.php HTTP/1.1" 301 272 "-" "-"
40.69.93.202 - - [18/Jul/2025:03:21:33 +0000] "GET /wp-includes/html-api/wp-conflg.php HTTP/1.1" 301 267 "-" "-"
40.69.93.202 - - [18/Jul/2025:03:21:33 +0000] "GET /wp-admin/js/wp-conflg.php HTTP/1.1" 301 258 "-" "-"
40.69.93.202 - - [18/Jul/2025:03:21:33 +0000] "GET /wp-content/packed.php HTTP/1.1" 301 254 "-" "-"
40.69.93.202 - - [18/Jul/2025:03:21:33 +0000] "GET /assets/images/doc.php HTTP/1.1" 301 254 "-" "-"
40.69.93.202 - - [18/Jul/2025:03:21:33 +0000] "GET /wp.php HTTP/1.1" 301 239 "-" "-"
40.69.93.202 - - [18/Jul/2025:03:21:33 +0000] "GET /wp-content/themes/file.php HTTP/1.1" 301 259 "-" "-"
40.69.93.202 - - [18/Jul/2025:03:21:33 +0000] "GET /wp-content/plugins/revslider/includes/external/page/index.php HTTP/1.1" 301 294 "-" "-"
40.69.93.202 - - [18/Jul/2025:03:21:33 +0000] "GET /m.php HTTP/1.1" 301 238 "-" "-"
40.69.93.202 - - [18/Jul/2025:03:21:33 +0000] "GET /wp-includes/blocks/wp-conflg.php HTTP/1.1" 301 265 "-" "-"
40.69.93.202 - - [18/Jul/2025:03:21:33 +0000] "GET /themes.php HTTP/1.1" 301 243 "-" "-"
40.69.93.202 - - [18/Jul/2025:03:21:33 +0000] "GET /manager.php HTTP/1.1" 301 244 "-" "-"
40.69.93.202 - - [18/Jul/2025:03:21:33 +0000] "GET /x.php HTTP/1.1" 301 238 "-" "-"
40.69.93.202 - - [18/Jul/2025:03:21:34 +0000] "GET /wp-includes/ID3/autoload_classmap.php HTTP/1.1" 301 270 "-" "-"
40.69.93.202 - - [18/Jul/2025:03:21:34 +0000] "GET /muse.php HTTP/1.1" 301 241 "-" "-"
40.69.93.202 - - [18/Jul/2025:03:21:34 +0000] "GET /alfa-rex2.php HTTP/1.1" 301 246 "-" "-"
40.69.93.202 - - [18/Jul/2025:03:21:34 +0000] "GET /wp-content/uploads/json.php HTTP/1.1" 301 260 "-" "-"
40.69.93.202 - - [18/Jul/2025:03:21:34 +0000] "GET /xmrlpc.php HTTP/1.1" 301 243 "-" "-"
40.69.93.202 - - [18/Jul/2025:03:21:34 +0000] "GET /post.php HTTP/1.1" 301 241 "-" "-"
40.69.93.202 - - [18/Jul/2025:03:21:34 +0000] "GET /cgi-bin/upfile.php HTTP/1.1" 301 251 "-" "-"
40.69.93.202 - - [18/Jul/2025:03:21:34 +0000] "GET /wp-content/uploads/index.php HTTP/1.1" 301 261 "-" "-"
40.69.93.202 - - [18/Jul/2025:03:21:34 +0000] "GET /wp-admin/user/chosen.php HTTP/1.1" 301 257 "-" "-"
40.69.93.202 - - [18/Jul/2025:03:21:34 +0000] "GET /news.php HTTP/1.1" 301 241 "-" "-"
40.69.93.202 - - [18/Jul/2025:03:21:34 +0000] "GET /wp-admin/wp-conflg.php HTTP/1.1" 301 255 "-" "-"
40.69.93.202 - - [18/Jul/2025:03:21:34 +0000] "GET /wp-content/uploads/2024/index.php HTTP/1.1" 301 266 "-" "-"
40.69.93.202 - - [18/Jul/2025:03:21:34 +0000] "GET /wp-includes/images/smilies/index.php HTTP/1.1" 301 269 "-" "-"
40.69.93.202 - - [18/Jul/2025:03:21:34 +0000] "GET /plugins.php HTTP/1.1" 301 244 "-" "-"
40.69.93.202 - - [18/Jul/2025:03:21:34 +0000] "GET /chosen.php HTTP/1.1" 301 243 "-" "-"
40.69.93.202 - - [18/Jul/2025:03:21:34 +0000] "GET /wp-includes/ID3/index.php HTTP/1.1" 301 258 "-" "-"
40.69.93.202 - - [18/Jul/2025:03:21:34 +0000] "GET /images/admin.php HTTP/1.1" 301 249 "-" "-"
40.69.93.202 - - [18/Jul/2025:03:21:34 +0000] "GET /edit.php HTTP/1.1" 301 241 "-" "-"
40.69.93.202 - - [18/Jul/2025:03:21:34 +0000] "GET /wp-admin/user/admin.php HTTP/1.1" 301 256 "-" "-"
40.69.93.202 - - [18/Jul/2025:03:21:34 +0000] "GET /wp-admin/css/colors/index.php HTTP/1.1" 301 262 "-" "-"
40.69.93.202 - - [18/Jul/2025:03:21:34 +0000] "GET /makeasmtp.php HTTP/1.1" 301 246 "-" "-"
40.69.93.202 - - [18/Jul/2025:03:21:34 +0000] "GET /wp-content/plugins/seoo/wsoyanz.php HTTP/1.1" 301 268 "-" "-"
40.69.93.202 - - [18/Jul/2025:03:21:34 +0000] "GET /wp-admin/network/chosen.php HTTP/1.1" 301 260 "-" "-"
40.69.93.202 - - [18/Jul/2025:03:21:34 +0000] "GET /wp-includes/sodium_compat/autoload_classmap.php HTTP/1.1" 301 280 "-" "-"
40.69.93.202 - - [18/Jul/2025:03:21:34 +0000] "GET /wp-includes/images/smilies/about.php HTTP/1.1" 301 269 "-" "-"
40.69.93.202 - - [18/Jul/2025:03:21:34 +0000] "GET /wp-includes/autoload_classmap.php HTTP/1.1" 301 266 "-" "-"
40.69.93.202 - - [18/Jul/2025:03:21:34 +0000] "GET /wp-admin/network/index.php HTTP/1.1" 301 259 "-" "-"
40.69.93.202 - - [18/Jul/2025:03:21:34 +0000] "GET /wp-admin/images/index.php HTTP/1.1" 301 258 "-" "-"
40.69.93.202 - - [18/Jul/2025:03:21:34 +0000] "GET /wp-admin/yindu.php HTTP/1.1" 301 251 "-" "-"
85.208.98.23 - - [18/Jul/2025:03:22:24 +0000] "GET /robots.txt HTTP/1.1" 301 247 "-" "Mozilla/5.0 (compatible; SemrushBot-BA; +http://www.semrush.com/bot.html)"
85.208.98.23 - - [18/Jul/2025:03:22:24 +0000] "GET /robots.txt HTTP/1.1" 301 243 "-" "Mozilla/5.0 (compatible; SemrushBot-BA; +http://www.semrush.com/bot.html)"
216.144.248.25 - - [18/Jul/2025:03:23:08 +0000] "HEAD / HTTP/1.1" 301 - "http://yellowleaf.co.uk" "Mozilla/5.0+(compatible; UptimeRobot/2.0; http://www.uptimerobot.com/)"
66.249.70.138 - - [18/Jul/2025:03:23:58 +0000] "GET /pages/1903-jumping-jimmys-bouncy-castle-hire.html HTTP/1.1" 301 286 "-" "Mozilla/5.0 (Linux; Android 6.0.1; Nexus 5X Build/MMB29P) AppleWebKit/537.36 (KHTML, like Gecko) Chrome/137.0.7151.103 Mobile Safari/537.36 (compatible; Googlebot/2.1; +http://www.google.com/bot.html)"
84.32.211.117 - - [18/Jul/2025:03:24:06 +0000] "GET /members/uploads/3/2148_3.jpg HTTP/1.1" 301 265 "https://www.google.com/" "Mozilla/5.0 (Windows NT 10.0; Win64; x64; rv:114.0) Gecko/20100101 Firefox/114.0"
136.244.71.21 - - [18/Jul/2025:03:25:33 +0000] "GET /pages/29282-cowleys-building-maintenance.html HTTP/1.1" 301 282 "-" "Mozilla/5.0 (Windows NT 10.0; WOW64) AppleWebKit/537.36 (KHTML, like Gecko) Chrome/51.0.2704.103 Safari/537.36"
40.113.89.18 - - [18/Jul/2025:03:25:44 +0000] "GET /WSO.php HTTP/1.1" 301 240 "-" "-"
40.113.89.18 - - [18/Jul/2025:03:25:44 +0000] "GET /a.php HTTP/1.1" 301 238 "-" "-"
40.113.89.18 - - [18/Jul/2025:03:25:44 +0000] "GET /aa.php HTTP/1.1" 301 239 "-" "-"
40.113.89.18 - - [18/Jul/2025:03:25:44 +0000] "GET /aaa.php HTTP/1.1" 301 240 "-" "-"
40.113.89.18 - - [18/Jul/2025:03:25:44 +0000] "GET /ab.php HTTP/1.1" 301 239 "-" "-"
40.113.89.18 - - [18/Jul/2025:03:25:44 +0000] "GET /lock360.php HTTP/1.1" 301 244 "-" "-"
40.113.89.18 - - [18/Jul/2025:03:25:44 +0000] "GET /anonse/lock360.php HTTP/1.1" 301 251 "-" "-"
40.113.89.18 - - [18/Jul/2025:03:25:44 +0000] "GET /file5.php HTTP/1.1" 301 242 "-" "-"
40.113.89.18 - - [18/Jul/2025:03:25:44 +0000] "GET /sitemaps.php HTTP/1.1" 301 245 "-" "-"
40.113.89.18 - - [18/Jul/2025:03:25:44 +0000] "GET /ioxi-o.php HTTP/1.1" 301 243 "-" "-"
40.113.89.18 - - [18/Jul/2025:03:25:44 +0000] "GET /load.php HTTP/1.1" 301 241 "-" "-"
40.113.89.18 - - [18/Jul/2025:03:25:45 +0000] "GET /k.php HTTP/1.1" 301 238 "-" "-"
40.113.89.18 - - [18/Jul/2025:03:25:45 +0000] "GET /autoload_classmap.php HTTP/1.1" 301 254 "-" "-"
40.113.89.18 - - [18/Jul/2025:03:25:45 +0000] "GET /post.php HTTP/1.1" 301 241 "-" "-"
40.113.89.18 - - [18/Jul/2025:03:25:45 +0000] "GET /1.php HTTP/1.1" 301 238 "-" "-"
40.113.89.18 - - [18/Jul/2025:03:25:45 +0000] "GET /flower.php HTTP/1.1" 301 243 "-" "-"
40.113.89.18 - - [18/Jul/2025:03:25:45 +0000] "GET /admin.php HTTP/1.1" 301 242 "-" "-"
40.113.89.18 - - [18/Jul/2025:03:25:45 +0000] "GET /file.php HTTP/1.1" 301 241 "-" "-"
40.113.89.18 - - [18/Jul/2025:03:25:45 +0000] "GET /default.php HTTP/1.1" 301 244 "-" "-"
40.113.89.18 - - [18/Jul/2025:03:25:45 +0000] "GET /defaults.php HTTP/1.1" 301 245 "-" "-"
40.113.89.18 - - [18/Jul/2025:03:25:45 +0000] "GET /meta.php HTTP/1.1" 301 241 "-" "-"
40.113.89.18 - - [18/Jul/2025:03:25:45 +0000] "GET /index.php HTTP/1.1" 301 242 "-" "-"
40.113.89.18 - - [18/Jul/2025:03:25:45 +0000] "GET /yindu.php HTTP/1.1" 301 242 "-" "-"
40.113.89.18 - - [18/Jul/2025:03:25:45 +0000] "GET /about.php HTTP/1.1" 301 242 "-" "-"
40.113.89.18 - - [18/Jul/2025:03:25:45 +0000] "GET /randkeyword.php HTTP/1.1" 301 248 "-" "-"
40.113.89.18 - - [18/Jul/2025:03:25:45 +0000] "GET /goods.php HTTP/1.1" 301 242 "-" "-"
40.113.89.18 - - [18/Jul/2025:03:25:45 +0000] "GET /hehe.php HTTP/1.1" 301 241 "-" "-"
40.113.89.18 - - [18/Jul/2025:03:25:45 +0000] "GET /user.php HTTP/1.1" 301 241 "-" "-"
40.113.89.18 - - [18/Jul/2025:03:25:45 +0000] "GET /wp-2019.php HTTP/1.1" 301 244 "-" "-"
40.113.89.18 - - [18/Jul/2025:03:25:45 +0000] "GET /chosen.php HTTP/1.1" 301 243 "-" "-"
40.113.89.18 - - [18/Jul/2025:03:25:45 +0000] "GET /functions.php HTTP/1.1" 301 246 "-" "-"
40.113.89.18 - - [18/Jul/2025:03:25:46 +0000] "GET /cron.php HTTP/1.1" 301 241 "-" "-"
40.113.89.18 - - [18/Jul/2025:03:25:46 +0000] "GET /edit.php HTTP/1.1" 301 241 "-" "-"
40.113.89.18 - - [18/Jul/2025:03:25:46 +0000] "GET /gecko-new.php HTTP/1.1" 301 246 "-" "-"
40.113.89.18 - - [18/Jul/2025:03:25:46 +0000] "GET /cookie.php HTTP/1.1" 301 243 "-" "-"
40.113.89.18 - - [18/Jul/2025:03:25:46 +0000] "GET /xleet.php HTTP/1.1" 301 242 "-" "-"
40.113.89.18 - - [18/Jul/2025:03:25:46 +0000] "GET /spip.php HTTP/1.1" 301 241 "-" "-"
40.113.89.18 - - [18/Jul/2025:03:25:46 +0000] "GET /22.php HTTP/1.1" 301 239 "-" "-"
40.113.89.18 - - [18/Jul/2025:03:25:46 +0000] "GET /room.php HTTP/1.1" 301 241 "-" "-"
40.113.89.18 - - [18/Jul/2025:03:25:46 +0000] "GET /disagreed.php HTTP/1.1" 301 246 "-" "-"
40.113.89.18 - - [18/Jul/2025:03:25:46 +0000] "GET /text.php HTTP/1.1" 301 241 "-" "-"
40.113.89.18 - - [18/Jul/2025:03:25:46 +0000] "GET /alfa-rex.php HTTP/1.1" 301 245 "-" "-"
40.113.89.18 - - [18/Jul/2025:03:25:46 +0000] "GET /alfa-rex.php7 HTTP/1.1" 301 246 "-" "-"
40.113.89.18 - - [18/Jul/2025:03:25:46 +0000] "GET /feeds.php HTTP/1.1" 301 242 "-" "-"
40.113.89.18 - - [18/Jul/2025:03:25:46 +0000] "GET /radio.php HTTP/1.1" 301 242 "-" "-"
40.113.89.18 - - [18/Jul/2025:03:25:46 +0000] "GET /dropdown.php HTTP/1.1" 301 245 "-" "-"
40.113.89.18 - - [18/Jul/2025:03:25:46 +0000] "GET /defaults.php HTTP/1.1" 301 245 "-" "-"
40.113.89.18 - - [18/Jul/2025:03:25:46 +0000] "GET /system.php HTTP/1.1" 301 243 "-" "-"
40.113.89.18 - - [18/Jul/2025:03:25:46 +0000] "GET /xmlrpc.php HTTP/1.1" 301 243 "-" "-"
40.113.89.18 - - [18/Jul/2025:03:25:46 +0000] "GET /xmlrpc.php0 HTTP/1.1" 301 244 "-" "-"
40.113.89.18 - - [18/Jul/2025:03:25:46 +0000] "GET /colors.php HTTP/1.1" 301 243 "-" "-"
40.113.89.18 - - [18/Jul/2025:03:25:46 +0000] "GET /updates.php HTTP/1.1" 301 244 "-" "-"
40.113.89.18 - - [18/Jul/2025:03:25:46 +0000] "GET /alfa-rex1.php HTTP/1.1" 301 246 "-" "-"
40.113.89.18 - - [18/Jul/2025:03:25:46 +0000] "GET /wp-index.php HTTP/1.1" 301 245 "-" "-"
40.113.89.18 - - [18/Jul/2025:03:25:46 +0000] "GET /wp-admin.php HTTP/1.1" 301 245 "-" "-"
40.113.89.18 - - [18/Jul/2025:03:25:46 +0000] "GET /alfa.php HTTP/1.1" 301 241 "-" "-"
40.113.89.18 - - [18/Jul/2025:03:25:46 +0000] "GET /alfanew.php7 HTTP/1.1" 301 245 "-" "-"
40.113.89.18 - - [18/Jul/2025:03:25:46 +0000] "GET /locale.php HTTP/1.1" 301 243 "-" "-"
40.113.89.18 - - [18/Jul/2025:03:25:46 +0000] "GET /wxo.php HTTP/1.1" 301 240 "-" "-"
40.113.89.18 - - [18/Jul/2025:03:25:46 +0000] "GET /colour.php HTTP/1.1" 301 243 "-" "-"
40.113.89.18 - - [18/Jul/2025:03:25:46 +0000] "GET /files.php HTTP/1.1" 301 242 "-" "-"
40.113.89.18 - - [18/Jul/2025:03:25:46 +0000] "GET /install.php HTTP/1.1" 301 244 "-" "-"
40.113.89.18 - - [18/Jul/2025:03:25:46 +0000] "GET /wp-contentt.php HTTP/1.1" 301 248 "-" "-"
40.113.89.18 - - [18/Jul/2025:03:25:46 +0000] "GET /config.php7 HTTP/1.1" 301 244 "-" "-"
40.113.89.18 - - [18/Jul/2025:03:25:46 +0000] "GET /config.php HTTP/1.1" 301 243 "-" "-"
40.113.89.18 - - [18/Jul/2025:03:25:46 +0000] "GET /theme.php HTTP/1.1" 301 242 "-" "-"
40.113.89.18 - - [18/Jul/2025:03:25:46 +0000] "GET /block-bindings.php HTTP/1.1" 301 251 "-" "-"
40.113.89.18 - - [18/Jul/2025:03:25:46 +0000] "GET /class_api.php HTTP/1.1" 301 246 "-" "-"
40.113.89.18 - - [18/Jul/2025:03:25:46 +0000] "GET /inputs.php HTTP/1.1" 301 243 "-" "-"
40.113.89.18 - - [18/Jul/2025:03:25:46 +0000] "GET /root.php HTTP/1.1" 301 241 "-" "-"
40.113.89.18 - - [18/Jul/2025:03:25:46 +0000] "GET /menu.php HTTP/1.1" 301 241 "-" "-"
40.113.89.18 - - [18/Jul/2025:03:25:46 +0000] "GET /plugin.php HTTP/1.1" 301 243 "-" "-"
40.113.89.18 - - [18/Jul/2025:03:25:46 +0000] "GET /cloud.php HTTP/1.1" 301 242 "-" "-"
40.113.89.18 - - [18/Jul/2025:03:25:46 +0000] "GET /configs.php HTTP/1.1" 301 244 "-" "-"
40.113.89.18 - - [18/Jul/2025:03:25:46 +0000] "GET /wp-configs.php HTTP/1.1" 301 247 "-" "-"
40.113.89.18 - - [18/Jul/2025:03:25:46 +0000] "GET /update.php HTTP/1.1" 301 243 "-" "-"
40.113.89.18 - - [18/Jul/2025:03:25:47 +0000] "GET /2.php HTTP/1.1" 301 238 "-" "-"
40.113.89.18 - - [18/Jul/2025:03:25:47 +0000] "GET /input.php HTTP/1.1" 301 242 "-" "-"
40.113.89.18 - - [18/Jul/2025:03:25:47 +0000] "GET /aaa.php HTTP/1.1" 301 240 "-" "-"
85.208.98.23 - - [18/Jul/2025:03:26:55 +0000] "GET /robots.txt HTTP/1.1" 301 247 "-" "Mozilla/5.0 (compatible; SemrushBot-BA; +http://www.semrush.com/bot.html)"
85.208.98.23 - - [18/Jul/2025:03:26:55 +0000] "GET /robots.txt HTTP/1.1" 301 243 "-" "Mozilla/5.0 (compatible; SemrushBot-BA; +http://www.semrush.com/bot.html)"
216.144.248.30 - - [18/Jul/2025:03:28:13 +0000] "HEAD / HTTP/1.1" 301 - "http://yellowleaf.co.uk" "Mozilla/5.0+(compatible; UptimeRobot/2.0; http://www.uptimerobot.com/)"
85.208.98.23 - - [18/Jul/2025:03:31:30 +0000] "GET /robots.txt HTTP/1.1" 301 247 "-" "Mozilla/5.0 (compatible; SemrushBot-BA; +http://www.semrush.com/bot.html)"
85.208.98.23 - - [18/Jul/2025:03:31:31 +0000] "GET /robots.txt HTTP/1.1" 301 243 "-" "Mozilla/5.0 (compatible; SemrushBot-BA; +http://www.semrush.com/bot.html)"
69.162.124.235 - - [18/Jul/2025:03:33:20 +0000] "HEAD / HTTP/1.1" 301 - "http://yellowleaf.co.uk" "Mozilla/5.0+(compatible; UptimeRobot/2.0; http://www.uptimerobot.com/)"
85.208.98.23 - - [18/Jul/2025:03:33:26 +0000] "GET /robots.txt HTTP/1.1" 301 247 "-" "Mozilla/5.0 (compatible; SemrushBot-BA; +http://www.semrush.com/bot.html)"
66.249.70.138 - - [18/Jul/2025:03:35:45 +0000] "GET /pages/7554-log-cabin-king.html HTTP/1.1" 301 267 "-" "Mozilla/5.0 (Linux; Android 6.0.1; Nexus 5X Build/MMB29P) AppleWebKit/537.36 (KHTML, like Gecko) Chrome/137.0.7151.103 Mobile Safari/537.36 (compatible; Googlebot/2.1; +http://www.google.com/bot.html)"
85.208.98.23 - - [18/Jul/2025:03:36:27 +0000] "GET /robots.txt HTTP/1.1" 301 247 "-" "Mozilla/5.0 (compatible; SemrushBot-BA; +http://www.semrush.com/bot.html)"
84.32.94.231 - - [18/Jul/2025:03:36:56 +0000] "GET /members/uploads/2/459_2.jpg HTTP/1.1" 301 264 "https://www.google.com/" "Mozilla/5.0 (Macintosh; Intel Mac OS X 10_15_7) AppleWebKit/605.1.15 (KHTML, like Gecko) Version/14.0.3 Safari/605.1.15"
85.208.98.23 - - [18/Jul/2025:03:38:12 +0000] "GET /robots.txt HTTP/1.1" 301 247 "-" "Mozilla/5.0 (compatible; SemrushBot-BA; +http://www.semrush.com/bot.html)"
85.208.98.23 - - [18/Jul/2025:03:38:13 +0000] "GET /robots.txt HTTP/1.1" 301 243 "-" "Mozilla/5.0 (compatible; SemrushBot-BA; +http://www.semrush.com/bot.html)"
216.144.248.18 - - [18/Jul/2025:03:38:25 +0000] "HEAD / HTTP/1.1" 301 - "http://yellowleaf.co.uk" "Mozilla/5.0+(compatible; UptimeRobot/2.0; http://www.uptimerobot.com/)"
85.208.98.23 - - [18/Jul/2025:03:38:47 +0000] "GET /robots.txt HTTP/1.1" 301 247 "-" "Mozilla/5.0 (compatible; SemrushBot-BA; +http://www.semrush.com/bot.html)"
85.208.98.23 - - [18/Jul/2025:03:38:47 +0000] "GET /robots.txt HTTP/1.1" 301 243 "-" "Mozilla/5.0 (compatible; SemrushBot-BA; +http://www.semrush.com/bot.html)"
51.222.253.5 - - [18/Jul/2025:03:41:05 +0000] "GET /robots.txt HTTP/1.1" 301 243 "-" "Mozilla/5.0 (compatible; AhrefsBot/7.0; +http://ahrefs.com/robot/)"
216.144.248.21 - - [18/Jul/2025:03:43:31 +0000] "HEAD / HTTP/1.1" 301 - "http://yellowleaf.co.uk" "Mozilla/5.0+(compatible; UptimeRobot/2.0; http://www.uptimerobot.com/)"
46.243.160.10 - - [18/Jul/2025:03:45:56 +0000] "GET /members/uploads/1/14623_1.jpg HTTP/1.1" 301 266 "https://www.google.com/" "Mozilla/5.0 (Windows NT 10.0; Win64; x64; rv:114.0) Gecko/20100101 Firefox/114.0"
85.208.98.23 - - [18/Jul/2025:03:47:17 +0000] "GET /robots.txt HTTP/1.1" 301 247 "-" "Mozilla/5.0 (compatible; SemrushBot-BA; +http://www.semrush.com/bot.html)"
66.249.70.137 - - [18/Jul/2025:03:47:34 +0000] "GET /pages/3008-the-suffolk-painting-contractors.html HTTP/1.1" 301 285 "-" "Mozilla/5.0 (Linux; Android 6.0.1; Nexus 5X Build/MMB29P) AppleWebKit/537.36 (KHTML, like Gecko) Chrome/137.0.7151.103 Mobile Safari/537.36 (compatible; Googlebot/2.1; +http://www.google.com/bot.html)"
85.208.98.23 - - [18/Jul/2025:03:47:52 +0000] "GET /robots.txt HTTP/1.1" 301 247 "-" "Mozilla/5.0 (compatible; SemrushBot-BA; +http://www.semrush.com/bot.html)"
85.208.98.22 - - [18/Jul/2025:03:47:56 +0000] "GET /pages/671-bluebird-care-cherwell.html HTTP/1.1" 301 274 "-" "Mozilla/5.0 (compatible; SemrushBot-BA; +http://www.semrush.com/bot.html)"
85.208.98.23 - - [18/Jul/2025:03:47:58 +0000] "GET /robots.txt HTTP/1.1" 301 243 "-" "Mozilla/5.0 (compatible; SemrushBot-BA; +http://www.semrush.com/bot.html)"
216.144.248.23 - - [18/Jul/2025:03:48:36 +0000] "HEAD / HTTP/1.1" 301 - "http://yellowleaf.co.uk" "Mozilla/5.0+(compatible; UptimeRobot/2.0; http://www.uptimerobot.com/)"
85.208.98.23 - - [18/Jul/2025:03:48:51 +0000] "GET /robots.txt HTTP/1.1" 301 243 "-" "Mozilla/5.0 (compatible; SemrushBot-BA; +http://www.semrush.com/bot.html)"
85.208.98.23 - - [18/Jul/2025:03:48:51 +0000] "GET /robots.txt HTTP/1.1" 301 247 "-" "Mozilla/5.0 (compatible; SemrushBot-BA; +http://www.semrush.com/bot.html)"
85.208.98.23 - - [18/Jul/2025:03:49:04 +0000] "GET /robots.txt HTTP/1.1" 301 247 "-" "Mozilla/5.0 (compatible; SemrushBot-BA; +http://www.semrush.com/bot.html)"
185.108.106.250 - - [18/Jul/2025:03:49:12 +0000] "GET /support/ HTTP/1.0" 301 241 "http://yellowleaf.co.uk/support/" "Mozilla/5.0 (Windows NT 10.0; Win64; x64) AppleWebKit/537.36 (KHTML, like Gecko) Chrome/130.0.0.0 Safari/537.36"
85.208.98.23 - - [18/Jul/2025:03:49:15 +0000] "GET /robots.txt HTTP/1.1" 301 247 "-" "Mozilla/5.0 (compatible; SemrushBot-BA; +http://www.semrush.com/bot.html)"
43.166.251.233 - - [18/Jul/2025:03:49:53 +0000] "GET / HTTP/1.1" 301 237 "-" "Mozilla/5.0 (iPhone; CPU iPhone OS 13_2_3 like Mac OS X) AppleWebKit/605.1.15 (KHTML, like Gecko) Version/13.0.3 Mobile/15E148 Safari/604.1"
85.208.98.23 - - [18/Jul/2025:03:51:47 +0000] "GET /robots.txt HTTP/1.1" 301 247 "-" "Mozilla/5.0 (compatible; SemrushBot-BA; +http://www.semrush.com/bot.html)"
51.68.111.203 - - [18/Jul/2025:03:52:05 +0000] "GET /robots.txt HTTP/1.1" 301 247 "-" "Mozilla/5.0 (compatible; MJ12bot/v2.0.2; http://mj12bot.com/)"
51.68.111.203 - - [18/Jul/2025:03:52:05 +0000] "GET / HTTP/1.1" 301 237 "-" "Mozilla/5.0 (compatible; MJ12bot/v2.0.2; http://mj12bot.com/)"
114.119.154.81 - - [18/Jul/2025:03:52:08 +0000] "GET /pages/7440-ealing-cleaning-services.html HTTP/1.1" 301 273 "https://yellowleaf.co.uk/near-me/commercial-window-cleaners/oxford-in-oxfordshire" "Mozilla/5.0 (Linux; Android 7.0;) AppleWebKit/537.36 (KHTML, like Gecko) Mobile Safari/537.36 (compatible; PetalBot;+https://webmaster.petalsearch.com/site/petalbot)"
114.119.150.49 - - [18/Jul/2025:03:52:33 +0000] "GET /pages/2709-aj-building-services.html HTTP/1.1" 301 269 "http://yellowleaf.co.uk/pages/2709-aj-building-services.html" "Mozilla/5.0 (Linux; Android 7.0;) AppleWebKit/537.36 (KHTML, like Gecko) Mobile Safari/537.36 (compatible; PetalBot;+https://webmaster.petalsearch.com/site/petalbot)"
114.119.159.237 - - [18/Jul/2025:03:52:56 +0000] "GET /pages/36092-personalised-birthday-bannerscustombirthdaybannerscouk.html HTTP/1.1" 301 308 "https://topsitenet.com/article/147693-enriched-versions-of-banner-for-1st-birthday/" "Mozilla/5.0 (Linux; Android 7.0;) AppleWebKit/537.36 (KHTML, like Gecko) Mobile Safari/537.36 (compatible; PetalBot;+https://webmaster.petalsearch.com/site/petalbot)"
85.208.98.23 - - [18/Jul/2025:03:53:06 +0000] "GET /robots.txt HTTP/1.1" 301 247 "-" "Mozilla/5.0 (compatible; SemrushBot-BA; +http://www.semrush.com/bot.html)"
104.238.53.20 - - [18/Jul/2025:03:53:14 +0000] "GET /members/uploads/3/7637_3.png HTTP/1.1" 301 265 "https://www.google.com/" "Mozilla/5.0 (Windows NT 10.0; Win64; x64; rv:114.0) Gecko/20100101 Firefox/114.0"
114.119.132.9 - - [18/Jul/2025:03:53:20 +0000] "GET /pages/27287-car-hire-bristol-airport.html HTTP/1.1" 301 278 "http://wollstonecraftlive.com/fm/productions-past-present-future/a-pageant-of-great-women/comment-page-264/" "Mozilla/5.0 (Linux; Android 7.0;) AppleWebKit/537.36 (KHTML, like Gecko) Mobile Safari/537.36 (compatible; PetalBot;+https://webmaster.petalsearch.com/site/petalbot)"
216.144.248.19 - - [18/Jul/2025:03:53:40 +0000] "HEAD / HTTP/1.1" 301 - "http://yellowleaf.co.uk" "Mozilla/5.0+(compatible; UptimeRobot/2.0; http://www.uptimerobot.com/)"
114.119.132.9 - - [18/Jul/2025:03:53:46 +0000] "GET /pages/24276-bubble-baller-middlesbrough.html HTTP/1.1" 301 281 "http://www.yellowleaf.co.uk/pages/24276-bubble-baller-middlesbrough.html" "Mozilla/5.0 (Linux; Android 7.0;) AppleWebKit/537.36 (KHTML, like Gecko) Mobile Safari/537.36 (compatible; PetalBot;+https://webmaster.petalsearch.com/site/petalbot)"
85.208.98.23 - - [18/Jul/2025:03:54:06 +0000] "GET /robots.txt HTTP/1.1" 301 247 "-" "Mozilla/5.0 (compatible; SemrushBot-BA; +http://www.semrush.com/bot.html)"
85.208.98.23 - - [18/Jul/2025:03:54:06 +0000] "GET /robots.txt HTTP/1.1" 301 243 "-" "Mozilla/5.0 (compatible; SemrushBot-BA; +http://www.semrush.com/bot.html)"
207.32.156.164 - - [18/Jul/2025:03:54:46 +0000] "GET /members/uploads/3/15168_3.jpg HTTP/1.1" 301 266 "https://www.google.com/" "Mozilla/5.0 (Windows NT 10.0; Win64; x64; rv:114.0) Gecko/20100101 Firefox/114.0"
