85.208.98.23 - - [17/Jul/2025:22:21:29 +0000] "GET /robots.txt HTTP/1.1" 301 243 "-" "Mozilla/5.0 (compatible; SemrushBot-BA; +http://www.semrush.com/bot.html)"
85.208.98.23 - - [17/Jul/2025:22:23:10 +0000] "GET /robots.txt HTTP/1.1" 301 247 "-" "Mozilla/5.0 (compatible; SemrushBot-BA; +http://www.semrush.com/bot.html)"
216.144.248.21 - - [17/Jul/2025:22:23:45 +0000] "HEAD / HTTP/1.1" 301 - "http://yellowleaf.co.uk" "Mozilla/5.0+(compatible; UptimeRobot/2.0; http://www.uptimerobot.com/)"
85.208.98.23 - - [17/Jul/2025:22:24:28 +0000] "GET /robots.txt HTTP/1.1" 301 247 "-" "Mozilla/5.0 (compatible; SemrushBot-BA; +http://www.semrush.com/bot.html)"
66.249.70.138 - - [17/Jul/2025:22:24:48 +0000] "GET /pages/3463-a1-creative-driveways.html HTTP/1.1" 301 274 "-" "Mozilla/5.0 (Linux; Android 6.0.1; Nexus 5X Build/MMB29P) AppleWebKit/537.36 (KHTML, like Gecko) Chrome/137.0.7151.103 Mobile Safari/537.36 (compatible; Googlebot/2.1; +http://www.google.com/bot.html)"
161.0.8.145 - - [17/Jul/2025:22:26:30 +0000] "GET /members/uploads/2/16279_2.jpg HTTP/1.1" 301 266 "https://www.google.com/" "Mozilla/5.0 (Macintosh; Intel Mac OS X 10_15_7) AppleWebKit/605.1.15 (KHTML, like Gecko) Version/14.0.3 Safari/605.1.15"
45.156.128.91 - - [17/Jul/2025:22:27:16 +0000] "GET / HTTP/1.1" 301 233 "-" "Mozilla/5.0 (Windows NT 10.0; WOW64) AppleWebKit/537.36 (KHTML, like Gecko) Chrome/66.0.3359.117 Safari/537.36"
196.251.80.132 - - [17/Jul/2025:22:27:40 +0000] "GET /.git/config HTTP/1.1" 301 241 "-" "Mozilla/5.0 (Macintosh; Intel Mac OS X 10_11_6) AppleWebKit/537.36 (KHTML, like Gecko) Chrome/76.0.3809.100 Safari/537.36"
207.32.134.3 - - [17/Jul/2025:22:27:48 +0000] "GET /members/uploads/1/15580_1.png HTTP/1.1" 301 266 "https://www.google.com/" "Mozilla/5.0 (Macintosh; Intel Mac OS X 10_15_7) AppleWebKit/605.1.15 (KHTML, like Gecko) Version/14.0.3 Safari/605.1.15"
216.73.216.27 - - [17/Jul/2025:22:28:40 +0000] "GET /robots.txt HTTP/1.1" 301 247 "-" "Mozilla/5.0 AppleWebKit/537.36 (KHTML, like Gecko; compatible; ClaudeBot/1.0; +claudebot@anthropic.com)"
13.89.124.213 - - [17/Jul/2025:22:28:47 +0000] "GET /developmentserver/metadatauploader HTTP/1.1" 301 264 "-" "Mozilla/5.0 zgrab/0.x"
69.162.124.238 - - [17/Jul/2025:22:28:49 +0000] "HEAD / HTTP/1.1" 301 - "http://yellowleaf.co.uk" "Mozilla/5.0+(compatible; UptimeRobot/2.0; http://www.uptimerobot.com/)"
147.185.132.49 - - [17/Jul/2025:22:28:53 +0000] "GET / HTTP/1.0" 301 217 "-" "Hello from Palo Alto Networks, find out more about our scans in https://docs-cortex.paloaltonetworks.com/r/1/Cortex-Xpanse/Scanning-activity"
216.73.216.27 - - [17/Jul/2025:22:28:57 +0000] "GET /sitemap.xml HTTP/1.1" 301 248 "-" "Mozilla/5.0 AppleWebKit/537.36 (KHTML, like Gecko; compatible; ClaudeBot/1.0; +claudebot@anthropic.com)"
85.208.98.23 - - [17/Jul/2025:22:29:40 +0000] "GET /robots.txt HTTP/1.1" 301 247 "-" "Mozilla/5.0 (compatible; SemrushBot-BA; +http://www.semrush.com/bot.html)"
85.208.98.23 - - [17/Jul/2025:22:29:40 +0000] "GET /robots.txt HTTP/1.1" 301 243 "-" "Mozilla/5.0 (compatible; SemrushBot-BA; +http://www.semrush.com/bot.html)"
85.208.98.23 - - [17/Jul/2025:22:31:08 +0000] "GET /robots.txt HTTP/1.1" 301 247 "-" "Mozilla/5.0 (compatible; SemrushBot-BA; +http://www.semrush.com/bot.html)"
85.208.98.23 - - [17/Jul/2025:22:31:38 +0000] "GET /robots.txt HTTP/1.1" 301 247 "-" "Mozilla/5.0 (compatible; SemrushBot-BA; +http://www.semrush.com/bot.html)"
192.30.87.178 - - [17/Jul/2025:22:32:15 +0000] "GET /members/uploads/2/12207_2.jpg HTTP/1.1" 301 266 "https://www.google.com/" "Mozilla/5.0 (X11; Ubuntu; Linux x86_64; rv:72.0) Gecko/20100101 Firefox/72.0"
85.208.98.23 - - [17/Jul/2025:22:33:21 +0000] "GET /robots.txt HTTP/1.1" 301 247 "-" "Mozilla/5.0 (compatible; SemrushBot-BA; +http://www.semrush.com/bot.html)"
85.208.98.23 - - [17/Jul/2025:22:33:21 +0000] "GET /robots.txt HTTP/1.1" 301 243 "-" "Mozilla/5.0 (compatible; SemrushBot-BA; +http://www.semrush.com/bot.html)"
69.162.124.235 - - [17/Jul/2025:22:33:52 +0000] "HEAD / HTTP/1.1" 301 - "http://yellowleaf.co.uk" "Mozilla/5.0+(compatible; UptimeRobot/2.0; http://www.uptimerobot.com/)"
85.208.98.23 - - [17/Jul/2025:22:37:41 +0000] "GET /robots.txt HTTP/1.1" 301 243 "-" "Mozilla/5.0 (compatible; SemrushBot-BA; +http://www.semrush.com/bot.html)"
85.208.98.23 - - [17/Jul/2025:22:38:34 +0000] "GET /robots.txt HTTP/1.1" 301 247 "-" "Mozilla/5.0 (compatible; SemrushBot-BA; +http://www.semrush.com/bot.html)"
85.208.98.23 - - [17/Jul/2025:22:38:34 +0000] "GET /robots.txt HTTP/1.1" 301 243 "-" "Mozilla/5.0 (compatible; SemrushBot-BA; +http://www.semrush.com/bot.html)"
216.144.248.30 - - [17/Jul/2025:22:38:56 +0000] "HEAD / HTTP/1.1" 301 - "http://yellowleaf.co.uk" "Mozilla/5.0+(compatible; UptimeRobot/2.0; http://www.uptimerobot.com/)"
85.208.98.23 - - [17/Jul/2025:22:39:07 +0000] "GET /robots.txt HTTP/1.1" 301 243 "-" "Mozilla/5.0 (compatible; SemrushBot-BA; +http://www.semrush.com/bot.html)"
85.208.98.23 - - [17/Jul/2025:22:39:07 +0000] "GET /robots.txt HTTP/1.1" 301 247 "-" "Mozilla/5.0 (compatible; SemrushBot-BA; +http://www.semrush.com/bot.html)"
85.208.98.22 - - [17/Jul/2025:22:39:54 +0000] "GET /pages/4882-modular-clay-products.html HTTP/1.1" 301 274 "-" "Mozilla/5.0 (compatible; SemrushBot-BA; +http://www.semrush.com/bot.html)"
66.249.70.139 - - [17/Jul/2025:22:39:55 +0000] "GET /pages/8667-barnes-carpet-cleaners.html HTTP/1.1" 301 275 "-" "Mozilla/5.0 (Linux; Android 6.0.1; Nexus 5X Build/MMB29P) AppleWebKit/537.36 (KHTML, like Gecko) Chrome/137.0.7151.103 Mobile Safari/537.36 (compatible; Googlebot/2.1; +http://www.google.com/bot.html)"
54.36.148.125 - - [17/Jul/2025:22:43:36 +0000] "GET /robots.txt HTTP/1.1" 301 247 "-" "Mozilla/5.0 (compatible; AhrefsBot/7.0; +http://ahrefs.com/robot/)"
216.144.248.22 - - [17/Jul/2025:22:44:00 +0000] "HEAD / HTTP/1.1" 301 - "http://yellowleaf.co.uk" "Mozilla/5.0+(compatible; UptimeRobot/2.0; http://www.uptimerobot.com/)"
66.249.70.137 - - [17/Jul/2025:22:44:57 +0000] "GET /pages/12909-forever-unique.html HTTP/1.1" 301 268 "-" "Mozilla/5.0 (Linux; Android 6.0.1; Nexus 5X Build/MMB29P) AppleWebKit/537.36 (KHTML, like Gecko) Chrome/137.0.7151.103 Mobile Safari/537.36 (compatible; Googlebot/2.1; +http://www.google.com/bot.html)"
85.208.98.23 - - [17/Jul/2025:22:45:16 +0000] "GET /robots.txt HTTP/1.1" 301 243 "-" "Mozilla/5.0 (compatible; SemrushBot-BA; +http://www.semrush.com/bot.html)"
85.208.98.23 - - [17/Jul/2025:22:45:17 +0000] "GET /robots.txt HTTP/1.1" 301 247 "-" "Mozilla/5.0 (compatible; SemrushBot-BA; +http://www.semrush.com/bot.html)"
51.68.107.150 - - [17/Jul/2025:22:46:01 +0000] "GET /robots.txt HTTP/1.1" 301 247 "-" "Mozilla/5.0 (compatible; MJ12bot/v2.0.2; http://mj12bot.com/)"
51.68.107.150 - - [17/Jul/2025:22:46:01 +0000] "GET /pages/27750-stickershop.html HTTP/1.1" 301 265 "-" "Mozilla/5.0 (compatible; MJ12bot/v2.0.2; http://mj12bot.com/)"
85.208.98.23 - - [17/Jul/2025:22:47:40 +0000] "GET /robots.txt HTTP/1.1" 301 247 "-" "Mozilla/5.0 (compatible; SemrushBot-BA; +http://www.semrush.com/bot.html)"
85.208.98.23 - - [17/Jul/2025:22:48:45 +0000] "GET /robots.txt HTTP/1.1" 301 247 "-" "Mozilla/5.0 (compatible; SemrushBot-BA; +http://www.semrush.com/bot.html)"
216.144.248.30 - - [17/Jul/2025:22:49:04 +0000] "HEAD / HTTP/1.1" 301 - "http://yellowleaf.co.uk" "Mozilla/5.0+(compatible; UptimeRobot/2.0; http://www.uptimerobot.com/)"
185.191.171.5 - - [17/Jul/2025:22:49:43 +0000] "GET /pages/48481-canvey-island-door-and-window-repairs.html HTTP/1.1" 301 291 "-" "Mozilla/5.0 (compatible; SemrushBot/7~bl; +http://www.semrush.com/bot.html)"
167.250.111.159 - - [17/Jul/2025:22:50:16 +0000] "GET /members/uploads/2/2641_2.jpg HTTP/1.1" 301 265 "https://www.google.com/" "Mozilla/5.0 (Windows NT 10.0; Win64; x64; rv:114.0) Gecko/20100101 Firefox/114.0"
66.249.70.138 - - [17/Jul/2025:22:52:30 +0000] "GET /pages/279-l-g-blower-specialist-bricklayer-ltd.html HTTP/1.1" 301 288 "-" "Mozilla/5.0 (Linux; Android 6.0.1; Nexus 5X Build/MMB29P) AppleWebKit/537.36 (KHTML, like Gecko) Chrome/137.0.7151.103 Mobile Safari/537.36 (compatible; GoogleOther)"
85.208.98.23 - - [17/Jul/2025:22:53:09 +0000] "GET /robots.txt HTTP/1.1" 301 247 "-" "Mozilla/5.0 (compatible; SemrushBot-BA; +http://www.semrush.com/bot.html)"
85.208.98.23 - - [17/Jul/2025:22:53:10 +0000] "GET /robots.txt HTTP/1.1" 301 243 "-" "Mozilla/5.0 (compatible; SemrushBot-BA; +http://www.semrush.com/bot.html)"
162.223.92.132 - - [17/Jul/2025:22:54:07 +0000] "GET /members/uploads/1/340_1.png HTTP/1.1" 301 264 "https://www.google.com/" "Mozilla/5.0 (X11; Ubuntu; Linux x86_64; rv:72.0) Gecko/20100101 Firefox/72.0"
85.208.98.23 - - [17/Jul/2025:22:54:07 +0000] "GET /robots.txt HTTP/1.1" 301 247 "-" "Mozilla/5.0 (compatible; SemrushBot-BA; +http://www.semrush.com/bot.html)"
216.144.248.22 - - [17/Jul/2025:22:54:07 +0000] "HEAD / HTTP/1.1" 301 - "http://yellowleaf.co.uk" "Mozilla/5.0+(compatible; UptimeRobot/2.0; http://www.uptimerobot.com/)"
85.208.98.23 - - [17/Jul/2025:22:54:34 +0000] "GET /robots.txt HTTP/1.1" 301 247 "-" "Mozilla/5.0 (compatible; SemrushBot-BA; +http://www.semrush.com/bot.html)"
85.208.98.23 - - [17/Jul/2025:22:54:35 +0000] "GET /robots.txt HTTP/1.1" 301 243 "-" "Mozilla/5.0 (compatible; SemrushBot-BA; +http://www.semrush.com/bot.html)"
66.249.70.138 - - [17/Jul/2025:22:55:02 +0000] "GET /pages/12562-biancos-hair-world.html HTTP/1.1" 301 272 "-" "Mozilla/5.0 (Linux; Android 6.0.1; Nexus 5X Build/MMB29P) AppleWebKit/537.36 (KHTML, like Gecko) Chrome/137.0.7151.103 Mobile Safari/537.36 (compatible; Googlebot/2.1; +http://www.google.com/bot.html)"
216.144.248.28 - - [17/Jul/2025:22:59:11 +0000] "HEAD / HTTP/1.1" 301 - "http://yellowleaf.co.uk" "Mozilla/5.0+(compatible; UptimeRobot/2.0; http://www.uptimerobot.com/)"
84.32.27.26 - - [17/Jul/2025:22:59:39 +0000] "GET /members/uploads/2/228_2.jpg HTTP/1.1" 301 264 "https://www.google.com/" "Mozilla/5.0 (Macintosh; Intel Mac OS X 10_15_7) AppleWebKit/605.1.15 (KHTML, like Gecko) Version/14.0.3 Safari/605.1.15"
66.249.70.138 - - [17/Jul/2025:23:00:04 +0000] "GET /pages/13781-browns-pet-range.html HTTP/1.1" 301 270 "-" "Mozilla/5.0 (Linux; Android 6.0.1; Nexus 5X Build/MMB29P) AppleWebKit/537.36 (KHTML, like Gecko) Chrome/137.0.7151.103 Mobile Safari/537.36 (compatible; Googlebot/2.1; +http://www.google.com/bot.html)"
85.208.98.23 - - [17/Jul/2025:23:00:24 +0000] "GET /robots.txt HTTP/1.1" 301 243 "-" "Mozilla/5.0 (compatible; SemrushBot-BA; +http://www.semrush.com/bot.html)"
85.208.98.23 - - [17/Jul/2025:23:00:24 +0000] "GET /robots.txt HTTP/1.1" 301 247 "-" "Mozilla/5.0 (compatible; SemrushBot-BA; +http://www.semrush.com/bot.html)"
66.249.70.137 - - [17/Jul/2025:23:02:35 +0000] "GET /pages/7325-future-supply.html HTTP/1.1" 301 266 "-" "Mozilla/5.0 (Linux; Android 6.0.1; Nexus 5X Build/MMB29P) AppleWebKit/537.36 (KHTML, like Gecko) Chrome/137.0.7151.103 Mobile Safari/537.36 (compatible; Googlebot/2.1; +http://www.google.com/bot.html)"
85.208.98.23 - - [17/Jul/2025:23:02:59 +0000] "GET /robots.txt HTTP/1.1" 301 243 "-" "Mozilla/5.0 (compatible; SemrushBot-BA; +http://www.semrush.com/bot.html)"
85.208.98.23 - - [17/Jul/2025:23:02:59 +0000] "GET /robots.txt HTTP/1.1" 301 247 "-" "Mozilla/5.0 (compatible; SemrushBot-BA; +http://www.semrush.com/bot.html)"
216.144.248.21 - - [17/Jul/2025:23:04:15 +0000] "HEAD / HTTP/1.1" 301 - "http://yellowleaf.co.uk" "Mozilla/5.0+(compatible; UptimeRobot/2.0; http://www.uptimerobot.com/)"
66.249.70.137 - - [17/Jul/2025:23:05:06 +0000] "GET /pages/20568-stove-scotland.html HTTP/1.1" 301 268 "-" "Mozilla/5.0 (Linux; Android 6.0.1; Nexus 5X Build/MMB29P) AppleWebKit/537.36 (KHTML, like Gecko) Chrome/137.0.7151.103 Mobile Safari/537.36 (compatible; Googlebot/2.1; +http://www.google.com/bot.html)"
85.208.98.23 - - [17/Jul/2025:23:05:59 +0000] "GET /robots.txt HTTP/1.1" 301 243 "-" "Mozilla/5.0 (compatible; SemrushBot-BA; +http://www.semrush.com/bot.html)"
85.208.98.23 - - [17/Jul/2025:23:07:05 +0000] "GET /robots.txt HTTP/1.1" 301 243 "-" "Mozilla/5.0 (compatible; SemrushBot-BA; +http://www.semrush.com/bot.html)"
85.208.98.23 - - [17/Jul/2025:23:07:05 +0000] "GET /robots.txt HTTP/1.1" 301 247 "-" "Mozilla/5.0 (compatible; SemrushBot-BA; +http://www.semrush.com/bot.html)"
66.249.70.139 - - [17/Jul/2025:23:07:38 +0000] "GET /pages/8761-chancellors.html HTTP/1.1" 301 264 "-" "Mozilla/5.0 (Linux; Android 6.0.1; Nexus 5X Build/MMB29P) AppleWebKit/537.36 (KHTML, like Gecko) Chrome/137.0.7151.103 Mobile Safari/537.36 (compatible; GoogleOther)"
85.208.98.23 - - [17/Jul/2025:23:07:41 +0000] "GET /robots.txt HTTP/1.1" 301 243 "-" "Mozilla/5.0 (compatible; SemrushBot-BA; +http://www.semrush.com/bot.html)"
85.208.98.23 - - [17/Jul/2025:23:07:41 +0000] "GET /robots.txt HTTP/1.1" 301 247 "-" "Mozilla/5.0 (compatible; SemrushBot-BA; +http://www.semrush.com/bot.html)"
69.162.124.238 - - [17/Jul/2025:23:09:19 +0000] "HEAD / HTTP/1.1" 301 - "http://yellowleaf.co.uk" "Mozilla/5.0+(compatible; UptimeRobot/2.0; http://www.uptimerobot.com/)"
85.208.98.23 - - [17/Jul/2025:23:09:56 +0000] "GET /robots.txt HTTP/1.1" 301 243 "-" "Mozilla/5.0 (compatible; SemrushBot-BA; +http://www.semrush.com/bot.html)"
85.208.98.23 - - [17/Jul/2025:23:09:56 +0000] "GET /robots.txt HTTP/1.1" 301 247 "-" "Mozilla/5.0 (compatible; SemrushBot-BA; +http://www.semrush.com/bot.html)"
85.208.98.23 - - [17/Jul/2025:23:12:03 +0000] "GET /robots.txt HTTP/1.1" 301 247 "-" "Mozilla/5.0 (compatible; SemrushBot-BA; +http://www.semrush.com/bot.html)"
85.208.98.23 - - [17/Jul/2025:23:12:13 +0000] "GET /robots.txt HTTP/1.1" 301 247 "-" "Mozilla/5.0 (compatible; SemrushBot-BA; +http://www.semrush.com/bot.html)"
85.208.98.23 - - [17/Jul/2025:23:12:13 +0000] "GET /robots.txt HTTP/1.1" 301 243 "-" "Mozilla/5.0 (compatible; SemrushBot-BA; +http://www.semrush.com/bot.html)"
66.249.70.137 - - [17/Jul/2025:23:12:44 +0000] "GET /pages/14081-motorcycle-warehouse-ltd.html HTTP/1.1" 301 278 "-" "Mozilla/5.0 (Linux; Android 6.0.1; Nexus 5X Build/MMB29P) AppleWebKit/537.36 (KHTML, like Gecko) Chrome/137.0.7151.103 Mobile Safari/537.36 (compatible; Googlebot/2.1; +http://www.google.com/bot.html)"
85.208.98.23 - - [17/Jul/2025:23:13:02 +0000] "GET /robots.txt HTTP/1.1" 301 243 "-" "Mozilla/5.0 (compatible; SemrushBot-BA; +http://www.semrush.com/bot.html)"
85.208.98.23 - - [17/Jul/2025:23:13:02 +0000] "GET /robots.txt HTTP/1.1" 301 247 "-" "Mozilla/5.0 (compatible; SemrushBot-BA; +http://www.semrush.com/bot.html)"
216.144.248.23 - - [17/Jul/2025:23:14:24 +0000] "HEAD / HTTP/1.1" 301 - "http://yellowleaf.co.uk" "Mozilla/5.0+(compatible; UptimeRobot/2.0; http://www.uptimerobot.com/)"
85.208.98.23 - - [17/Jul/2025:23:14:44 +0000] "GET /robots.txt HTTP/1.1" 301 243 "-" "Mozilla/5.0 (compatible; SemrushBot-BA; +http://www.semrush.com/bot.html)"
85.208.98.23 - - [17/Jul/2025:23:17:42 +0000] "GET /robots.txt HTTP/1.1" 301 243 "-" "Mozilla/5.0 (compatible; SemrushBot-BA; +http://www.semrush.com/bot.html)"
85.208.98.23 - - [17/Jul/2025:23:17:42 +0000] "GET /robots.txt HTTP/1.1" 301 247 "-" "Mozilla/5.0 (compatible; SemrushBot-BA; +http://www.semrush.com/bot.html)"
69.162.124.235 - - [17/Jul/2025:23:19:29 +0000] "HEAD / HTTP/1.1" 301 - "http://yellowleaf.co.uk" "Mozilla/5.0+(compatible; UptimeRobot/2.0; http://www.uptimerobot.com/)"
85.208.98.23 - - [17/Jul/2025:23:21:35 +0000] "GET /robots.txt HTTP/1.1" 301 247 "-" "Mozilla/5.0 (compatible; SemrushBot-BA; +http://www.semrush.com/bot.html)"
85.208.98.23 - - [17/Jul/2025:23:21:35 +0000] "GET /robots.txt HTTP/1.1" 301 243 "-" "Mozilla/5.0 (compatible; SemrushBot-BA; +http://www.semrush.com/bot.html)"
85.208.98.23 - - [17/Jul/2025:23:24:11 +0000] "GET /robots.txt HTTP/1.1" 301 247 "-" "Mozilla/5.0 (compatible; SemrushBot-BA; +http://www.semrush.com/bot.html)"
85.208.98.23 - - [17/Jul/2025:23:24:27 +0000] "GET /robots.txt HTTP/1.1" 301 243 "-" "Mozilla/5.0 (compatible; SemrushBot-BA; +http://www.semrush.com/bot.html)"
216.144.248.23 - - [17/Jul/2025:23:24:34 +0000] "HEAD / HTTP/1.1" 301 - "http://yellowleaf.co.uk" "Mozilla/5.0+(compatible; UptimeRobot/2.0; http://www.uptimerobot.com/)"
85.208.98.23 - - [17/Jul/2025:23:27:33 +0000] "GET /robots.txt HTTP/1.1" 301 247 "-" "Mozilla/5.0 (compatible; SemrushBot-BA; +http://www.semrush.com/bot.html)"
85.208.98.23 - - [17/Jul/2025:23:27:50 +0000] "GET /robots.txt HTTP/1.1" 301 247 "-" "Mozilla/5.0 (compatible; SemrushBot-BA; +http://www.semrush.com/bot.html)"
216.144.248.26 - - [17/Jul/2025:23:29:37 +0000] "HEAD / HTTP/1.1" 301 - "http://yellowleaf.co.uk" "Mozilla/5.0+(compatible; UptimeRobot/2.0; http://www.uptimerobot.com/)"
206.41.163.108 - - [17/Jul/2025:23:30:00 +0000] "GET /members/uploads/4/14447_4.jpg HTTP/1.1" 301 266 "https://www.google.com/" "Mozilla/5.0 (Windows NT 10.0; Win64; x64; rv:114.0) Gecko/20100101 Firefox/114.0"
85.208.98.23 - - [17/Jul/2025:23:32:21 +0000] "GET /robots.txt HTTP/1.1" 301 243 "-" "Mozilla/5.0 (compatible; SemrushBot-BA; +http://www.semrush.com/bot.html)"
51.68.111.203 - - [17/Jul/2025:23:32:38 +0000] "GET /robots.txt HTTP/1.1" 301 247 "-" "Mozilla/5.0 (compatible; MJ12bot/v2.0.2; http://mj12bot.com/)"
51.68.111.203 - - [17/Jul/2025:23:32:38 +0000] "GET /pages/11115-the-gap-partnership.html HTTP/1.1" 301 273 "-" "Mozilla/5.0 (compatible; MJ12bot/v2.0.2; http://mj12bot.com/)"
51.68.111.203 - - [17/Jul/2025:23:32:39 +0000] "GET /pages/17053-photos-by-abhi.html HTTP/1.1" 301 268 "-" "Mozilla/5.0 (compatible; MJ12bot/v2.0.2; http://mj12bot.com/)"
85.208.98.23 - - [17/Jul/2025:23:33:01 +0000] "GET /robots.txt HTTP/1.1" 301 243 "-" "Mozilla/5.0 (compatible; SemrushBot-BA; +http://www.semrush.com/bot.html)"
85.208.98.23 - - [17/Jul/2025:23:33:01 +0000] "GET /robots.txt HTTP/1.1" 301 247 "-" "Mozilla/5.0 (compatible; SemrushBot-BA; +http://www.semrush.com/bot.html)"
216.144.248.27 - - [17/Jul/2025:23:34:41 +0000] "HEAD / HTTP/1.1" 301 - "http://yellowleaf.co.uk" "Mozilla/5.0+(compatible; UptimeRobot/2.0; http://www.uptimerobot.com/)"
85.208.98.23 - - [17/Jul/2025:23:36:59 +0000] "GET /robots.txt HTTP/1.1" 301 243 "-" "Mozilla/5.0 (compatible; SemrushBot-BA; +http://www.semrush.com/bot.html)"
85.208.98.23 - - [17/Jul/2025:23:37:00 +0000] "GET /robots.txt HTTP/1.1" 301 247 "-" "Mozilla/5.0 (compatible; SemrushBot-BA; +http://www.semrush.com/bot.html)"
216.144.248.27 - - [17/Jul/2025:23:39:45 +0000] "HEAD / HTTP/1.1" 301 - "http://yellowleaf.co.uk" "Mozilla/5.0+(compatible; UptimeRobot/2.0; http://www.uptimerobot.com/)"
85.208.96.209 - - [17/Jul/2025:23:41:15 +0000] "GET /pages/51841-chatham-window-and-door-repairs.html HTTP/1.1" 301 285 "-" "Mozilla/5.0 (compatible; SemrushBot/7~bl; +http://www.semrush.com/bot.html)"
66.249.70.137 - - [17/Jul/2025:23:41:43 +0000] "GET /pages/1181-phoenix-motorcycle-training-barnsley-yorkshire.html HTTP/1.1" 301 299 "-" "Mozilla/5.0 (Linux; Android 6.0.1; Nexus 5X Build/MMB29P) AppleWebKit/537.36 (KHTML, like Gecko) Chrome/137.0.7151.103 Mobile Safari/537.36 (compatible; Googlebot/2.1; +http://www.google.com/bot.html)"
85.208.98.23 - - [17/Jul/2025:23:42:48 +0000] "GET /robots.txt HTTP/1.1" 301 247 "-" "Mozilla/5.0 (compatible; SemrushBot-BA; +http://www.semrush.com/bot.html)"
85.208.98.23 - - [17/Jul/2025:23:42:48 +0000] "GET /robots.txt HTTP/1.1" 301 243 "-" "Mozilla/5.0 (compatible; SemrushBot-BA; +http://www.semrush.com/bot.html)"
100.28.204.82 - - [17/Jul/2025:23:42:51 +0000] "GET /robots.txt HTTP/1.1" 301 247 "-" "Mozilla/5.0 AppleWebKit/537.36 (KHTML, like Gecko; compatible; Amazonbot/0.1; +https://developer.amazon.com/support/amazonbot) Chrome/119.0.6045.214 Safari/537.36"
44.205.120.22 - - [17/Jul/2025:23:42:55 +0000] "GET /pages/8332-baby-moments.html HTTP/1.1" 301 265 "-" "Mozilla/5.0 AppleWebKit/537.36 (KHTML, like Gecko; compatible; Amazonbot/0.1; +https://developer.amazon.com/support/amazonbot) Chrome/119.0.6045.214 Safari/537.36"
66.249.70.138 - - [17/Jul/2025:23:42:57 +0000] "GET /pages/9220-universal-motorcycle-training.html HTTP/1.1" 301 282 "-" "Mozilla/5.0 (Linux; Android 6.0.1; Nexus 5X Build/MMB29P) AppleWebKit/537.36 (KHTML, like Gecko) Chrome/137.0.7151.103 Mobile Safari/537.36 (compatible; Googlebot/2.1; +http://www.google.com/bot.html)"
85.208.98.23 - - [17/Jul/2025:23:44:03 +0000] "GET /robots.txt HTTP/1.1" 301 247 "-" "Mozilla/5.0 (compatible; SemrushBot-BA; +http://www.semrush.com/bot.html)"
85.208.98.23 - - [17/Jul/2025:23:44:03 +0000] "GET /robots.txt HTTP/1.1" 301 243 "-" "Mozilla/5.0 (compatible; SemrushBot-BA; +http://www.semrush.com/bot.html)"
66.249.70.139 - - [17/Jul/2025:23:44:13 +0000] "GET /pages/3023-turtle-tots-baby-toddler-swimming.html HTTP/1.1" 301 286 "-" "Mozilla/5.0 (Linux; Android 6.0.1; Nexus 5X Build/MMB29P) AppleWebKit/537.36 (KHTML, like Gecko) Chrome/137.0.7151.103 Mobile Safari/537.36 (compatible; Googlebot/2.1; +http://www.google.com/bot.html)"
85.208.98.23 - - [17/Jul/2025:23:44:40 +0000] "GET /robots.txt HTTP/1.1" 301 247 "-" "Mozilla/5.0 (compatible; SemrushBot-BA; +http://www.semrush.com/bot.html)"
216.144.248.26 - - [17/Jul/2025:23:44:49 +0000] "HEAD / HTTP/1.1" 301 - "http://yellowleaf.co.uk" "Mozilla/5.0+(compatible; UptimeRobot/2.0; http://www.uptimerobot.com/)"
85.208.98.23 - - [17/Jul/2025:23:44:50 +0000] "GET /robots.txt HTTP/1.1" 301 247 "-" "Mozilla/5.0 (compatible; SemrushBot-BA; +http://www.semrush.com/bot.html)"
66.249.70.139 - - [17/Jul/2025:23:45:28 +0000] "GET /pages/7056-appletree-dental-care.html HTTP/1.1" 301 274 "-" "Mozilla/5.0 (Linux; Android 6.0.1; Nexus 5X Build/MMB29P) AppleWebKit/537.36 (KHTML, like Gecko) Chrome/137.0.7151.103 Mobile Safari/537.36 (compatible; Googlebot/2.1; +http://www.google.com/bot.html)"
77.246.96.147 - - [17/Jul/2025:23:48:14 +0000] "GET /pages/41675-stl-communications-ltd.html HTTP/1.1" 301 276 "-" "Mozilla/5.0 (Windows NT 10.0; Win64; x64) AppleWebKit/537.36 (KHTML, like Gecko) Chrome/114.0.0.0 Safari/537.36"
85.208.98.23 - - [17/Jul/2025:23:48:46 +0000] "GET /robots.txt HTTP/1.1" 301 243 "-" "Mozilla/5.0 (compatible; SemrushBot-BA; +http://www.semrush.com/bot.html)"
85.208.98.23 - - [17/Jul/2025:23:48:55 +0000] "GET /robots.txt HTTP/1.1" 301 247 "-" "Mozilla/5.0 (compatible; SemrushBot-BA; +http://www.semrush.com/bot.html)"
216.144.248.18 - - [17/Jul/2025:23:49:54 +0000] "HEAD / HTTP/1.1" 301 - "http://yellowleaf.co.uk" "Mozilla/5.0+(compatible; UptimeRobot/2.0; http://www.uptimerobot.com/)"
85.208.98.23 - - [17/Jul/2025:23:50:38 +0000] "GET /robots.txt HTTP/1.1" 301 247 "-" "Mozilla/5.0 (compatible; SemrushBot-BA; +http://www.semrush.com/bot.html)"
85.208.98.23 - - [17/Jul/2025:23:50:38 +0000] "GET /robots.txt HTTP/1.1" 301 243 "-" "Mozilla/5.0 (compatible; SemrushBot-BA; +http://www.semrush.com/bot.html)"
85.208.98.23 - - [17/Jul/2025:23:50:56 +0000] "GET /robots.txt HTTP/1.1" 301 243 "-" "Mozilla/5.0 (compatible; SemrushBot-BA; +http://www.semrush.com/bot.html)"
85.208.98.23 - - [17/Jul/2025:23:50:56 +0000] "GET /robots.txt HTTP/1.1" 301 247 "-" "Mozilla/5.0 (compatible; SemrushBot-BA; +http://www.semrush.com/bot.html)"
85.208.98.23 - - [17/Jul/2025:23:51:30 +0000] "GET /robots.txt HTTP/1.1" 301 243 "-" "Mozilla/5.0 (compatible; SemrushBot-BA; +http://www.semrush.com/bot.html)"
85.208.98.23 - - [17/Jul/2025:23:51:30 +0000] "GET /robots.txt HTTP/1.1" 301 247 "-" "Mozilla/5.0 (compatible; SemrushBot-BA; +http://www.semrush.com/bot.html)"
216.144.248.21 - - [17/Jul/2025:23:54:58 +0000] "HEAD / HTTP/1.1" 301 - "http://yellowleaf.co.uk" "Mozilla/5.0+(compatible; UptimeRobot/2.0; http://www.uptimerobot.com/)"
85.208.98.23 - - [17/Jul/2025:23:56:45 +0000] "GET /robots.txt HTTP/1.1" 301 247 "-" "Mozilla/5.0 (compatible; SemrushBot-BA; +http://www.semrush.com/bot.html)"
85.208.98.23 - - [17/Jul/2025:23:56:45 +0000] "GET /robots.txt HTTP/1.1" 301 243 "-" "Mozilla/5.0 (compatible; SemrushBot-BA; +http://www.semrush.com/bot.html)"
85.208.98.23 - - [18/Jul/2025:00:00:00 +0000] "GET /robots.txt HTTP/1.1" 301 243 "-" "Mozilla/5.0 (compatible; SemrushBot-BA; +http://www.semrush.com/bot.html)"
85.208.98.23 - - [18/Jul/2025:00:00:01 +0000] "GET /robots.txt HTTP/1.1" 301 247 "-" "Mozilla/5.0 (compatible; SemrushBot-BA; +http://www.semrush.com/bot.html)"
85.208.98.23 - - [18/Jul/2025:00:00:01 +0000] "GET /robots.txt HTTP/1.1" 301 247 "-" "Mozilla/5.0 (compatible; SemrushBot-BA; +http://www.semrush.com/bot.html)"
216.144.248.22 - - [18/Jul/2025:00:00:04 +0000] "HEAD / HTTP/1.1" 301 - "http://yellowleaf.co.uk" "Mozilla/5.0+(compatible; UptimeRobot/2.0; http://www.uptimerobot.com/)"
85.208.98.23 - - [18/Jul/2025:00:00:07 +0000] "GET /robots.txt HTTP/1.1" 301 247 "-" "Mozilla/5.0 (compatible; SemrushBot-BA; +http://www.semrush.com/bot.html)"
85.208.98.23 - - [18/Jul/2025:00:00:07 +0000] "GET /robots.txt HTTP/1.1" 301 243 "-" "Mozilla/5.0 (compatible; SemrushBot-BA; +http://www.semrush.com/bot.html)"
85.208.98.23 - - [18/Jul/2025:00:00:40 +0000] "GET /robots.txt HTTP/1.1" 301 247 "-" "Mozilla/5.0 (compatible; SemrushBot-BA; +http://www.semrush.com/bot.html)"
216.144.248.26 - - [18/Jul/2025:00:05:11 +0000] "HEAD / HTTP/1.1" 301 - "http://yellowleaf.co.uk" "Mozilla/5.0+(compatible; UptimeRobot/2.0; http://www.uptimerobot.com/)"
85.208.98.23 - - [18/Jul/2025:00:05:29 +0000] "GET /robots.txt HTTP/1.1" 301 243 "-" "Mozilla/5.0 (compatible; SemrushBot-BA; +http://www.semrush.com/bot.html)"
85.208.98.23 - - [18/Jul/2025:00:05:29 +0000] "GET /robots.txt HTTP/1.1" 301 247 "-" "Mozilla/5.0 (compatible; SemrushBot-BA; +http://www.semrush.com/bot.html)"
85.208.98.23 - - [18/Jul/2025:00:05:40 +0000] "GET /robots.txt HTTP/1.1" 301 247 "-" "Mozilla/5.0 (compatible; SemrushBot-BA; +http://www.semrush.com/bot.html)"
85.208.98.23 - - [18/Jul/2025:00:05:45 +0000] "GET /robots.txt HTTP/1.1" 301 243 "-" "Mozilla/5.0 (compatible; SemrushBot-BA; +http://www.semrush.com/bot.html)"
85.208.98.23 - - [18/Jul/2025:00:05:45 +0000] "GET /robots.txt HTTP/1.1" 301 247 "-" "Mozilla/5.0 (compatible; SemrushBot-BA; +http://www.semrush.com/bot.html)"
85.208.98.23 - - [18/Jul/2025:00:05:46 +0000] "GET /robots.txt HTTP/1.1" 301 247 "-" "Mozilla/5.0 (compatible; SemrushBot-BA; +http://www.semrush.com/bot.html)"
85.208.98.23 - - [18/Jul/2025:00:09:31 +0000] "GET /robots.txt HTTP/1.1" 301 247 "-" "Mozilla/5.0 (compatible; SemrushBot-BA; +http://www.semrush.com/bot.html)"
85.208.98.23 - - [18/Jul/2025:00:09:31 +0000] "GET /robots.txt HTTP/1.1" 301 243 "-" "Mozilla/5.0 (compatible; SemrushBot-BA; +http://www.semrush.com/bot.html)"
216.144.248.29 - - [18/Jul/2025:00:10:15 +0000] "HEAD / HTTP/1.1" 301 - "http://yellowleaf.co.uk" "Mozilla/5.0+(compatible; UptimeRobot/2.0; http://www.uptimerobot.com/)"
196.17.115.79 - - [18/Jul/2025:00:11:02 +0000] "GET /pages/3803-brightlocal.html HTTP/1.1" 301 264 "-" "Mozilla/5.0 (Macintosh; Intel Mac OS X 10_13_4) AppleWebKit/605.1.15 (KHTML, like Gecko) Version/11.1 Safari/605.1.15"
46.44.51.32 - - [18/Jul/2025:00:11:12 +0000] "GET / HTTP/1.0" 301 233 "http://yellowleaf.co.uk/" "Mozilla/5.0 (Windows NT 10.0; Win64; x64) AppleWebKit/537.36 (KHTML, like Gecko) Chrome/130.0.0.0 Safari/537.36 CCleaner/130.0.0.0"
51.68.111.215 - - [18/Jul/2025:00:12:01 +0000] "GET /robots.txt HTTP/1.1" 301 247 "-" "Mozilla/5.0 (compatible; MJ12bot/v2.0.2; http://mj12bot.com/)"
51.68.111.215 - - [18/Jul/2025:00:12:01 +0000] "GET / HTTP/1.1" 301 237 "-" "Mozilla/5.0 (compatible; MJ12bot/v2.0.2; http://mj12bot.com/)"
66.249.70.138 - - [18/Jul/2025:00:12:40 +0000] "GET /ads.txt HTTP/1.1" 301 244 "-" "Mozilla/5.0 (compatible; Googlebot/2.1; +http://www.google.com/bot.html)"
147.185.132.187 - - [18/Jul/2025:00:13:41 +0000] "GET / HTTP/1.1" 301 233 "-" "Hello from Palo Alto Networks, find out more about our scans in https://docs-cortex.paloaltonetworks.com/r/1/Cortex-Xpanse/Scanning-activity"
147.185.132.187 - - [18/Jul/2025:00:13:41 +0000] "\x16\x03\x01" 403 - "-" "-"
147.185.132.187 - - [18/Jul/2025:00:13:41 +0000] "\x16\x03\x01" 403 - "-" "-"
66.249.70.137 - - [18/Jul/2025:00:13:55 +0000] "GET /pages/11457-coppelia-antique-clocks-ltd.html HTTP/1.1" 301 281 "-" "Mozilla/5.0 (Linux; Android 6.0.1; Nexus 5X Build/MMB29P) AppleWebKit/537.36 (KHTML, like Gecko) Chrome/137.0.7151.103 Mobile Safari/537.36 (compatible; Googlebot/2.1; +http://www.google.com/bot.html)"
85.208.98.23 - - [18/Jul/2025:00:14:53 +0000] "GET /robots.txt HTTP/1.1" 301 247 "-" "Mozilla/5.0 (compatible; SemrushBot-BA; +http://www.semrush.com/bot.html)"
216.144.248.26 - - [18/Jul/2025:00:15:19 +0000] "HEAD / HTTP/1.1" 301 - "http://yellowleaf.co.uk" "Mozilla/5.0+(compatible; UptimeRobot/2.0; http://www.uptimerobot.com/)"
204.76.203.219 - - [18/Jul/2025:00:15:23 +0000] "GET / HTTP/1.1" 301 233 "-" "Mozilla/5.0 (Windows NT 10.0; Win64; x64) AppleWebKit/537.36 (KHTML, like Gecko) Chrome/90.0.4430.85 Safari/537.36 Edg/90.0.818.46"
196.18.158.77 - - [18/Jul/2025:00:15:55 +0000] "GET /pages/11588-the-beauty-academy-london-kings-cross.html HTTP/1.1" 301 291 "-" "Mozilla/5.0 (Macintosh; Intel Mac OS X 10_12_4) AppleWebKit/603.1.30 (KHTML, like Gecko) Version/10.1 Safari/603.1.30"
66.249.70.138 - - [18/Jul/2025:00:16:26 +0000] "GET /pages/8743-denbigh-building-plastics-dbp-ltd.html HTTP/1.1" 301 286 "-" "Mozilla/5.0 (Linux; Android 6.0.1; Nexus 5X Build/MMB29P) AppleWebKit/537.36 (KHTML, like Gecko) Chrome/137.0.7151.103 Mobile Safari/537.36 (compatible; Googlebot/2.1; +http://www.google.com/bot.html)"
85.208.98.23 - - [18/Jul/2025:00:16:26 +0000] "GET /robots.txt HTTP/1.1" 301 243 "-" "Mozilla/5.0 (compatible; SemrushBot-BA; +http://www.semrush.com/bot.html)"
85.208.98.23 - - [18/Jul/2025:00:16:26 +0000] "GET /robots.txt HTTP/1.1" 301 247 "-" "Mozilla/5.0 (compatible; SemrushBot-BA; +http://www.semrush.com/bot.html)"
66.249.70.138 - - [18/Jul/2025:00:17:41 +0000] "GET /pages/11520-hiq-network-tyres.html HTTP/1.1" 301 271 "-" "Mozilla/5.0 (Linux; Android 6.0.1; Nexus 5X Build/MMB29P) AppleWebKit/537.36 (KHTML, like Gecko) Chrome/137.0.7151.103 Mobile Safari/537.36 (compatible; Googlebot/2.1; +http://www.google.com/bot.html)"
66.249.70.137 - - [18/Jul/2025:00:18:57 +0000] "GET /pages/3861-perfect-smile-spa.html HTTP/1.1" 301 270 "-" "Mozilla/5.0 (Linux; Android 6.0.1; Nexus 5X Build/MMB29P) AppleWebKit/537.36 (KHTML, like Gecko) Chrome/137.0.7151.103 Mobile Safari/537.36 (compatible; Googlebot/2.1; +http://www.google.com/bot.html)"
192.142.53.108 - - [18/Jul/2025:00:19:01 +0000] "GET / HTTP/1.1" 301 233 "-" "Mozilla/5.0 (iPhone14,3; U; CPU iPhone OS 15_0 like Mac OS X) AppleWebKit/602.1.50 (KHTML, like Gecko) Version/10.0 Mobile/19A346 Safari/602.1"
43.166.242.189 - - [18/Jul/2025:00:19:23 +0000] "GET / HTTP/1.1" 301 230 "-" "Mozilla/5.0 (iPhone; CPU iPhone OS 13_2_3 like Mac OS X) AppleWebKit/605.1.15 (KHTML, like Gecko) Version/13.0.3 Mobile/15E148 Safari/604.1"
114.132.95.63 - - [18/Jul/2025:00:20:11 +0000] "GET / HTTP/1.1" 301 233 "-" "Mozilla/5.0 (iPhone; CPU iPhone OS 13_2_3 like Mac OS X) AppleWebKit/605.1.15 (KHTML, like Gecko) Version/13.0.3 Mobile/15E148 Safari/604.1"
66.249.70.137 - - [18/Jul/2025:00:20:12 +0000] "GET /pages/8743-denbigh-building-plastics-dbp-ltd.html HTTP/1.1" 301 286 "-" "Mozilla/5.0 (Linux; Android 6.0.1; Nexus 5X Build/MMB29P) AppleWebKit/537.36 (KHTML, like Gecko) Chrome/137.0.7151.103 Mobile Safari/537.36 (compatible; GoogleOther)"
216.144.248.19 - - [18/Jul/2025:00:20:23 +0000] "HEAD / HTTP/1.1" 301 - "http://yellowleaf.co.uk" "Mozilla/5.0+(compatible; UptimeRobot/2.0; http://www.uptimerobot.com/)"
85.208.98.23 - - [18/Jul/2025:00:20:46 +0000] "GET /robots.txt HTTP/1.1" 301 243 "-" "Mozilla/5.0 (compatible; SemrushBot-BA; +http://www.semrush.com/bot.html)"
85.208.98.23 - - [18/Jul/2025:00:20:46 +0000] "GET /robots.txt HTTP/1.1" 301 247 "-" "Mozilla/5.0 (compatible; SemrushBot-BA; +http://www.semrush.com/bot.html)"
85.208.98.23 - - [18/Jul/2025:00:22:14 +0000] "GET /robots.txt HTTP/1.1" 301 247 "-" "Mozilla/5.0 (compatible; SemrushBot-BA; +http://www.semrush.com/bot.html)"
91.72.204.113 - - [18/Jul/2025:00:24:40 +0000] "GET /wp-login.php HTTP/1.1" 301 249 "-" "Mozilla/5.0 (Windows NT 10.0; WOW64; Trident/7.0; rv:11.0) like Gecko"
91.72.204.113 - - [18/Jul/2025:00:24:40 +0000] "GET /xmlrpc.php HTTP/1.1" 301 247 "-" "Mozilla/5.0 (Windows NT 10.0; WOW64; Trident/7.0; rv:11.0) like Gecko"
85.208.98.23 - - [18/Jul/2025:00:24:47 +0000] "GET /robots.txt HTTP/1.1" 301 247 "-" "Mozilla/5.0 (compatible; SemrushBot-BA; +http://www.semrush.com/bot.html)"
216.144.248.30 - - [18/Jul/2025:00:25:27 +0000] "HEAD / HTTP/1.1" 301 - "http://yellowleaf.co.uk" "Mozilla/5.0+(compatible; UptimeRobot/2.0; http://www.uptimerobot.com/)"
85.208.98.22 - - [18/Jul/2025:00:26:01 +0000] "GET /pages/16339-cobie-vetcare.html HTTP/1.1" 301 267 "-" "Mozilla/5.0 (compatible; SemrushBot-BA; +http://www.semrush.com/bot.html)"
185.218.84.46 - - [18/Jul/2025:00:26:09 +0000] "GET / HTTP/1.1" 301 233 "-" "Mozilla/5.0"
85.208.98.23 - - [18/Jul/2025:00:27:06 +0000] "GET /robots.txt HTTP/1.1" 301 243 "-" "Mozilla/5.0 (compatible; SemrushBot-BA; +http://www.semrush.com/bot.html)"
216.144.248.29 - - [18/Jul/2025:00:30:31 +0000] "HEAD / HTTP/1.1" 301 - "http://yellowleaf.co.uk" "Mozilla/5.0+(compatible; UptimeRobot/2.0; http://www.uptimerobot.com/)"
85.208.98.23 - - [18/Jul/2025:00:30:34 +0000] "GET /robots.txt HTTP/1.1" 301 247 "-" "Mozilla/5.0 (compatible; SemrushBot-BA; +http://www.semrush.com/bot.html)"
85.208.98.23 - - [18/Jul/2025:00:31:26 +0000] "GET /robots.txt HTTP/1.1" 301 247 "-" "Mozilla/5.0 (compatible; SemrushBot-BA; +http://www.semrush.com/bot.html)"
162.55.224.233 - - [18/Jul/2025:00:33:38 +0000] "GET /support/ HTTP/1.0" 301 241 "-" "Mozilla/5.0 (Windows NT 6.3; Win64; x64) AppleWebKit/537.36 (KHTML, like Gecko) Chrome/75.0.3770.100 Safari/537.36"
216.144.248.21 - - [18/Jul/2025:00:35:37 +0000] "HEAD / HTTP/1.1" 301 - "http://yellowleaf.co.uk" "Mozilla/5.0+(compatible; UptimeRobot/2.0; http://www.uptimerobot.com/)"
35.173.236.178 - - [18/Jul/2025:00:39:47 +0000] "GET /robots.txt HTTP/1.1" 301 247 "https://www.google.com/" "Mozilla/5.0 (Windows NT 10.0; Win64; x64; rv:136.0) Gecko/20100101 Firefox/136.0"
35.173.236.178 - - [18/Jul/2025:00:39:47 +0000] "GET /pages/27844-htl-group.html HTTP/1.1" 301 263 "https://www.google.com/" "Mozilla/5.0 (X11; Linux x86_64; rv:137.0) Gecko/20100101 Firefox/137.0"
216.144.248.18 - - [18/Jul/2025:00:40:41 +0000] "HEAD / HTTP/1.1" 301 - "http://yellowleaf.co.uk" "Mozilla/5.0+(compatible; UptimeRobot/2.0; http://www.uptimerobot.com/)"
66.249.70.137 - - [18/Jul/2025:00:41:36 +0000] "GET /pages/8007-ck-kitchens-design.html HTTP/1.1" 301 271 "-" "Mozilla/5.0 (Linux; Android 6.0.1; Nexus 5X Build/MMB29P) AppleWebKit/537.36 (KHTML, like Gecko) Chrome/137.0.7151.103 Mobile Safari/537.36 (compatible; Googlebot/2.1; +http://www.google.com/bot.html)"
35.173.236.178 - - [18/Jul/2025:00:41:56 +0000] "GET /pages/27844-htl-group.html HTTP/1.1" 301 263 "https://www.google.com/" "Mozilla/5.0 (Macintosh; Intel Mac OS X 10_15_7) AppleWebKit/537.36 (KHTML, like Gecko) Chrome/135.0.0.0 Safari/537.36"
85.208.98.23 - - [18/Jul/2025:00:42:30 +0000] "GET /robots.txt HTTP/1.1" 301 247 "-" "Mozilla/5.0 (compatible; SemrushBot-BA; +http://www.semrush.com/bot.html)"
66.249.70.138 - - [18/Jul/2025:00:42:51 +0000] "GET /pages/1429-glampooch-grooming-salon.html HTTP/1.1" 301 277 "-" "Mozilla/5.0 (Linux; Android 6.0.1; Nexus 5X Build/MMB29P) AppleWebKit/537.36 (KHTML, like Gecko) Chrome/137.0.7151.103 Mobile Safari/537.36 (compatible; Googlebot/2.1; +http://www.google.com/bot.html)"
66.249.70.139 - - [18/Jul/2025:00:44:07 +0000] "GET /pages/10054-pickaposy-florist.html HTTP/1.1" 301 271 "-" "Mozilla/5.0 (Linux; Android 6.0.1; Nexus 5X Build/MMB29P) AppleWebKit/537.36 (KHTML, like Gecko) Chrome/137.0.7151.103 Mobile Safari/537.36 (compatible; Googlebot/2.1; +http://www.google.com/bot.html)"
51.68.111.214 - - [18/Jul/2025:00:45:13 +0000] "GET /pages/11115-the-gap-partnership.html HTTP/1.1" 301 273 "-" "Mozilla/5.0 (compatible; MJ12bot/v2.0.2; http://mj12bot.com/)"
51.68.111.214 - - [18/Jul/2025:00:45:13 +0000] "GET /pages/17053-photos-by-abhi.html HTTP/1.1" 301 268 "-" "Mozilla/5.0 (compatible; MJ12bot/v2.0.2; http://mj12bot.com/)"
51.68.111.214 - - [18/Jul/2025:00:45:14 +0000] "GET /pages/27750-stickershop.html HTTP/1.1" 301 265 "-" "Mozilla/5.0 (compatible; MJ12bot/v2.0.2; http://mj12bot.com/)"
66.249.70.139 - - [18/Jul/2025:00:45:23 +0000] "GET /pages/20547-franns-althealth-shop.html HTTP/1.1" 301 275 "-" "Mozilla/5.0 (Linux; Android 6.0.1; Nexus 5X Build/MMB29P) AppleWebKit/537.36 (KHTML, like Gecko) Chrome/137.0.7151.103 Mobile Safari/537.36 (compatible; Googlebot/2.1; +http://www.google.com/bot.html)"
35.173.236.178 - - [18/Jul/2025:00:45:23 +0000] "GET /pages/27844-htl-group.html HTTP/1.1" 301 263 "https://www.google.com/" "Mozilla/5.0 (X11; Linux x86_64; rv:137.0) Gecko/20100101 Firefox/137.0"
216.144.248.28 - - [18/Jul/2025:00:45:46 +0000] "HEAD / HTTP/1.1" 301 - "http://yellowleaf.co.uk" "Mozilla/5.0+(compatible; UptimeRobot/2.0; http://www.uptimerobot.com/)"
66.249.70.137 - - [18/Jul/2025:00:46:38 +0000] "GET /pages/2949-beds-unlimited.html HTTP/1.1" 301 267 "-" "Mozilla/5.0 (Linux; Android 6.0.1; Nexus 5X Build/MMB29P) AppleWebKit/537.36 (KHTML, like Gecko) Chrome/137.0.7151.103 Mobile Safari/537.36 (compatible; Googlebot/2.1; +http://www.google.com/bot.html)"
35.173.236.178 - - [18/Jul/2025:00:48:42 +0000] "GET /pages/27844-htl-group.html HTTP/1.1" 301 263 "https://www.google.com/" "Mozilla/5.0 (X11; Linux x86_64; rv:137.0) Gecko/20100101 Firefox/137.0"
69.162.124.238 - - [18/Jul/2025:00:50:50 +0000] "HEAD / HTTP/1.1" 301 - "http://yellowleaf.co.uk" "Mozilla/5.0+(compatible; UptimeRobot/2.0; http://www.uptimerobot.com/)"
59.88.128.38 - - [18/Jul/2025:00:53:24 +0000] "POST /GponForm/diag_Form?images/ HTTP/1.1" 301 255 "-" "Hello, World"
216.144.248.24 - - [18/Jul/2025:00:55:56 +0000] "HEAD / HTTP/1.1" 301 - "http://yellowleaf.co.uk" "Mozilla/5.0+(compatible; UptimeRobot/2.0; http://www.uptimerobot.com/)"
101.198.0.150 - - [18/Jul/2025:00:56:02 +0000] "\x16\x03\x01\x01;\x01" 403 - "-" "-"
101.198.0.180 - - [18/Jul/2025:00:56:04 +0000] "GET / HTTP/1.1" 301 244 "-" "Mozilla/5.0 (Macintosh; Intel Mac OS X 10_15_7) AppleWebKit/537.36 (KHTML, like Gecko) Chrome/120.0.0.0 Safari/537.36 Edg/120.0.0.0"
101.198.0.156 - - [18/Jul/2025:00:56:32 +0000] "GET /favicon.ico HTTP/1.1" 301 255 "-" "Mozilla/5.0 (Macintosh; Intel Mac OS X 10_7_0) AppleWebKit/535.11 (KHTML, like Gecko) Chrome/17.0.963.56 Safari/535.11"
101.198.0.189 - - [18/Jul/2025:00:56:40 +0000] "GET /robots.txt HTTP/1.1" 301 254 "-" "Mozilla/5.0 (Macintosh; Intel Mac OS X 10_7_0) AppleWebKit/535.11 (KHTML, like Gecko) Chrome/17.0.963.56 Safari/535.11"
101.198.0.182 - - [18/Jul/2025:00:56:48 +0000] "GET /sitemap.xml HTTP/1.1" 301 255 "-" "Mozilla/5.0 (Macintosh; Intel Mac OS X 10_7_0) AppleWebKit/535.11 (KHTML, like Gecko) Chrome/17.0.963.56 Safari/535.11"
101.198.0.181 - - [18/Jul/2025:00:57:07 +0000] "GET /config.json HTTP/1.1" 301 255 "-" "Mozilla/5.0 (Macintosh; Intel Mac OS X 10_7_0) AppleWebKit/535.11 (KHTML, like Gecko) Chrome/17.0.963.56 Safari/535.11"
138.197.13.50 - - [18/Jul/2025:00:57:34 +0000] "GET / HTTP/1.1" 301 237 "-" "Mozilla/5.0 (X11; Linux x86_64) AppleWebKit/537.36 (KHTML, like Gecko) Chrome/137.0.0.0 Safari/537.36"
138.197.13.50 - - [18/Jul/2025:00:57:34 +0000] "GET /favicon.ico HTTP/1.1" 301 248 "http://ns2.yellowleaf.co.uk/" "Mozilla/5.0 (X11; Linux x86_64) AppleWebKit/537.36 (KHTML, like Gecko) Chrome/137.0.0.0 Safari/537.36"
69.162.124.235 - - [18/Jul/2025:01:01:01 +0000] "HEAD / HTTP/1.1" 301 - "http://yellowleaf.co.uk" "Mozilla/5.0+(compatible; UptimeRobot/2.0; http://www.uptimerobot.com/)"
85.208.98.23 - - [18/Jul/2025:01:01:06 +0000] "GET /robots.txt HTTP/1.1" 301 247 "-" "Mozilla/5.0 (compatible; SemrushBot-BA; +http://www.semrush.com/bot.html)"
198.235.24.39 - - [18/Jul/2025:01:01:41 +0000] "\x16\x03\x01" 403 - "-" "-"
198.235.24.39 - - [18/Jul/2025:01:01:41 +0000] "\x16\x03\x01" 403 - "-" "-"
75.127.12.182 - - [18/Jul/2025:01:04:36 +0000] "GET /wp-login.php HTTP/1.1" 301 245 "-" "Mozilla/5.0"
216.144.248.24 - - [18/Jul/2025:01:06:05 +0000] "HEAD / HTTP/1.1" 301 - "http://yellowleaf.co.uk" "Mozilla/5.0+(compatible; UptimeRobot/2.0; http://www.uptimerobot.com/)"
136.244.71.21 - - [18/Jul/2025:01:07:53 +0000] "GET /pages/28033-the-implant-studio.html HTTP/1.1" 301 272 "-" "Mozilla/5.0 (Windows NT 10.0; WOW64) AppleWebKit/537.36 (KHTML, like Gecko) Chrome/51.0.2704.103 Safari/537.36"
136.244.71.21 - - [18/Jul/2025:01:07:53 +0000] "GET /pages/28033-the-implant-studio.html HTTP/1.1" 301 272 "-" "Mozilla/5.0 (Windows NT 10.0; WOW64) AppleWebKit/537.36 (KHTML, like Gecko) Chrome/51.0.2704.103 Safari/537.36"
185.240.93.200 - - [18/Jul/2025:01:10:50 +0000] "GET /pages/22003-cheap-coventry-removals.html HTTP/1.1" 301 277 "-" "Mozilla/5.0 (Windows NT 10.0; Win64; x64) AppleWebKit/537.36 (KHTML, like Gecko) Chrome/114.0.0.0 Safari/537.36 Vivaldi/5.3.2679.68"
180.163.220.111 - - [18/Jul/2025:01:11:01 +0000] "\x16\x03\x01\x01;\x01" 403 - "-" "-"
180.163.220.52 - - [18/Jul/2025:01:11:06 +0000] "GET / HTTP/1.1" 301 244 "-" "Mozilla/5.0 (Macintosh; Intel Mac OS X 10_15_7) AppleWebKit/537.36 (KHTML, like Gecko) Chrome/120.0.0.0 Safari/537.36 Edg/120.0.0.0"
216.245.221.83 - - [18/Jul/2025:01:11:09 +0000] "HEAD / HTTP/1.1" 301 - "http://yellowleaf.co.uk" "Mozilla/5.0+(compatible; UptimeRobot/2.0; http://www.uptimerobot.com/)"
180.163.220.100 - - [18/Jul/2025:01:11:36 +0000] "GET /favicon.ico HTTP/1.1" 301 255 "-" "Mozilla/5.0 (Macintosh; Intel Mac OS X 10_7_0) AppleWebKit/535.11 (KHTML, like Gecko) Chrome/17.0.963.56 Safari/535.11"
66.249.70.138 - - [18/Jul/2025:01:11:42 +0000] "GET /pages/1121-greatbritaingascom.html HTTP/1.1" 301 271 "-" "Mozilla/5.0 (Linux; Android 6.0.1; Nexus 5X Build/MMB29P) AppleWebKit/537.36 (KHTML, like Gecko) Chrome/137.0.7151.103 Mobile Safari/537.36 (compatible; Googlebot/2.1; +http://www.google.com/bot.html)"
180.163.220.112 - - [18/Jul/2025:01:11:51 +0000] "GET /robots.txt HTTP/1.1" 301 254 "-" "Mozilla/5.0 (Macintosh; Intel Mac OS X 10_7_0) AppleWebKit/535.11 (KHTML, like Gecko) Chrome/17.0.963.56 Safari/535.11"
180.163.220.41 - - [18/Jul/2025:01:12:03 +0000] "GET /sitemap.xml HTTP/1.1" 301 255 "-" "Mozilla/5.0 (Macintosh; Intel Mac OS X 10_7_0) AppleWebKit/535.11 (KHTML, like Gecko) Chrome/17.0.963.56 Safari/535.11"
180.163.220.95 - - [18/Jul/2025:01:12:28 +0000] "GET /config.json HTTP/1.1" 301 255 "-" "Mozilla/5.0 (Macintosh; Intel Mac OS X 10_7_0) AppleWebKit/535.11 (KHTML, like Gecko) Chrome/17.0.963.56 Safari/535.11"
84.32.85.0 - - [18/Jul/2025:01:12:50 +0000] "GET /members/uploads/3/8385_3.png HTTP/1.1" 301 265 "https://www.google.com/" "Mozilla/5.0 (X11; Ubuntu; Linux x86_64; rv:72.0) Gecko/20100101 Firefox/72.0"
66.249.70.138 - - [18/Jul/2025:01:12:59 +0000] "GET /pages/4468-big-on-driver-training.html HTTP/1.1" 301 275 "-" "Mozilla/5.0 (Linux; Android 6.0.1; Nexus 5X Build/MMB29P) AppleWebKit/537.36 (KHTML, like Gecko) Chrome/137.0.7151.103 Mobile Safari/537.36 (compatible; Googlebot/2.1; +http://www.google.com/bot.html)"
46.105.42.96 - - [18/Jul/2025:01:13:52 +0000] "GET /robots.txt HTTP/1.1" 301 247 "-" "Mozilla/5.0 (compatible; MJ12bot/v2.0.2; http://mj12bot.com/)"
46.105.42.96 - - [18/Jul/2025:01:13:52 +0000] "GET / HTTP/1.1" 301 237 "-" "Mozilla/5.0 (compatible; MJ12bot/v2.0.2; http://mj12bot.com/)"
66.249.70.137 - - [18/Jul/2025:01:14:15 +0000] "GET /pages/2873-shoes2adore.html HTTP/1.1" 301 264 "-" "Mozilla/5.0 (Linux; Android 6.0.1; Nexus 5X Build/MMB29P) AppleWebKit/537.36 (KHTML, like Gecko) Chrome/137.0.7151.103 Mobile Safari/537.36 (compatible; Googlebot/2.1; +http://www.google.com/bot.html)"
66.249.70.137 - - [18/Jul/2025:01:15:30 +0000] "GET /pages/13767-mistermarble.html HTTP/1.1" 301 266 "-" "Mozilla/5.0 (Linux; Android 6.0.1; Nexus 5X Build/MMB29P) AppleWebKit/537.36 (KHTML, like Gecko) Chrome/137.0.7151.103 Mobile Safari/537.36 (compatible; Googlebot/2.1; +http://www.google.com/bot.html)"
85.208.98.23 - - [18/Jul/2025:01:15:52 +0000] "GET /robots.txt HTTP/1.1" 301 243 "-" "Mozilla/5.0 (compatible; SemrushBot-BA; +http://www.semrush.com/bot.html)"
85.208.98.23 - - [18/Jul/2025:01:15:52 +0000] "GET /robots.txt HTTP/1.1" 301 247 "-" "Mozilla/5.0 (compatible; SemrushBot-BA; +http://www.semrush.com/bot.html)"
216.144.248.18 - - [18/Jul/2025:01:16:15 +0000] "HEAD / HTTP/1.1" 301 - "http://yellowleaf.co.uk" "Mozilla/5.0+(compatible; UptimeRobot/2.0; http://www.uptimerobot.com/)"
66.249.70.137 - - [18/Jul/2025:01:16:46 +0000] "GET /pages/1352-lockbox-portsmouth.html HTTP/1.1" 301 271 "-" "Mozilla/5.0 (Linux; Android 6.0.1; Nexus 5X Build/MMB29P) AppleWebKit/537.36 (KHTML, like Gecko) Chrome/137.0.7151.103 Mobile Safari/537.36 (compatible; Googlebot/2.1; +http://www.google.com/bot.html)"
85.208.98.23 - - [18/Jul/2025:01:18:08 +0000] "GET /robots.txt HTTP/1.1" 301 247 "-" "Mozilla/5.0 (compatible; SemrushBot-BA; +http://www.semrush.com/bot.html)"
85.208.98.23 - - [18/Jul/2025:01:18:08 +0000] "GET /robots.txt HTTP/1.1" 301 243 "-" "Mozilla/5.0 (compatible; SemrushBot-BA; +http://www.semrush.com/bot.html)"
85.208.98.23 - - [18/Jul/2025:01:19:46 +0000] "GET /robots.txt HTTP/1.1" 301 243 "-" "Mozilla/5.0 (compatible; SemrushBot-BA; +http://www.semrush.com/bot.html)"
85.208.98.23 - - [18/Jul/2025:01:19:46 +0000] "GET /robots.txt HTTP/1.1" 301 247 "-" "Mozilla/5.0 (compatible; SemrushBot-BA; +http://www.semrush.com/bot.html)"
216.144.248.18 - - [18/Jul/2025:01:21:19 +0000] "HEAD / HTTP/1.1" 301 - "http://yellowleaf.co.uk" "Mozilla/5.0+(compatible; UptimeRobot/2.0; http://www.uptimerobot.com/)"
85.208.98.23 - - [18/Jul/2025:01:23:28 +0000] "GET /robots.txt HTTP/1.1" 301 243 "-" "Mozilla/5.0 (compatible; SemrushBot-BA; +http://www.semrush.com/bot.html)"
85.208.98.23 - - [18/Jul/2025:01:23:28 +0000] "GET /robots.txt HTTP/1.1" 301 247 "-" "Mozilla/5.0 (compatible; SemrushBot-BA; +http://www.semrush.com/bot.html)"
85.208.98.23 - - [18/Jul/2025:01:23:54 +0000] "GET /robots.txt HTTP/1.1" 301 243 "-" "Mozilla/5.0 (compatible; SemrushBot-BA; +http://www.semrush.com/bot.html)"
85.208.98.23 - - [18/Jul/2025:01:23:54 +0000] "GET /robots.txt HTTP/1.1" 301 247 "-" "Mozilla/5.0 (compatible; SemrushBot-BA; +http://www.semrush.com/bot.html)"
85.208.98.23 - - [18/Jul/2025:01:26:17 +0000] "GET /robots.txt HTTP/1.1" 301 247 "-" "Mozilla/5.0 (compatible; SemrushBot-BA; +http://www.semrush.com/bot.html)"
85.208.98.23 - - [18/Jul/2025:01:26:17 +0000] "GET /robots.txt HTTP/1.1" 301 243 "-" "Mozilla/5.0 (compatible; SemrushBot-BA; +http://www.semrush.com/bot.html)"
216.144.248.19 - - [18/Jul/2025:01:26:23 +0000] "HEAD / HTTP/1.1" 301 - "http://yellowleaf.co.uk" "Mozilla/5.0+(compatible; UptimeRobot/2.0; http://www.uptimerobot.com/)"
192.3.49.250 - - [18/Jul/2025:01:29:40 +0000] "GET /members/uploads/1/2198_1.jpg HTTP/1.1" 301 265 "https://www.google.com/" "Mozilla/5.0 (Macintosh; Intel Mac OS X 10_15_7) AppleWebKit/605.1.15 (KHTML, like Gecko) Version/14.0.3 Safari/605.1.15"
136.244.71.21 - - [18/Jul/2025:01:30:25 +0000] "GET /pages/21867-spy-equipment-uk.html HTTP/1.1" 301 270 "-" "Mozilla/5.0 (Windows NT 10.0; WOW64) AppleWebKit/537.36 (KHTML, like Gecko) Chrome/51.0.2704.103 Safari/537.36"
85.208.98.23 - - [18/Jul/2025:01:30:33 +0000] "GET /robots.txt HTTP/1.1" 301 247 "-" "Mozilla/5.0 (compatible; SemrushBot-BA; +http://www.semrush.com/bot.html)"
216.144.248.30 - - [18/Jul/2025:01:31:27 +0000] "HEAD / HTTP/1.1" 301 - "http://yellowleaf.co.uk" "Mozilla/5.0+(compatible; UptimeRobot/2.0; http://www.uptimerobot.com/)"
84.32.212.43 - - [18/Jul/2025:01:32:35 +0000] "GET /members/uploads/3/12274_3.jpg HTTP/1.1" 301 266 "https://www.google.com/" "Mozilla/5.0 (X11; Ubuntu; Linux x86_64; rv:72.0) Gecko/20100101 Firefox/72.0"
85.208.98.23 - - [18/Jul/2025:01:33:20 +0000] "GET /robots.txt HTTP/1.1" 301 247 "-" "Mozilla/5.0 (compatible; SemrushBot-BA; +http://www.semrush.com/bot.html)"
85.208.98.23 - - [18/Jul/2025:01:33:20 +0000] "GET /robots.txt HTTP/1.1" 301 243 "-" "Mozilla/5.0 (compatible; SemrushBot-BA; +http://www.semrush.com/bot.html)"
49.51.52.250 - - [18/Jul/2025:01:33:39 +0000] "GET / HTTP/1.1" 301 237 "-" "Mozilla/5.0 (iPhone; CPU iPhone OS 13_2_3 like Mac OS X) AppleWebKit/605.1.15 (KHTML, like Gecko) Version/13.0.3 Mobile/15E148 Safari/604.1"
185.191.171.14 - - [18/Jul/2025:01:34:14 +0000] "GET /pages/48374-billericay-door-and-window-repairs.html HTTP/1.1" 301 288 "-" "Mozilla/5.0 (compatible; SemrushBot/7~bl; +http://www.semrush.com/bot.html)"
198.235.24.219 - - [18/Jul/2025:01:35:03 +0000] "GET / HTTP/1.1" 301 238 "-" "Hello from Palo Alto Networks, find out more about our scans in https://docs-cortex.paloaltonetworks.com/r/1/Cortex-Xpanse/Scanning-activity"
85.208.98.23 - - [18/Jul/2025:01:35:05 +0000] "GET /robots.txt HTTP/1.1" 301 247 "-" "Mozilla/5.0 (compatible; SemrushBot-BA; +http://www.semrush.com/bot.html)"
85.208.98.23 - - [18/Jul/2025:01:35:05 +0000] "GET /robots.txt HTTP/1.1" 301 243 "-" "Mozilla/5.0 (compatible; SemrushBot-BA; +http://www.semrush.com/bot.html)"
216.144.248.26 - - [18/Jul/2025:01:36:32 +0000] "HEAD / HTTP/1.1" 301 - "http://yellowleaf.co.uk" "Mozilla/5.0+(compatible; UptimeRobot/2.0; http://www.uptimerobot.com/)"
85.208.98.23 - - [18/Jul/2025:01:36:50 +0000] "GET /robots.txt HTTP/1.1" 301 247 "-" "Mozilla/5.0 (compatible; SemrushBot-BA; +http://www.semrush.com/bot.html)"
85.208.98.23 - - [18/Jul/2025:01:36:50 +0000] "GET /robots.txt HTTP/1.1" 301 243 "-" "Mozilla/5.0 (compatible; SemrushBot-BA; +http://www.semrush.com/bot.html)"
85.208.98.23 - - [18/Jul/2025:01:38:22 +0000] "GET /robots.txt HTTP/1.1" 301 247 "-" "Mozilla/5.0 (compatible; SemrushBot-BA; +http://www.semrush.com/bot.html)"
66.249.70.138 - - [18/Jul/2025:01:38:32 +0000] "GET /pages/1416-brayley-honda-enfield.html HTTP/1.1" 301 274 "-" "Mozilla/5.0 (Linux; Android 6.0.1; Nexus 5X Build/MMB29P) AppleWebKit/537.36 (KHTML, like Gecko) Chrome/137.0.7151.103 Mobile Safari/537.36 (compatible; Googlebot/2.1; +http://www.google.com/bot.html)"
